{"id":731405,"date":"2026-06-28T00:00:00","date_gmt":"2026-06-28T00:00:00","guid":{"rendered":""},"modified":"2026-06-28T21:30:42","modified_gmt":"2026-06-28T19:30:42","slug":"49993001-fr_BE","status":"publish","type":"product","link":"https:\/\/www.moensmeubelen.be\/fr\/produit\/49993001-fr_BE\/","title":{"rendered":"Tineo, divan &#8211; droite"},"content":{"rendered":"<p>Laissez-vous surprendre par cet \u00e9l\u00e9ment divan droite ; un compl\u00e9ment moderne \u00e0 votre canap\u00e9 minimaliste TINEO. Cet \u00e9l\u00e9ment divan droite est assez bas par le sol et est ador\u00e9 pour son design doux et organique. Vous choisissez le rev\u00eatement en fonction de votre style et de vos go\u00fbts ; TINEO est disponible dans de nombreux tissus et coloris. Comme ce divan droite est recouvert de tous les c\u00f4t\u00e9s, vous pouvez le placer n\\&#8217;importe o\u00f9 dans votre espace. TINEO est disponible en deux hauteurs d\\&#8217;assise et en deux types de confort. D\u00e9couvrez \u00e9galement tous les autres \u00e9l\u00e9ments de la s\u00e9rie TINEO !<\/p>\n","protected":false},"excerpt":{"rendered":"<p>Tineo, divan &#8211; droite<\/p>\n","protected":false},"featured_media":1003578,"comment_status":"open","ping_status":"open","template":"","meta":{"_relevanssi_hide_post":"","_relevanssi_hide_content":"","_relevanssi_pin_for_all":"","_relevanssi_pin_keywords":"","_relevanssi_unpin_keywords":"","_relevanssi_related_keywords":"","_relevanssi_related_include_ids":"","_relevanssi_related_exclude_ids":"","_relevanssi_related_no_append":"","_relevanssi_related_not_related":"","_relevanssi_related_posts":"","_relevanssi_noindex_reason":""},"product_brand":[],"product_cat":[1374,1333],"product_tag":[],"class_list":["post-731405","product","type-product","status-publish","has-post-thumbnail","product_cat-zetels_fr_BE","product_cat-zitmeubels_sets_zitmeubels_fr_BE","first","onbackorder","sale","taxable","shipping-taxable","purchasable","product-type-simple"],"_links":{"self":[{"href":"https:\/\/www.moensmeubelen.be\/fr\/wp-json\/wp\/v2\/product\/731405","targetHints":{"allow":["GET"]}}],"collection":[{"href":"https:\/\/www.moensmeubelen.be\/fr\/wp-json\/wp\/v2\/product"}],"about":[{"href":"https:\/\/www.moensmeubelen.be\/fr\/wp-json\/wp\/v2\/types\/product"}],"replies":[{"embeddable":true,"href":"https:\/\/www.moensmeubelen.be\/fr\/wp-json\/wp\/v2\/comments?post=731405"}],"wp:featuredmedia":[{"embeddable":true,"href":"https:\/\/www.moensmeubelen.be\/fr\/wp-json\/wp\/v2\/media\/1003578"}],"wp:attachment":[{"href":"https:\/\/www.moensmeubelen.be\/fr\/wp-json\/wp\/v2\/media?parent=731405"}],"wp:term":[{"taxonomy":"product_brand","embeddable":true,"href":"https:\/\/www.moensmeubelen.be\/fr\/wp-json\/wp\/v2\/product_brand?post=731405"},{"taxonomy":"product_cat","embeddable":true,"href":"https:\/\/www.moensmeubelen.be\/fr\/wp-json\/wp\/v2\/product_cat?post=731405"},{"taxonomy":"product_tag","embeddable":true,"href":"https:\/\/www.moensmeubelen.be\/fr\/wp-json\/wp\/v2\/product_tag?post=731405"}],"curies":[{"name":"wp","href":"https:\/\/api.w.org\/{rel}","templated":true}]}}

<p>Laissez-vous surprendre par cet élément divan droite ; un complément moderne à votre canapé minimaliste TINEO. Cet élément divan droite est assez bas par le sol et est adoré pour son design doux et organique. Vous choisissez le revêtement en fonction de votre style et de vos goûts ; TINEO est disponible dans de nombreux tissus et coloris. Comme ce divan droite est recouvert de tous les côtés, vous pouvez le placer n\&#8217;importe où dans votre espace. TINEO est disponible en deux hauteurs d\&#8217;assise et en deux types de confort. Découvrez également tous les autres éléments de la série TINEO !</p>
