{"id":731663,"date":"2026-06-28T00:00:00","date_gmt":"2026-06-28T00:00:00","guid":{"rendered":""},"modified":"2026-08-11T11:37:20","modified_gmt":"2026-08-11T09:37:20","slug":"50050TER-fr_BE","status":"publish","type":"product","link":"https:\/\/www.moensmeubelen.be\/fr\/produit\/50050TER-fr_BE\/","title":{"rendered":"Liv vase H44cm &#8211; Terracotta"},"content":{"rendered":"<p>Ce magnifique vase LIV de <strong>COCO<\/strong>maison a tout pour devenir un grand classique. Le jeu de lignes d\u00e9coratif \u00e0 l\\&#8217;ext\u00e9rieur, la subtile couleur terracotta et la finition mate chic rendent ce vase tout sauf ennuyeux. En outre, avec une hauteur de 44 cm et un diam\u00e8tre de 21 cm, il a la taille parfaite pour un bouquet champ\u00eatre. Il trouve aussi bien sa place dans un int\u00e9rieur classique que moderne ou authentique et ne lasse jamais. Si vous voulez qu\\&#8217;il attire vraiment le regard, associez-le au vase LIV plus petit et plus clair et disposez-y quelques belles branches (artificielles).<\/p>\n","protected":false},"excerpt":{"rendered":"<p>Liv vase H44cm &#8211; Terracotta<\/p>\n","protected":false},"featured_media":1003645,"comment_status":"open","ping_status":"open","template":"","meta":{"_relevanssi_hide_post":"","_relevanssi_hide_content":"","_relevanssi_pin_for_all":"","_relevanssi_pin_keywords":"","_relevanssi_unpin_keywords":"","_relevanssi_related_keywords":"","_relevanssi_related_include_ids":"","_relevanssi_related_exclude_ids":"","_relevanssi_related_no_append":"","_relevanssi_related_not_related":"","_relevanssi_related_posts":"","_relevanssi_noindex_reason":""},"product_brand":[],"product_cat":[1990],"product_tag":[],"class_list":["post-731663","product","type-product","status-publish","has-post-thumbnail","product_cat-vazen_fr_BE","first","onbackorder","taxable","shipping-taxable","purchasable","product-type-simple"],"_links":{"self":[{"href":"https:\/\/www.moensmeubelen.be\/fr\/wp-json\/wp\/v2\/product\/731663","targetHints":{"allow":["GET"]}}],"collection":[{"href":"https:\/\/www.moensmeubelen.be\/fr\/wp-json\/wp\/v2\/product"}],"about":[{"href":"https:\/\/www.moensmeubelen.be\/fr\/wp-json\/wp\/v2\/types\/product"}],"replies":[{"embeddable":true,"href":"https:\/\/www.moensmeubelen.be\/fr\/wp-json\/wp\/v2\/comments?post=731663"}],"wp:featuredmedia":[{"embeddable":true,"href":"https:\/\/www.moensmeubelen.be\/fr\/wp-json\/wp\/v2\/media\/1003645"}],"wp:attachment":[{"href":"https:\/\/www.moensmeubelen.be\/fr\/wp-json\/wp\/v2\/media?parent=731663"}],"wp:term":[{"taxonomy":"product_brand","embeddable":true,"href":"https:\/\/www.moensmeubelen.be\/fr\/wp-json\/wp\/v2\/product_brand?post=731663"},{"taxonomy":"product_cat","embeddable":true,"href":"https:\/\/www.moensmeubelen.be\/fr\/wp-json\/wp\/v2\/product_cat?post=731663"},{"taxonomy":"product_tag","embeddable":true,"href":"https:\/\/www.moensmeubelen.be\/fr\/wp-json\/wp\/v2\/product_tag?post=731663"}],"curies":[{"name":"wp","href":"https:\/\/api.w.org\/{rel}","templated":true}]}}

<p>Ce magnifique vase LIV de <strong>COCO</strong>maison a tout pour devenir un grand classique. Le jeu de lignes décoratif à l\&#8217;extérieur, la subtile couleur terracotta et la finition mate chic rendent ce vase tout sauf ennuyeux. En outre, avec une hauteur de 44 cm et un diamètre de 21 cm, il a la taille parfaite pour un bouquet champêtre. Il trouve aussi bien sa place dans un intérieur classique que moderne ou authentique et ne lasse jamais. Si vous voulez qu\&#8217;il attire vraiment le regard, associez-le au vase LIV plus petit et plus clair et disposez-y quelques belles branches (artificielles).</p>
