{"id":731683,"date":"2026-06-28T00:00:00","date_gmt":"2026-06-28T00:00:00","guid":{"rendered":""},"modified":"2026-08-11T11:37:13","modified_gmt":"2026-08-11T09:37:13","slug":"50052MCL-fr_BE","status":"publish","type":"product","link":"https:\/\/www.moensmeubelen.be\/fr\/produit\/50052MCL-fr_BE\/","title":{"rendered":"Saar pot H21,5cm &#8211; Multicouleur"},"content":{"rendered":"<p>Rien de tel que le cache-pot SAAR pour apporter une touche sp\u00e9ciale dans votre maison. Fabriqu\u00e9 en c\u00e9ramique, ce cache-pot imperm\u00e9able est \u00e9maill\u00e9 de \\&#8217;piquants\\&#8217; amusants \u00e0 l\\&#8217;ext\u00e9rieur. Ce motif irr\u00e9gulier et le d\u00e9grad\u00e9 de couleurs sur la couche de vernis conf\u00e8rent un style artisanal au pot. Ce qui n\\&#8217;est pas si d\u00e9nu\u00e9 de sens, car finalement, c\\&#8217;est la cuisson dans le four \u00e0 c\u00e9ramique qui d\u00e9termine l\\&#8217;apparence du pot. Chaque pot SAAR est donc r\u00e9ellement unique\u00a0! Celui-ci mesure 22 cm de haut, mais notre collection <strong>COCO<\/strong>maison en propose un autre de 19 cm.<\/p>\n","protected":false},"excerpt":{"rendered":"<p>Saar pot H21,5cm &#8211; Multicouleur<\/p>\n","protected":false},"featured_media":1003657,"comment_status":"open","ping_status":"open","template":"","meta":{"_relevanssi_hide_post":"","_relevanssi_hide_content":"","_relevanssi_pin_for_all":"","_relevanssi_pin_keywords":"","_relevanssi_unpin_keywords":"","_relevanssi_related_keywords":"","_relevanssi_related_include_ids":"","_relevanssi_related_exclude_ids":"","_relevanssi_related_no_append":"","_relevanssi_related_not_related":"","_relevanssi_related_posts":"","_relevanssi_noindex_reason":""},"product_brand":[],"product_cat":[24133],"product_tag":[],"class_list":["post-731683","product","type-product","status-publish","has-post-thumbnail","product_cat-Bloempot_fr_BE","first","onbackorder","taxable","shipping-taxable","purchasable","product-type-simple"],"_links":{"self":[{"href":"https:\/\/www.moensmeubelen.be\/fr\/wp-json\/wp\/v2\/product\/731683","targetHints":{"allow":["GET"]}}],"collection":[{"href":"https:\/\/www.moensmeubelen.be\/fr\/wp-json\/wp\/v2\/product"}],"about":[{"href":"https:\/\/www.moensmeubelen.be\/fr\/wp-json\/wp\/v2\/types\/product"}],"replies":[{"embeddable":true,"href":"https:\/\/www.moensmeubelen.be\/fr\/wp-json\/wp\/v2\/comments?post=731683"}],"wp:featuredmedia":[{"embeddable":true,"href":"https:\/\/www.moensmeubelen.be\/fr\/wp-json\/wp\/v2\/media\/1003657"}],"wp:attachment":[{"href":"https:\/\/www.moensmeubelen.be\/fr\/wp-json\/wp\/v2\/media?parent=731683"}],"wp:term":[{"taxonomy":"product_brand","embeddable":true,"href":"https:\/\/www.moensmeubelen.be\/fr\/wp-json\/wp\/v2\/product_brand?post=731683"},{"taxonomy":"product_cat","embeddable":true,"href":"https:\/\/www.moensmeubelen.be\/fr\/wp-json\/wp\/v2\/product_cat?post=731683"},{"taxonomy":"product_tag","embeddable":true,"href":"https:\/\/www.moensmeubelen.be\/fr\/wp-json\/wp\/v2\/product_tag?post=731683"}],"curies":[{"name":"wp","href":"https:\/\/api.w.org\/{rel}","templated":true}]}}

<p>Rien de tel que le cache-pot SAAR pour apporter une touche spéciale dans votre maison. Fabriqué en céramique, ce cache-pot imperméable est émaillé de \&#8217;piquants\&#8217; amusants à l\&#8217;extérieur. Ce motif irrégulier et le dégradé de couleurs sur la couche de vernis confèrent un style artisanal au pot. Ce qui n\&#8217;est pas si dénué de sens, car finalement, c\&#8217;est la cuisson dans le four à céramique qui détermine l\&#8217;apparence du pot. Chaque pot SAAR est donc réellement unique ! Celui-ci mesure 22 cm de haut, mais notre collection <strong>COCO</strong>maison en propose un autre de 19 cm.</p>
