{"id":731713,"date":"2026-06-28T00:00:00","date_gmt":"2026-06-28T00:00:00","guid":{"rendered":""},"modified":"2026-06-28T21:32:47","modified_gmt":"2026-06-28T19:32:47","slug":"50055ZWA-fr_BE","status":"publish","type":"product","link":"https:\/\/www.moensmeubelen.be\/fr\/produit\/50055ZWA-fr_BE\/","title":{"rendered":"Finn saladier D39cm &#8211; Noir"},"content":{"rendered":"<p>Fan du style Wabi Sabi\u00a0? Alors, vous tomberez certainement amoureux de ce plat FINN de <strong>COCO<\/strong>maison. Fabriqu\u00e9 en c\u00e9ramique synth\u00e9tique l\u00e9g\u00e8re &#8211; la polyr\u00e9sine, il a la couleur noire du charbon de bois. Il fait 39 cm de diam\u00e8tre et affiche une texture de bois naturelle \u00e0 l\\&#8217;int\u00e9rieur. Comme bon nombre de nos produits, ce plat est polyvalent\u00a0: sa forme pure en fait un objet de d\u00e9co, mais il fait aussi tr\u00e8s bien l\\&#8217;affaire comme plat \u00e0 fruits. Vous voulez qu\\&#8217;il passe encore moins inaper\u00e7u\u00a0? Combinez-le \u00e0 un vase ou aux deux vases de cette s\u00e9rie.<\/p>\n","protected":false},"excerpt":{"rendered":"<p>Finn saladier D39cm &#8211; Noir<\/p>\n","protected":false},"featured_media":1003669,"comment_status":"open","ping_status":"open","template":"","meta":{"_relevanssi_hide_post":"","_relevanssi_hide_content":"","_relevanssi_pin_for_all":"","_relevanssi_pin_keywords":"","_relevanssi_unpin_keywords":"","_relevanssi_related_keywords":"","_relevanssi_related_include_ids":"","_relevanssi_related_exclude_ids":"","_relevanssi_related_no_append":"","_relevanssi_related_not_related":"","_relevanssi_related_posts":"","_relevanssi_noindex_reason":""},"product_brand":[],"product_cat":[24131],"product_tag":[],"class_list":["post-731713","product","type-product","status-publish","has-post-thumbnail","product_cat-Schaal_fr_BE","first","onbackorder","taxable","shipping-taxable","purchasable","product-type-simple"],"_links":{"self":[{"href":"https:\/\/www.moensmeubelen.be\/fr\/wp-json\/wp\/v2\/product\/731713","targetHints":{"allow":["GET"]}}],"collection":[{"href":"https:\/\/www.moensmeubelen.be\/fr\/wp-json\/wp\/v2\/product"}],"about":[{"href":"https:\/\/www.moensmeubelen.be\/fr\/wp-json\/wp\/v2\/types\/product"}],"replies":[{"embeddable":true,"href":"https:\/\/www.moensmeubelen.be\/fr\/wp-json\/wp\/v2\/comments?post=731713"}],"wp:featuredmedia":[{"embeddable":true,"href":"https:\/\/www.moensmeubelen.be\/fr\/wp-json\/wp\/v2\/media\/1003669"}],"wp:attachment":[{"href":"https:\/\/www.moensmeubelen.be\/fr\/wp-json\/wp\/v2\/media?parent=731713"}],"wp:term":[{"taxonomy":"product_brand","embeddable":true,"href":"https:\/\/www.moensmeubelen.be\/fr\/wp-json\/wp\/v2\/product_brand?post=731713"},{"taxonomy":"product_cat","embeddable":true,"href":"https:\/\/www.moensmeubelen.be\/fr\/wp-json\/wp\/v2\/product_cat?post=731713"},{"taxonomy":"product_tag","embeddable":true,"href":"https:\/\/www.moensmeubelen.be\/fr\/wp-json\/wp\/v2\/product_tag?post=731713"}],"curies":[{"name":"wp","href":"https:\/\/api.w.org\/{rel}","templated":true}]}}

<p>Fan du style Wabi Sabi ? Alors, vous tomberez certainement amoureux de ce plat FINN de <strong>COCO</strong>maison. Fabriqué en céramique synthétique légère &#8211; la polyrésine, il a la couleur noire du charbon de bois. Il fait 39 cm de diamètre et affiche une texture de bois naturelle à l\&#8217;intérieur. Comme bon nombre de nos produits, ce plat est polyvalent : sa forme pure en fait un objet de déco, mais il fait aussi très bien l\&#8217;affaire comme plat à fruits. Vous voulez qu\&#8217;il passe encore moins inaperçu ? Combinez-le à un vase ou aux deux vases de cette série.</p>
