{"id":731743,"date":"2026-06-28T00:00:00","date_gmt":"2026-06-28T00:00:00","guid":{"rendered":""},"modified":"2026-08-11T11:37:03","modified_gmt":"2026-08-11T09:37:03","slug":"50058ZWA-fr_BE","status":"publish","type":"product","link":"https:\/\/www.moensmeubelen.be\/fr\/produit\/50058ZWA-fr_BE\/","title":{"rendered":"Adam plateau D38,5cm &#8211; Noir"},"content":{"rendered":"<p>Comme le dit la citation, toutes les bonnes choses viennent par trois. Et c\\&#8217;est aussi le cas pour le set ADAM de <strong>COCO<\/strong>maison. ADAM se compose de deux vases hauts et d\\&#8217;un plat assorti, fabriqu\u00e9s en polyr\u00e9sine. Ce plat fait 39 cm de diam\u00e8tre. L\\&#8217;int\u00e9rieur comme l\\&#8217;ext\u00e9rieur ont une impression 3D et semblent ainsi \u00eatre tress\u00e9s. Les nuances de couleurs conf\u00e8rent une apparence tr\u00e8s r\u00e9aliste \u00e0 cette impression. Mais contrairement au vrai tressage, ce plat est imprem\u00e9able, vous pouvez donc y poser toutes sortes de choses.<\/p>\n","protected":false},"excerpt":{"rendered":"<p>Adam plateau D38,5cm &#8211; Noir<\/p>\n","protected":false},"featured_media":1003727,"comment_status":"open","ping_status":"open","template":"","meta":{"_relevanssi_hide_post":"","_relevanssi_hide_content":"","_relevanssi_pin_for_all":"","_relevanssi_pin_keywords":"","_relevanssi_unpin_keywords":"","_relevanssi_related_keywords":"","_relevanssi_related_include_ids":"","_relevanssi_related_exclude_ids":"","_relevanssi_related_no_append":"","_relevanssi_related_not_related":"","_relevanssi_related_posts":"","_relevanssi_noindex_reason":""},"product_brand":[],"product_cat":[24131],"product_tag":[],"class_list":["post-731743","product","type-product","status-publish","has-post-thumbnail","product_cat-Schaal_fr_BE","first","onbackorder","taxable","shipping-taxable","purchasable","product-type-simple"],"_links":{"self":[{"href":"https:\/\/www.moensmeubelen.be\/fr\/wp-json\/wp\/v2\/product\/731743","targetHints":{"allow":["GET"]}}],"collection":[{"href":"https:\/\/www.moensmeubelen.be\/fr\/wp-json\/wp\/v2\/product"}],"about":[{"href":"https:\/\/www.moensmeubelen.be\/fr\/wp-json\/wp\/v2\/types\/product"}],"replies":[{"embeddable":true,"href":"https:\/\/www.moensmeubelen.be\/fr\/wp-json\/wp\/v2\/comments?post=731743"}],"wp:featuredmedia":[{"embeddable":true,"href":"https:\/\/www.moensmeubelen.be\/fr\/wp-json\/wp\/v2\/media\/1003727"}],"wp:attachment":[{"href":"https:\/\/www.moensmeubelen.be\/fr\/wp-json\/wp\/v2\/media?parent=731743"}],"wp:term":[{"taxonomy":"product_brand","embeddable":true,"href":"https:\/\/www.moensmeubelen.be\/fr\/wp-json\/wp\/v2\/product_brand?post=731743"},{"taxonomy":"product_cat","embeddable":true,"href":"https:\/\/www.moensmeubelen.be\/fr\/wp-json\/wp\/v2\/product_cat?post=731743"},{"taxonomy":"product_tag","embeddable":true,"href":"https:\/\/www.moensmeubelen.be\/fr\/wp-json\/wp\/v2\/product_tag?post=731743"}],"curies":[{"name":"wp","href":"https:\/\/api.w.org\/{rel}","templated":true}]}}

<p>Comme le dit la citation, toutes les bonnes choses viennent par trois. Et c\&#8217;est aussi le cas pour le set ADAM de <strong>COCO</strong>maison. ADAM se compose de deux vases hauts et d\&#8217;un plat assorti, fabriqués en polyrésine. Ce plat fait 39 cm de diamètre. L\&#8217;intérieur comme l\&#8217;extérieur ont une impression 3D et semblent ainsi être tressés. Les nuances de couleurs confèrent une apparence très réaliste à cette impression. Mais contrairement au vrai tressage, ce plat est impreméable, vous pouvez donc y poser toutes sortes de choses.</p>
