{"id":732099,"date":"2026-06-28T00:00:00","date_gmt":"2026-06-28T00:00:00","guid":{"rendered":"https:\/\/new.moensmeubelen.be\/product\/50119grn-fr_be\/"},"modified":"2026-06-28T21:34:39","modified_gmt":"2026-06-28T19:34:39","slug":"50119GRN-fr_BE","status":"publish","type":"product","link":"https:\/\/www.moensmeubelen.be\/fr\/produit\/50119GRN-fr_BE\/","title":{"rendered":"Olive Tree H150cm plante artificielle &#8211; Vert"},"content":{"rendered":"<p>Il est parfois difficile d\\&#8217;habiller un coin perdu dans la maison. Trop petit pour une armoire ou une chaise, trop sombre pour une plante naturelle&#8230; Alors, pourquoi ne pas choisir une belle grande plante artificielle comme cet OLIVE TREE de <strong>COCO<\/strong>maison ? Cette plante de 150 cm de haut porte des olives noires. Elle vous transportera imm\u00e9diatement dans l\\&#8217;ambiance m\u00e9diterran\u00e9enne. OLIVE TREE existe aussi dans une taille plus grande, de 180 cm de haut. Dimensions du pot : diam\u00e8tre 17 cm \/ hauteur 14,5 cm.<\/p>\n","protected":false},"excerpt":{"rendered":"<p>Olive Tree H150cm plante artificielle &#8211; Vert<\/p>\n","protected":false},"featured_media":1003793,"comment_status":"open","ping_status":"open","template":"","meta":{"_relevanssi_hide_post":"","_relevanssi_hide_content":"","_relevanssi_pin_for_all":"","_relevanssi_pin_keywords":"","_relevanssi_unpin_keywords":"","_relevanssi_related_keywords":"","_relevanssi_related_include_ids":"","_relevanssi_related_exclude_ids":"","_relevanssi_related_no_append":"","_relevanssi_related_not_related":"","_relevanssi_related_posts":"","_relevanssi_noindex_reason":""},"product_brand":[],"product_cat":[24127],"product_tag":[],"class_list":["post-732099","product","type-product","status-publish","has-post-thumbnail","product_cat-Planten_fr_BE","first","onbackorder","taxable","shipping-taxable","purchasable","product-type-simple"],"_links":{"self":[{"href":"https:\/\/www.moensmeubelen.be\/fr\/wp-json\/wp\/v2\/product\/732099","targetHints":{"allow":["GET"]}}],"collection":[{"href":"https:\/\/www.moensmeubelen.be\/fr\/wp-json\/wp\/v2\/product"}],"about":[{"href":"https:\/\/www.moensmeubelen.be\/fr\/wp-json\/wp\/v2\/types\/product"}],"replies":[{"embeddable":true,"href":"https:\/\/www.moensmeubelen.be\/fr\/wp-json\/wp\/v2\/comments?post=732099"}],"wp:featuredmedia":[{"embeddable":true,"href":"https:\/\/www.moensmeubelen.be\/fr\/wp-json\/wp\/v2\/media\/1003793"}],"wp:attachment":[{"href":"https:\/\/www.moensmeubelen.be\/fr\/wp-json\/wp\/v2\/media?parent=732099"}],"wp:term":[{"taxonomy":"product_brand","embeddable":true,"href":"https:\/\/www.moensmeubelen.be\/fr\/wp-json\/wp\/v2\/product_brand?post=732099"},{"taxonomy":"product_cat","embeddable":true,"href":"https:\/\/www.moensmeubelen.be\/fr\/wp-json\/wp\/v2\/product_cat?post=732099"},{"taxonomy":"product_tag","embeddable":true,"href":"https:\/\/www.moensmeubelen.be\/fr\/wp-json\/wp\/v2\/product_tag?post=732099"}],"curies":[{"name":"wp","href":"https:\/\/api.w.org\/{rel}","templated":true}]}}

<p>Il est parfois difficile d\&#8217;habiller un coin perdu dans la maison. Trop petit pour une armoire ou une chaise, trop sombre pour une plante naturelle&#8230; Alors, pourquoi ne pas choisir une belle grande plante artificielle comme cet OLIVE TREE de <strong>COCO</strong>maison ? Cette plante de 150 cm de haut porte des olives noires. Elle vous transportera immédiatement dans l\&#8217;ambiance méditerranéenne. OLIVE TREE existe aussi dans une taille plus grande, de 180 cm de haut. Dimensions du pot : diamètre 17 cm / hauteur 14,5 cm.</p>
