{"id":732395,"date":"2026-06-28T00:00:00","date_gmt":"2026-06-28T00:00:00","guid":{"rendered":""},"modified":"2026-08-11T11:35:35","modified_gmt":"2026-08-11T09:35:35","slug":"50152ZWA-fr_BE","status":"publish","type":"product","link":"https:\/\/www.moensmeubelen.be\/fr\/produit\/50152ZWA-fr_BE\/","title":{"rendered":"Philou photophore H26,5cm &#8211; Noir"},"content":{"rendered":"<p>Les soir\u00e9es d\\&#8217;\u00e9t\u00e9 \u00e9touffantes exigent un \u00e9clairage d\\&#8217;ambiance. Pourquoi pas avec ce photophore PHILOU de <strong>COCO<\/strong>maison\u00a0? Ce photophore est fabriqu\u00e9 en bambou solide noir dot\u00e9 d\\&#8217;un cylindre en verre \u00e0 l\\&#8217;int\u00e9rieur afin de maintenir la bougie stable. PHILOU se d\u00e9cline en deux formats\u00a0: cette variante avec une hauteur et un diam\u00e8tre de 27 cm et une plus grande de 70 cm de haut de 36 cm de diam\u00e8tre. Si vous avez assez de place, combinez les deux. Si par contre, vous n\\&#8217;avez ni jardin ni balcon, vous pouvez aussi en profiter \u00e0 l\\&#8217;int\u00e9rieur\u00a0!<\/p>\n","protected":false},"excerpt":{"rendered":"<p>Philou photophore H26,5cm &#8211; Noir<\/p>\n","protected":false},"featured_media":1003913,"comment_status":"open","ping_status":"open","template":"","meta":{"_relevanssi_hide_post":"","_relevanssi_hide_content":"","_relevanssi_pin_for_all":"","_relevanssi_pin_keywords":"","_relevanssi_unpin_keywords":"","_relevanssi_related_keywords":"","_relevanssi_related_include_ids":"","_relevanssi_related_exclude_ids":"","_relevanssi_related_no_append":"","_relevanssi_related_not_related":"","_relevanssi_related_posts":"","_relevanssi_noindex_reason":""},"product_brand":[],"product_cat":[24135],"product_tag":[],"class_list":["post-732395","product","type-product","status-publish","has-post-thumbnail","product_cat-Beeld_fr_BE","first","onbackorder","taxable","shipping-taxable","purchasable","product-type-simple"],"_links":{"self":[{"href":"https:\/\/www.moensmeubelen.be\/fr\/wp-json\/wp\/v2\/product\/732395","targetHints":{"allow":["GET"]}}],"collection":[{"href":"https:\/\/www.moensmeubelen.be\/fr\/wp-json\/wp\/v2\/product"}],"about":[{"href":"https:\/\/www.moensmeubelen.be\/fr\/wp-json\/wp\/v2\/types\/product"}],"replies":[{"embeddable":true,"href":"https:\/\/www.moensmeubelen.be\/fr\/wp-json\/wp\/v2\/comments?post=732395"}],"wp:featuredmedia":[{"embeddable":true,"href":"https:\/\/www.moensmeubelen.be\/fr\/wp-json\/wp\/v2\/media\/1003913"}],"wp:attachment":[{"href":"https:\/\/www.moensmeubelen.be\/fr\/wp-json\/wp\/v2\/media?parent=732395"}],"wp:term":[{"taxonomy":"product_brand","embeddable":true,"href":"https:\/\/www.moensmeubelen.be\/fr\/wp-json\/wp\/v2\/product_brand?post=732395"},{"taxonomy":"product_cat","embeddable":true,"href":"https:\/\/www.moensmeubelen.be\/fr\/wp-json\/wp\/v2\/product_cat?post=732395"},{"taxonomy":"product_tag","embeddable":true,"href":"https:\/\/www.moensmeubelen.be\/fr\/wp-json\/wp\/v2\/product_tag?post=732395"}],"curies":[{"name":"wp","href":"https:\/\/api.w.org\/{rel}","templated":true}]}}

<p>Les soirées d\&#8217;été étouffantes exigent un éclairage d\&#8217;ambiance. Pourquoi pas avec ce photophore PHILOU de <strong>COCO</strong>maison ? Ce photophore est fabriqué en bambou solide noir doté d\&#8217;un cylindre en verre à l\&#8217;intérieur afin de maintenir la bougie stable. PHILOU se décline en deux formats : cette variante avec une hauteur et un diamètre de 27 cm et une plus grande de 70 cm de haut de 36 cm de diamètre. Si vous avez assez de place, combinez les deux. Si par contre, vous n\&#8217;avez ni jardin ni balcon, vous pouvez aussi en profiter à l\&#8217;intérieur !</p>
