{"id":732495,"date":"2026-06-28T00:00:00","date_gmt":"2026-06-28T00:00:00","guid":{"rendered":"https:\/\/new.moensmeubelen.be\/product\/50166bru-fr_be\/"},"modified":"2026-08-11T11:34:52","modified_gmt":"2026-08-11T09:34:52","slug":"50166BRU-fr_BE","status":"publish","type":"product","link":"https:\/\/www.moensmeubelen.be\/fr\/produit\/50166BRU-fr_BE\/","title":{"rendered":"June bougeoir H27cm &#8211; Brun"},"content":{"rendered":"<p>Le bougeoir JUNE de <strong>COCO<\/strong>maison ressemble \u00e0 une d\u00e9couverte arch\u00e9ologique d\\&#8217;une civilisation ancienne. Gr\u00e2ce \u00e0 son design pur et artisanal, il s\\&#8217;inscrit totalement dans les derni\u00e8res tendances en d\u00e9coration int\u00e9rieure. Il a un aspect de pierre brute et est de couleur beige clair. Ce bougeoir de 27 cm de haut est pr\u00e9vu pour trois bougies. Si vous voulez vraiment le mettre en valeur, optez pour des bougies d\\&#8217;une forme ou d\\&#8217;une couleur sp\u00e9ciale. JUNE existe aussi dans un mod\u00e8le un peu plus haut, pr\u00e9vu pour deux bougies.<\/p>\n","protected":false},"excerpt":{"rendered":"<p>June bougeoir H27cm &#8211; Brun<\/p>\n","protected":false},"featured_media":1004007,"comment_status":"open","ping_status":"open","template":"","meta":{"_relevanssi_hide_post":"","_relevanssi_hide_content":"","_relevanssi_pin_for_all":"","_relevanssi_pin_keywords":"","_relevanssi_unpin_keywords":"","_relevanssi_related_keywords":"","_relevanssi_related_include_ids":"","_relevanssi_related_exclude_ids":"","_relevanssi_related_no_append":"","_relevanssi_related_not_related":"","_relevanssi_related_posts":"","_relevanssi_noindex_reason":""},"product_brand":[],"product_cat":[24129],"product_tag":[],"class_list":["post-732495","product","type-product","status-publish","has-post-thumbnail","product_cat-Kandelaar_fr_BE","first","onbackorder","taxable","shipping-taxable","purchasable","product-type-simple"],"_links":{"self":[{"href":"https:\/\/www.moensmeubelen.be\/fr\/wp-json\/wp\/v2\/product\/732495","targetHints":{"allow":["GET"]}}],"collection":[{"href":"https:\/\/www.moensmeubelen.be\/fr\/wp-json\/wp\/v2\/product"}],"about":[{"href":"https:\/\/www.moensmeubelen.be\/fr\/wp-json\/wp\/v2\/types\/product"}],"replies":[{"embeddable":true,"href":"https:\/\/www.moensmeubelen.be\/fr\/wp-json\/wp\/v2\/comments?post=732495"}],"wp:featuredmedia":[{"embeddable":true,"href":"https:\/\/www.moensmeubelen.be\/fr\/wp-json\/wp\/v2\/media\/1004007"}],"wp:attachment":[{"href":"https:\/\/www.moensmeubelen.be\/fr\/wp-json\/wp\/v2\/media?parent=732495"}],"wp:term":[{"taxonomy":"product_brand","embeddable":true,"href":"https:\/\/www.moensmeubelen.be\/fr\/wp-json\/wp\/v2\/product_brand?post=732495"},{"taxonomy":"product_cat","embeddable":true,"href":"https:\/\/www.moensmeubelen.be\/fr\/wp-json\/wp\/v2\/product_cat?post=732495"},{"taxonomy":"product_tag","embeddable":true,"href":"https:\/\/www.moensmeubelen.be\/fr\/wp-json\/wp\/v2\/product_tag?post=732495"}],"curies":[{"name":"wp","href":"https:\/\/api.w.org\/{rel}","templated":true}]}}

<p>Le bougeoir JUNE de <strong>COCO</strong>maison ressemble à une découverte archéologique d\&#8217;une civilisation ancienne. Grâce à son design pur et artisanal, il s\&#8217;inscrit totalement dans les dernières tendances en décoration intérieure. Il a un aspect de pierre brute et est de couleur beige clair. Ce bougeoir de 27 cm de haut est prévu pour trois bougies. Si vous voulez vraiment le mettre en valeur, optez pour des bougies d\&#8217;une forme ou d\&#8217;une couleur spéciale. JUNE existe aussi dans un modèle un peu plus haut, prévu pour deux bougies.</p>
