{"id":734147,"date":"2026-06-28T00:00:00","date_gmt":"2026-06-28T00:00:00","guid":{"rendered":"https:\/\/new.moensmeubelen.be\/product\/51100cre-fr_be\/"},"modified":"2026-06-28T21:50:13","modified_gmt":"2026-06-28T19:50:13","slug":"51100CRE-fr_BE","status":"publish","type":"product","link":"https:\/\/www.moensmeubelen.be\/fr\/produit\/51100CRE-fr_BE\/","title":{"rendered":"Idas plat 35x15cm &#8211; Couleur creme"},"content":{"rendered":"<p>\u00c0 la recherche d\\&#8217;un beau plateau avec une allure luxueuse et classique ? Le plateau Idas est fabriqu\u00e9 en pierre naturelle (100% travertin) et a donc une allure chic. Le plateau mesure 35 x 15 cm et peut \u00eatre utilis\u00e9 pour tout. Allez-vous le placer dans la salle de bain, le salon, la cuisine ou la chambre \u00e0 coucher ? Astuce : Ce plateau de <strong>COCO<\/strong>maison s\\&#8217;harmonise \u00e9galement bien avec le plateau organique Ira dans le m\u00eame style.<\/p>\n","protected":false},"excerpt":{"rendered":"<p>Idas plat 35x15cm &#8211; Couleur creme<\/p>\n","protected":false},"featured_media":938923,"comment_status":"open","ping_status":"open","template":"","meta":{"_relevanssi_hide_post":"","_relevanssi_hide_content":"","_relevanssi_pin_for_all":"","_relevanssi_pin_keywords":"","_relevanssi_unpin_keywords":"","_relevanssi_related_keywords":"","_relevanssi_related_include_ids":"","_relevanssi_related_exclude_ids":"","_relevanssi_related_no_append":"","_relevanssi_related_not_related":"","_relevanssi_related_posts":"","_relevanssi_noindex_reason":""},"product_brand":[],"product_cat":[24131],"product_tag":[],"class_list":["post-734147","product","type-product","status-publish","has-post-thumbnail","product_cat-Schaal_fr_BE","first","onbackorder","taxable","shipping-taxable","purchasable","product-type-simple"],"_links":{"self":[{"href":"https:\/\/www.moensmeubelen.be\/fr\/wp-json\/wp\/v2\/product\/734147","targetHints":{"allow":["GET"]}}],"collection":[{"href":"https:\/\/www.moensmeubelen.be\/fr\/wp-json\/wp\/v2\/product"}],"about":[{"href":"https:\/\/www.moensmeubelen.be\/fr\/wp-json\/wp\/v2\/types\/product"}],"replies":[{"embeddable":true,"href":"https:\/\/www.moensmeubelen.be\/fr\/wp-json\/wp\/v2\/comments?post=734147"}],"wp:featuredmedia":[{"embeddable":true,"href":"https:\/\/www.moensmeubelen.be\/fr\/wp-json\/wp\/v2\/media\/938923"}],"wp:attachment":[{"href":"https:\/\/www.moensmeubelen.be\/fr\/wp-json\/wp\/v2\/media?parent=734147"}],"wp:term":[{"taxonomy":"product_brand","embeddable":true,"href":"https:\/\/www.moensmeubelen.be\/fr\/wp-json\/wp\/v2\/product_brand?post=734147"},{"taxonomy":"product_cat","embeddable":true,"href":"https:\/\/www.moensmeubelen.be\/fr\/wp-json\/wp\/v2\/product_cat?post=734147"},{"taxonomy":"product_tag","embeddable":true,"href":"https:\/\/www.moensmeubelen.be\/fr\/wp-json\/wp\/v2\/product_tag?post=734147"}],"curies":[{"name":"wp","href":"https:\/\/api.w.org\/{rel}","templated":true}]}}

<p>À la recherche d\&#8217;un beau plateau avec une allure luxueuse et classique ? Le plateau Idas est fabriqué en pierre naturelle (100% travertin) et a donc une allure chic. Le plateau mesure 35 x 15 cm et peut être utilisé pour tout. Allez-vous le placer dans la salle de bain, le salon, la cuisine ou la chambre à coucher ? Astuce : Ce plateau de <strong>COCO</strong>maison s\&#8217;harmonise également bien avec le plateau organique Ira dans le même style.</p>
