{"id":734159,"date":"2026-06-28T00:00:00","date_gmt":"2026-06-28T00:00:00","guid":{"rendered":""},"modified":"2026-06-28T21:50:21","modified_gmt":"2026-06-28T19:50:21","slug":"51113BEI-fr_BE","status":"publish","type":"product","link":"https:\/\/www.moensmeubelen.be\/fr\/produit\/51113BEI-fr_BE\/","title":{"rendered":"Teddy coussin 45x45cm &#8211; beige"},"content":{"rendered":"<p>Le coussin Teddy de <strong>COCO<\/strong>maison est litt\u00e9ralement aussi doux qu\\&#8217;un ours en peluche ! Ce joli coussin de 45 x 45 cm est dot\u00e9 d\\&#8217;un tissu boucl\u00e9 doux \u00e0 l\\&#8217;avant et d\\&#8217;un tissu lisse avec un bel \u00e9clat \u00e0 l\\&#8217;arri\u00e8re. La housse du coussin est fabriqu\u00e9e en 100 % polyester. Ce qui est g\u00e9nial, c\\&#8217;est que ce coussin beige est \u00e9galement disponible dans deux autres couleurs et qu\\&#8217;il existe \u00e9galement une version rectangulaire de Teddy. De cette fa\u00e7on, vous pouvez mixer et assortir \u00e0 l\\&#8217;infini avec les diff\u00e9rentes couleurs et tailles de ce coussin d\u00e9coratif.<\/p>\n","protected":false},"excerpt":{"rendered":"<p>Teddy coussin 45x45cm &#8211; beige<\/p>\n","protected":false},"featured_media":1004578,"comment_status":"open","ping_status":"open","template":"","meta":{"_relevanssi_hide_post":"","_relevanssi_hide_content":"","_relevanssi_pin_for_all":"","_relevanssi_pin_keywords":"","_relevanssi_unpin_keywords":"","_relevanssi_related_keywords":"","_relevanssi_related_include_ids":"","_relevanssi_related_exclude_ids":"","_relevanssi_related_no_append":"","_relevanssi_related_not_related":"","_relevanssi_related_posts":"","_relevanssi_noindex_reason":""},"product_brand":[],"product_cat":[24113],"product_tag":[],"class_list":["post-734159","product","type-product","status-publish","has-post-thumbnail","product_cat-Kussens_fr_BE","first","onbackorder","taxable","shipping-taxable","purchasable","product-type-simple"],"_links":{"self":[{"href":"https:\/\/www.moensmeubelen.be\/fr\/wp-json\/wp\/v2\/product\/734159","targetHints":{"allow":["GET"]}}],"collection":[{"href":"https:\/\/www.moensmeubelen.be\/fr\/wp-json\/wp\/v2\/product"}],"about":[{"href":"https:\/\/www.moensmeubelen.be\/fr\/wp-json\/wp\/v2\/types\/product"}],"replies":[{"embeddable":true,"href":"https:\/\/www.moensmeubelen.be\/fr\/wp-json\/wp\/v2\/comments?post=734159"}],"wp:featuredmedia":[{"embeddable":true,"href":"https:\/\/www.moensmeubelen.be\/fr\/wp-json\/wp\/v2\/media\/1004578"}],"wp:attachment":[{"href":"https:\/\/www.moensmeubelen.be\/fr\/wp-json\/wp\/v2\/media?parent=734159"}],"wp:term":[{"taxonomy":"product_brand","embeddable":true,"href":"https:\/\/www.moensmeubelen.be\/fr\/wp-json\/wp\/v2\/product_brand?post=734159"},{"taxonomy":"product_cat","embeddable":true,"href":"https:\/\/www.moensmeubelen.be\/fr\/wp-json\/wp\/v2\/product_cat?post=734159"},{"taxonomy":"product_tag","embeddable":true,"href":"https:\/\/www.moensmeubelen.be\/fr\/wp-json\/wp\/v2\/product_tag?post=734159"}],"curies":[{"name":"wp","href":"https:\/\/api.w.org\/{rel}","templated":true}]}}

<p>Le coussin Teddy de <strong>COCO</strong>maison est littéralement aussi doux qu\&#8217;un ours en peluche ! Ce joli coussin de 45 x 45 cm est doté d\&#8217;un tissu bouclé doux à l\&#8217;avant et d\&#8217;un tissu lisse avec un bel éclat à l\&#8217;arrière. La housse du coussin est fabriquée en 100 % polyester. Ce qui est génial, c\&#8217;est que ce coussin beige est également disponible dans deux autres couleurs et qu\&#8217;il existe également une version rectangulaire de Teddy. De cette façon, vous pouvez mixer et assortir à l\&#8217;infini avec les différentes couleurs et tailles de ce coussin décoratif.</p>
