{"id":734275,"date":"2026-06-28T00:00:00","date_gmt":"2026-06-28T00:00:00","guid":{"rendered":"https:\/\/new.moensmeubelen.be\/product\/51146grn-fr_be\/"},"modified":"2026-06-28T21:51:50","modified_gmt":"2026-06-28T19:51:50","slug":"51146GRN-fr_BE","status":"publish","type":"product","link":"https:\/\/www.moensmeubelen.be\/fr\/produit\/51146GRN-fr_BE\/","title":{"rendered":"Eucalyptus Tree plante artificielle H140cm &#8211; Vert"},"content":{"rendered":"<p>Malheureusement, peu d\\&#8217;arbres r\u00e9els peuvent survivre \u00e0 l\\&#8217;int\u00e9rieur. Vous voulez quand m\u00eame un arbre dans votre int\u00e9rieur ? Avec l\\&#8217;arbre d\\&#8217;eucalyptus de <strong>COCO<\/strong>maison, vous apportez toute la beaut\u00e9 d\\&#8217;un vrai eucalyptus \u00e0 l\\&#8217;int\u00e9rieur, mais sans les soins n\u00e9cessaires. Les feuilles de cet arbre artificiel ont une couleur vert-bleu-gris frais, lui donnant une apparence authentique. L\\&#8217;arbre est livr\u00e9 avec un pot int\u00e9rieur noir. Cet arbre d\\&#8217;eucalyptus mesure 140 cm de hauteur et environ 50 cm de largeur, mais il existe m\u00eame une version plus grande de 180 cm. Dimensions du pot : diam\u00e8tre 15 cm \/ hauteur 13,5 cm.<\/p>\n","protected":false},"excerpt":{"rendered":"<p>Eucalyptus Tree plante artificielle H140cm &#8211; Vert<\/p>\n","protected":false},"featured_media":1004644,"comment_status":"open","ping_status":"open","template":"","meta":{"_relevanssi_hide_post":"","_relevanssi_hide_content":"","_relevanssi_pin_for_all":"","_relevanssi_pin_keywords":"","_relevanssi_unpin_keywords":"","_relevanssi_related_keywords":"","_relevanssi_related_include_ids":"","_relevanssi_related_exclude_ids":"","_relevanssi_related_no_append":"","_relevanssi_related_not_related":"","_relevanssi_related_posts":"","_relevanssi_noindex_reason":""},"product_brand":[],"product_cat":[24127],"product_tag":[],"class_list":["post-734275","product","type-product","status-publish","has-post-thumbnail","product_cat-Planten_fr_BE","first","onbackorder","taxable","shipping-taxable","purchasable","product-type-simple"],"_links":{"self":[{"href":"https:\/\/www.moensmeubelen.be\/fr\/wp-json\/wp\/v2\/product\/734275","targetHints":{"allow":["GET"]}}],"collection":[{"href":"https:\/\/www.moensmeubelen.be\/fr\/wp-json\/wp\/v2\/product"}],"about":[{"href":"https:\/\/www.moensmeubelen.be\/fr\/wp-json\/wp\/v2\/types\/product"}],"replies":[{"embeddable":true,"href":"https:\/\/www.moensmeubelen.be\/fr\/wp-json\/wp\/v2\/comments?post=734275"}],"wp:featuredmedia":[{"embeddable":true,"href":"https:\/\/www.moensmeubelen.be\/fr\/wp-json\/wp\/v2\/media\/1004644"}],"wp:attachment":[{"href":"https:\/\/www.moensmeubelen.be\/fr\/wp-json\/wp\/v2\/media?parent=734275"}],"wp:term":[{"taxonomy":"product_brand","embeddable":true,"href":"https:\/\/www.moensmeubelen.be\/fr\/wp-json\/wp\/v2\/product_brand?post=734275"},{"taxonomy":"product_cat","embeddable":true,"href":"https:\/\/www.moensmeubelen.be\/fr\/wp-json\/wp\/v2\/product_cat?post=734275"},{"taxonomy":"product_tag","embeddable":true,"href":"https:\/\/www.moensmeubelen.be\/fr\/wp-json\/wp\/v2\/product_tag?post=734275"}],"curies":[{"name":"wp","href":"https:\/\/api.w.org\/{rel}","templated":true}]}}

<p>Malheureusement, peu d\&#8217;arbres réels peuvent survivre à l\&#8217;intérieur. Vous voulez quand même un arbre dans votre intérieur ? Avec l\&#8217;arbre d\&#8217;eucalyptus de <strong>COCO</strong>maison, vous apportez toute la beauté d\&#8217;un vrai eucalyptus à l\&#8217;intérieur, mais sans les soins nécessaires. Les feuilles de cet arbre artificiel ont une couleur vert-bleu-gris frais, lui donnant une apparence authentique. L\&#8217;arbre est livré avec un pot intérieur noir. Cet arbre d\&#8217;eucalyptus mesure 140 cm de hauteur et environ 50 cm de largeur, mais il existe même une version plus grande de 180 cm. Dimensions du pot : diamètre 15 cm / hauteur 13,5 cm.</p>
