{"id":734285,"date":"2026-06-28T00:00:00","date_gmt":"2026-06-28T00:00:00","guid":{"rendered":"https:\/\/new.moensmeubelen.be\/product\/51147grn-fr_be\/"},"modified":"2026-06-28T21:51:58","modified_gmt":"2026-06-28T19:51:58","slug":"51147GRN-fr_BE","status":"publish","type":"product","link":"https:\/\/www.moensmeubelen.be\/fr\/produit\/51147GRN-fr_BE\/","title":{"rendered":"Eucalyptus Tree plante artificielle H180cm &#8211; Vert"},"content":{"rendered":"<p>Un arbre est une d\u00e9claration magnifique dans un int\u00e9rieur, mais malheureusement, peu d\\&#8217;arbres conviennent \u00e0 une vie en int\u00e9rieur. Vous voulez quand m\u00eame avoir un tel grand ami \u00e0 la maison ? Alors notre arbre d\\&#8217;eucalyptus, avec ses feuilles vert-bleu-gris frais et son apparence authentique, est un bon choix ! Cet arbre artificiel a une taille impressionnante de 180 cm de haut (pot int\u00e9rieur noir inclus) et environ 55 cm de large. Il offre toute la beaut\u00e9 d\\&#8217;un v\u00e9ritable eucalyptus, mais sans les soins n\u00e9cessaires, n\\&#8217;est-ce pas id\u00e9al ? Pr\u00e9f\u00e9rez-vous une taille plus petite ? Il existe \u00e9galement une variante de 140 cm dans la collection de <strong>COCO<\/strong>maison. Dimensions du pot : diam\u00e8tre 15 cm \/ hauteur 13 cm.<\/p>\n","protected":false},"excerpt":{"rendered":"<p>Eucalyptus Tree plante artificielle H180cm &#8211; Vert<\/p>\n","protected":false},"featured_media":1004650,"comment_status":"open","ping_status":"open","template":"","meta":{"_relevanssi_hide_post":"","_relevanssi_hide_content":"","_relevanssi_pin_for_all":"","_relevanssi_pin_keywords":"","_relevanssi_unpin_keywords":"","_relevanssi_related_keywords":"","_relevanssi_related_include_ids":"","_relevanssi_related_exclude_ids":"","_relevanssi_related_no_append":"","_relevanssi_related_not_related":"","_relevanssi_related_posts":"","_relevanssi_noindex_reason":""},"product_brand":[],"product_cat":[24127],"product_tag":[],"class_list":["post-734285","product","type-product","status-publish","has-post-thumbnail","product_cat-Planten_fr_BE","first","onbackorder","taxable","shipping-taxable","purchasable","product-type-simple"],"_links":{"self":[{"href":"https:\/\/www.moensmeubelen.be\/fr\/wp-json\/wp\/v2\/product\/734285","targetHints":{"allow":["GET"]}}],"collection":[{"href":"https:\/\/www.moensmeubelen.be\/fr\/wp-json\/wp\/v2\/product"}],"about":[{"href":"https:\/\/www.moensmeubelen.be\/fr\/wp-json\/wp\/v2\/types\/product"}],"replies":[{"embeddable":true,"href":"https:\/\/www.moensmeubelen.be\/fr\/wp-json\/wp\/v2\/comments?post=734285"}],"wp:featuredmedia":[{"embeddable":true,"href":"https:\/\/www.moensmeubelen.be\/fr\/wp-json\/wp\/v2\/media\/1004650"}],"wp:attachment":[{"href":"https:\/\/www.moensmeubelen.be\/fr\/wp-json\/wp\/v2\/media?parent=734285"}],"wp:term":[{"taxonomy":"product_brand","embeddable":true,"href":"https:\/\/www.moensmeubelen.be\/fr\/wp-json\/wp\/v2\/product_brand?post=734285"},{"taxonomy":"product_cat","embeddable":true,"href":"https:\/\/www.moensmeubelen.be\/fr\/wp-json\/wp\/v2\/product_cat?post=734285"},{"taxonomy":"product_tag","embeddable":true,"href":"https:\/\/www.moensmeubelen.be\/fr\/wp-json\/wp\/v2\/product_tag?post=734285"}],"curies":[{"name":"wp","href":"https:\/\/api.w.org\/{rel}","templated":true}]}}

<p>Un arbre est une déclaration magnifique dans un intérieur, mais malheureusement, peu d\&#8217;arbres conviennent à une vie en intérieur. Vous voulez quand même avoir un tel grand ami à la maison ? Alors notre arbre d\&#8217;eucalyptus, avec ses feuilles vert-bleu-gris frais et son apparence authentique, est un bon choix ! Cet arbre artificiel a une taille impressionnante de 180 cm de haut (pot intérieur noir inclus) et environ 55 cm de large. Il offre toute la beauté d\&#8217;un véritable eucalyptus, mais sans les soins nécessaires, n\&#8217;est-ce pas idéal ? Préférez-vous une taille plus petite ? Il existe également une variante de 140 cm dans la collection de <strong>COCO</strong>maison. Dimensions du pot : diamètre 15 cm / hauteur 13 cm.</p>
