{"id":734317,"date":"2026-06-28T00:00:00","date_gmt":"2026-06-28T00:00:00","guid":{"rendered":"https:\/\/new.moensmeubelen.be\/product\/51150wit-fr_be\/"},"modified":"2026-06-28T21:52:13","modified_gmt":"2026-06-28T19:52:13","slug":"51150WIT-fr_BE","status":"publish","type":"product","link":"https:\/\/www.moensmeubelen.be\/fr\/produit\/51150WIT-fr_BE\/","title":{"rendered":"Jasmin Branch fleur artificielle H115cm &#8211; blanc"},"content":{"rendered":"<p>Le jasmin est une plante d\u00e9licieusement parfum\u00e9e et magnifique, qui diffuse une agr\u00e9able sensation estivale. Cette branche de Jasmin de <strong>COCO<\/strong>maison peut ne pas sentir aussi bon que son homonyme r\u00e9el, mais elle est certainement tout aussi belle et l\\&#8217;avantage est que cette fleur artificielle reste belle toute l\\&#8217;ann\u00e9e ! La branche mesure 115 cm de long et est disponible en deux couleurs. Cette variante pr\u00e9sente une belle couleur blanche comme base pour votre d\u00e9coration et se marie bien avec l\\&#8217;autre branche de jasmin ou l\\&#8217;une des autres belles fleurs artificielles de notre collection.<\/p>\n","protected":false},"excerpt":{"rendered":"<p>Jasmin Branch fleur artificielle H115cm &#8211; blanc<\/p>\n","protected":false},"featured_media":1004660,"comment_status":"open","ping_status":"open","template":"","meta":{"_relevanssi_hide_post":"","_relevanssi_hide_content":"","_relevanssi_pin_for_all":"","_relevanssi_pin_keywords":"","_relevanssi_unpin_keywords":"","_relevanssi_related_keywords":"","_relevanssi_related_include_ids":"","_relevanssi_related_exclude_ids":"","_relevanssi_related_no_append":"","_relevanssi_related_not_related":"","_relevanssi_related_posts":"","_relevanssi_noindex_reason":""},"product_brand":[],"product_cat":[8456],"product_tag":[],"class_list":["post-734317","product","type-product","status-publish","has-post-thumbnail","product_cat-bloemen_fr_BE","first","onbackorder","taxable","shipping-taxable","purchasable","product-type-simple"],"_links":{"self":[{"href":"https:\/\/www.moensmeubelen.be\/fr\/wp-json\/wp\/v2\/product\/734317","targetHints":{"allow":["GET"]}}],"collection":[{"href":"https:\/\/www.moensmeubelen.be\/fr\/wp-json\/wp\/v2\/product"}],"about":[{"href":"https:\/\/www.moensmeubelen.be\/fr\/wp-json\/wp\/v2\/types\/product"}],"replies":[{"embeddable":true,"href":"https:\/\/www.moensmeubelen.be\/fr\/wp-json\/wp\/v2\/comments?post=734317"}],"wp:featuredmedia":[{"embeddable":true,"href":"https:\/\/www.moensmeubelen.be\/fr\/wp-json\/wp\/v2\/media\/1004660"}],"wp:attachment":[{"href":"https:\/\/www.moensmeubelen.be\/fr\/wp-json\/wp\/v2\/media?parent=734317"}],"wp:term":[{"taxonomy":"product_brand","embeddable":true,"href":"https:\/\/www.moensmeubelen.be\/fr\/wp-json\/wp\/v2\/product_brand?post=734317"},{"taxonomy":"product_cat","embeddable":true,"href":"https:\/\/www.moensmeubelen.be\/fr\/wp-json\/wp\/v2\/product_cat?post=734317"},{"taxonomy":"product_tag","embeddable":true,"href":"https:\/\/www.moensmeubelen.be\/fr\/wp-json\/wp\/v2\/product_tag?post=734317"}],"curies":[{"name":"wp","href":"https:\/\/api.w.org\/{rel}","templated":true}]}}

<p>Le jasmin est une plante délicieusement parfumée et magnifique, qui diffuse une agréable sensation estivale. Cette branche de Jasmin de <strong>COCO</strong>maison peut ne pas sentir aussi bon que son homonyme réel, mais elle est certainement tout aussi belle et l\&#8217;avantage est que cette fleur artificielle reste belle toute l\&#8217;année ! La branche mesure 115 cm de long et est disponible en deux couleurs. Cette variante présente une belle couleur blanche comme base pour votre décoration et se marie bien avec l\&#8217;autre branche de jasmin ou l\&#8217;une des autres belles fleurs artificielles de notre collection.</p>
