{"id":734361,"date":"2026-06-28T00:00:00","date_gmt":"2026-06-28T00:00:00","guid":{"rendered":"https:\/\/new.moensmeubelen.be\/product\/51153ora-fr_be\/"},"modified":"2026-06-28T21:52:43","modified_gmt":"2026-06-28T19:52:43","slug":"51153ORA-fr_BE","status":"publish","type":"product","link":"https:\/\/www.moensmeubelen.be\/fr\/produit\/51153ORA-fr_BE\/","title":{"rendered":"Medinilla Spray fleur artificielle H110cm &#8211; Orange"},"content":{"rendered":"<p>La Medinilla est une plante d\\&#8217;int\u00e9rieur magnifique et remarquable avec de belles grappes roses suspendues. Alors que la vraie fleur de grappe fleurit pendant environ 3 \u00e0 5 mois, avec cette vaporisation de Medinilla de <strong>COCO<\/strong>maison, vous avez \u00e0 la maison un sp\u00e9cimen qui reste beau toute l\\&#8217;ann\u00e9e ! La fleur artificielle de 100 cm est d\u00e9j\u00e0 un \u00e9l\u00e9ment accrocheur en soi, mais vous pouvez \u00e9galement la combiner avec d\\&#8217;autres fleurs artificielles et l\\&#8217;int\u00e9grer dans un beau bouquet.<\/p>\n","protected":false},"excerpt":{"rendered":"<p>Medinilla Spray fleur artificielle H110cm &#8211; Orange<\/p>\n","protected":false},"featured_media":1004682,"comment_status":"open","ping_status":"open","template":"","meta":{"_relevanssi_hide_post":"","_relevanssi_hide_content":"","_relevanssi_pin_for_all":"","_relevanssi_pin_keywords":"","_relevanssi_unpin_keywords":"","_relevanssi_related_keywords":"","_relevanssi_related_include_ids":"","_relevanssi_related_exclude_ids":"","_relevanssi_related_no_append":"","_relevanssi_related_not_related":"","_relevanssi_related_posts":"","_relevanssi_noindex_reason":""},"product_brand":[],"product_cat":[8456],"product_tag":[],"class_list":["post-734361","product","type-product","status-publish","has-post-thumbnail","product_cat-bloemen_fr_BE","first","onbackorder","taxable","shipping-taxable","purchasable","product-type-simple"],"_links":{"self":[{"href":"https:\/\/www.moensmeubelen.be\/fr\/wp-json\/wp\/v2\/product\/734361","targetHints":{"allow":["GET"]}}],"collection":[{"href":"https:\/\/www.moensmeubelen.be\/fr\/wp-json\/wp\/v2\/product"}],"about":[{"href":"https:\/\/www.moensmeubelen.be\/fr\/wp-json\/wp\/v2\/types\/product"}],"replies":[{"embeddable":true,"href":"https:\/\/www.moensmeubelen.be\/fr\/wp-json\/wp\/v2\/comments?post=734361"}],"wp:featuredmedia":[{"embeddable":true,"href":"https:\/\/www.moensmeubelen.be\/fr\/wp-json\/wp\/v2\/media\/1004682"}],"wp:attachment":[{"href":"https:\/\/www.moensmeubelen.be\/fr\/wp-json\/wp\/v2\/media?parent=734361"}],"wp:term":[{"taxonomy":"product_brand","embeddable":true,"href":"https:\/\/www.moensmeubelen.be\/fr\/wp-json\/wp\/v2\/product_brand?post=734361"},{"taxonomy":"product_cat","embeddable":true,"href":"https:\/\/www.moensmeubelen.be\/fr\/wp-json\/wp\/v2\/product_cat?post=734361"},{"taxonomy":"product_tag","embeddable":true,"href":"https:\/\/www.moensmeubelen.be\/fr\/wp-json\/wp\/v2\/product_tag?post=734361"}],"curies":[{"name":"wp","href":"https:\/\/api.w.org\/{rel}","templated":true}]}}

<p>La Medinilla est une plante d\&#8217;intérieur magnifique et remarquable avec de belles grappes roses suspendues. Alors que la vraie fleur de grappe fleurit pendant environ 3 à 5 mois, avec cette vaporisation de Medinilla de <strong>COCO</strong>maison, vous avez à la maison un spécimen qui reste beau toute l\&#8217;année ! La fleur artificielle de 100 cm est déjà un élément accrocheur en soi, mais vous pouvez également la combiner avec d\&#8217;autres fleurs artificielles et l\&#8217;intégrer dans un beau bouquet.</p>
