{"id":735341,"date":"2026-06-28T00:00:00","date_gmt":"2026-06-28T00:00:00","guid":{"rendered":""},"modified":"2026-06-28T22:13:42","modified_gmt":"2026-06-28T20:13:42","slug":"51472BOR-fr_BE","status":"publish","type":"product","link":"https:\/\/www.moensmeubelen.be\/fr\/produit\/51472BOR-fr_BE\/","title":{"rendered":"Thistle spray fleur artificiel 85cm &#8211; Bordeaux"},"content":{"rendered":"<p>La fleur artificielle Thistle Spray de <strong>COCO<\/strong>maison est un ajout raffin\u00e9 et \u00e9l\u00e9gant \u00e0 votre int\u00e9rieur. Avec une hauteur de 85 cm, cette magnifique chardon de couleur bordeaux apporte un charme subtil \u00e0 chaque espace. Cette fleur artificielle est fabriqu\u00e9e en polyester et offre une apparence r\u00e9aliste. Elle reste belle pendant des ann\u00e9es sans n\u00e9cessiter d\\&#8217;entretien. La Thistle Spray est parfaite pour \u00eatre combin\u00e9e avec d\\&#8217;autres fleurs dans un bouquet, ou pour \u00eatre pr\u00e9sent\u00e9e seule dans un vase pour un look minimaliste.<\/p>\n","protected":false},"excerpt":{"rendered":"<p>Thistle spray fleur artificiel 85cm &#8211; Bordeaux<\/p>\n","protected":false},"featured_media":1005820,"comment_status":"open","ping_status":"open","template":"","meta":{"_relevanssi_hide_post":"","_relevanssi_hide_content":"","_relevanssi_pin_for_all":"","_relevanssi_pin_keywords":"","_relevanssi_unpin_keywords":"","_relevanssi_related_keywords":"","_relevanssi_related_include_ids":"","_relevanssi_related_exclude_ids":"","_relevanssi_related_no_append":"","_relevanssi_related_not_related":"","_relevanssi_related_posts":"","_relevanssi_noindex_reason":""},"product_brand":[],"product_cat":[8456],"product_tag":[],"class_list":["post-735341","product","type-product","status-publish","has-post-thumbnail","product_cat-bloemen_fr_BE","first","onbackorder","taxable","shipping-taxable","purchasable","product-type-simple"],"_links":{"self":[{"href":"https:\/\/www.moensmeubelen.be\/fr\/wp-json\/wp\/v2\/product\/735341","targetHints":{"allow":["GET"]}}],"collection":[{"href":"https:\/\/www.moensmeubelen.be\/fr\/wp-json\/wp\/v2\/product"}],"about":[{"href":"https:\/\/www.moensmeubelen.be\/fr\/wp-json\/wp\/v2\/types\/product"}],"replies":[{"embeddable":true,"href":"https:\/\/www.moensmeubelen.be\/fr\/wp-json\/wp\/v2\/comments?post=735341"}],"wp:featuredmedia":[{"embeddable":true,"href":"https:\/\/www.moensmeubelen.be\/fr\/wp-json\/wp\/v2\/media\/1005820"}],"wp:attachment":[{"href":"https:\/\/www.moensmeubelen.be\/fr\/wp-json\/wp\/v2\/media?parent=735341"}],"wp:term":[{"taxonomy":"product_brand","embeddable":true,"href":"https:\/\/www.moensmeubelen.be\/fr\/wp-json\/wp\/v2\/product_brand?post=735341"},{"taxonomy":"product_cat","embeddable":true,"href":"https:\/\/www.moensmeubelen.be\/fr\/wp-json\/wp\/v2\/product_cat?post=735341"},{"taxonomy":"product_tag","embeddable":true,"href":"https:\/\/www.moensmeubelen.be\/fr\/wp-json\/wp\/v2\/product_tag?post=735341"}],"curies":[{"name":"wp","href":"https:\/\/api.w.org\/{rel}","templated":true}]}}

<p>La fleur artificielle Thistle Spray de <strong>COCO</strong>maison est un ajout raffiné et élégant à votre intérieur. Avec une hauteur de 85 cm, cette magnifique chardon de couleur bordeaux apporte un charme subtil à chaque espace. Cette fleur artificielle est fabriquée en polyester et offre une apparence réaliste. Elle reste belle pendant des années sans nécessiter d\&#8217;entretien. La Thistle Spray est parfaite pour être combinée avec d\&#8217;autres fleurs dans un bouquet, ou pour être présentée seule dans un vase pour un look minimaliste.</p>
