{"id":737467,"date":"2026-06-28T00:00:00","date_gmt":"2026-06-28T00:00:00","guid":{"rendered":""},"modified":"2026-08-11T11:28:27","modified_gmt":"2026-08-11T09:28:27","slug":"53081GOU-fr_BE","status":"publish","type":"product","link":"https:\/\/www.moensmeubelen.be\/fr\/produit\/53081GOU-fr_BE\/","title":{"rendered":"Amy lampadaire 1*E27 &#8211; Or"},"content":{"rendered":"<p>La lampadaire Amy de <strong>COCO<\/strong>maison est un v\u00e9ritable accroche-regard qui donne \u00e0 votre int\u00e9rieur une allure raffin\u00e9e. Avec une hauteur de 165 cm et un \u00e9l\u00e9gant cadre dor\u00e9, cette lampe d\u00e9gage une pure \u00e9l\u00e9gance. Le pied en marbre offre une base solide, tandis que l\\&#8217;abat-jour en verre \\&#8221;burned ash\\&#8221; diffuse une lueur chaude et atmosph\u00e9rique. Cette lampe, adapt\u00e9e pour une ampoule 1*E27 (non incluse), est parfaite \u00e0 c\u00f4t\u00e9 du canap\u00e9. \u00c9galement disponible en lampe de table et en suspension.<\/p>\n","protected":false},"excerpt":{"rendered":"<p>Amy lampadaire 1*E27 &#8211; Or<\/p>\n","protected":false},"featured_media":1007502,"comment_status":"open","ping_status":"open","template":"","meta":{"_relevanssi_hide_post":"","_relevanssi_hide_content":"","_relevanssi_pin_for_all":"","_relevanssi_pin_keywords":"","_relevanssi_unpin_keywords":"","_relevanssi_related_keywords":"","_relevanssi_related_include_ids":"","_relevanssi_related_exclude_ids":"","_relevanssi_related_no_append":"","_relevanssi_related_not_related":"","_relevanssi_related_posts":"","_relevanssi_noindex_reason":""},"product_brand":[],"product_cat":[24105],"product_tag":[],"class_list":["post-737467","product","type-product","status-publish","has-post-thumbnail","product_cat-Vloerlamp_fr_BE","first","onbackorder","taxable","shipping-taxable","purchasable","product-type-simple"],"_links":{"self":[{"href":"https:\/\/www.moensmeubelen.be\/fr\/wp-json\/wp\/v2\/product\/737467","targetHints":{"allow":["GET"]}}],"collection":[{"href":"https:\/\/www.moensmeubelen.be\/fr\/wp-json\/wp\/v2\/product"}],"about":[{"href":"https:\/\/www.moensmeubelen.be\/fr\/wp-json\/wp\/v2\/types\/product"}],"replies":[{"embeddable":true,"href":"https:\/\/www.moensmeubelen.be\/fr\/wp-json\/wp\/v2\/comments?post=737467"}],"wp:featuredmedia":[{"embeddable":true,"href":"https:\/\/www.moensmeubelen.be\/fr\/wp-json\/wp\/v2\/media\/1007502"}],"wp:attachment":[{"href":"https:\/\/www.moensmeubelen.be\/fr\/wp-json\/wp\/v2\/media?parent=737467"}],"wp:term":[{"taxonomy":"product_brand","embeddable":true,"href":"https:\/\/www.moensmeubelen.be\/fr\/wp-json\/wp\/v2\/product_brand?post=737467"},{"taxonomy":"product_cat","embeddable":true,"href":"https:\/\/www.moensmeubelen.be\/fr\/wp-json\/wp\/v2\/product_cat?post=737467"},{"taxonomy":"product_tag","embeddable":true,"href":"https:\/\/www.moensmeubelen.be\/fr\/wp-json\/wp\/v2\/product_tag?post=737467"}],"curies":[{"name":"wp","href":"https:\/\/api.w.org\/{rel}","templated":true}]}}

<p>La lampadaire Amy de <strong>COCO</strong>maison est un véritable accroche-regard qui donne à votre intérieur une allure raffinée. Avec une hauteur de 165 cm et un élégant cadre doré, cette lampe dégage une pure élégance. Le pied en marbre offre une base solide, tandis que l\&#8217;abat-jour en verre \&#8221;burned ash\&#8221; diffuse une lueur chaude et atmosphérique. Cette lampe, adaptée pour une ampoule 1*E27 (non incluse), est parfaite à côté du canapé. Également disponible en lampe de table et en suspension.</p>
