{"id":737605,"date":"2026-06-28T00:00:00","date_gmt":"2026-06-28T00:00:00","guid":{"rendered":""},"modified":"2026-06-28T12:38:15","modified_gmt":"2026-06-28T10:38:15","slug":"53707001-fr_BE","status":"publish","type":"product","link":"https:\/\/www.moensmeubelen.be\/fr\/produit\/53707001-fr_BE\/","title":{"rendered":"Amalfi, 2 places &#8211; ressorts ensach\u00e9s"},"content":{"rendered":"<p>Ce canap\u00e9 2 places Amalfi est une v\u00e9ritable pi\u00e8ce ma\u00eetresse qui offre un confort d\u2019assise exceptionnel, sans compromettre son design moderne et contemporain : \u00e0 la fois accueillant et audacieux, solide et doux. Modulaire et enti\u00e8rement tapiss\u00e9, il permet une grande flexibilit\u00e9 dans la configuration. Par exemple, transformez facilement ce canap\u00e9 2 places, dot\u00e9 de confortables ressorts ensach\u00e9s, en un canap\u00e9 lounge agr\u00e9able en y ajoutant un pouf. Amalfi est disponible dans une superbe s\u00e9lection de tissus et de couleurs, soigneusement choisis pour sublimer parfaitement le canap\u00e9.<\/p>\n","protected":false},"excerpt":{"rendered":"<p>Amalfi, 2 places &#8211; ressorts ensach\u00e9s<\/p>\n","protected":false},"featured_media":985592,"comment_status":"open","ping_status":"open","template":"","meta":{"_relevanssi_hide_post":"","_relevanssi_hide_content":"","_relevanssi_pin_for_all":"","_relevanssi_pin_keywords":"","_relevanssi_unpin_keywords":"","_relevanssi_related_keywords":"","_relevanssi_related_include_ids":"","_relevanssi_related_exclude_ids":"","_relevanssi_related_no_append":"","_relevanssi_related_not_related":"","_relevanssi_related_posts":"","_relevanssi_noindex_reason":""},"product_brand":[],"product_cat":[5647],"product_tag":[],"class_list":["post-737605","product","type-product","status-publish","has-post-thumbnail","product_cat-zetels_l2_fr_BE","first","onbackorder","sale","taxable","shipping-taxable","purchasable","product-type-simple"],"_links":{"self":[{"href":"https:\/\/www.moensmeubelen.be\/fr\/wp-json\/wp\/v2\/product\/737605","targetHints":{"allow":["GET"]}}],"collection":[{"href":"https:\/\/www.moensmeubelen.be\/fr\/wp-json\/wp\/v2\/product"}],"about":[{"href":"https:\/\/www.moensmeubelen.be\/fr\/wp-json\/wp\/v2\/types\/product"}],"replies":[{"embeddable":true,"href":"https:\/\/www.moensmeubelen.be\/fr\/wp-json\/wp\/v2\/comments?post=737605"}],"wp:featuredmedia":[{"embeddable":true,"href":"https:\/\/www.moensmeubelen.be\/fr\/wp-json\/wp\/v2\/media\/985592"}],"wp:attachment":[{"href":"https:\/\/www.moensmeubelen.be\/fr\/wp-json\/wp\/v2\/media?parent=737605"}],"wp:term":[{"taxonomy":"product_brand","embeddable":true,"href":"https:\/\/www.moensmeubelen.be\/fr\/wp-json\/wp\/v2\/product_brand?post=737605"},{"taxonomy":"product_cat","embeddable":true,"href":"https:\/\/www.moensmeubelen.be\/fr\/wp-json\/wp\/v2\/product_cat?post=737605"},{"taxonomy":"product_tag","embeddable":true,"href":"https:\/\/www.moensmeubelen.be\/fr\/wp-json\/wp\/v2\/product_tag?post=737605"}],"curies":[{"name":"wp","href":"https:\/\/api.w.org\/{rel}","templated":true}]}}

Amalfi, 2 places &#8211; ressorts ensachés

<p>Ce canapé 2 places Amalfi est une véritable pièce maîtresse qui offre un confort d’assise exceptionnel, sans compromettre son design moderne et contemporain : à la fois accueillant et audacieux, solide et doux. Modulaire et entièrement tapissé, il permet une grande flexibilité dans la configuration. Par exemple, transformez facilement ce canapé 2 places, doté de confortables ressorts ensachés, en un canapé lounge agréable en y ajoutant un pouf. Amalfi est disponible dans une superbe sélection de tissus et de couleurs, soigneusement choisis pour sublimer parfaitement le canapé.</p>

<p>Amalfi, 2 places &#8211; ressorts ensachés</p>
