{"id":771861,"date":"2025-01-07T20:48:24","date_gmt":"2025-01-07T19:48:24","guid":{"rendered":"https:\/\/www.moensmeubelen.be\/product\/revorcircularoriginalmatras80x200-fr_be\/"},"modified":"2025-02-15T21:22:56","modified_gmt":"2025-02-15T20:22:56","slug":"revorcircularoriginalmatras80x200-fr_be","status":"publish","type":"product","link":"https:\/\/www.moensmeubelen.be\/fr\/produit\/revorcircularoriginalmatras80x200-fr_be\/","title":{"rendered":"Matelas circulaire original Revor 80&#215;200"},"content":{"rendered":"<p><P>Circulaire signifie que tous les mat\u00e9riaux que nous utilisons pour nos matelas peuvent \u00eatre <B>recycl\u00e9s \u00e0 l&#8217;infini<\/B> sans perdre de leur valeur. <br \/><\/P> <P><\/P><\/p>\n","protected":false},"excerpt":{"rendered":"<p>Si votre matelas est recycl\u00e9 apr\u00e8s quelques ann\u00e9es, nous pouvons utiliser toutes les pi\u00e8ces pour en faire un nouveau, aussi \u00e9quivalent.<\/p>\n<p>Duret\u00e9s possibles: Moyen<\/p>\n","protected":false},"featured_media":771863,"comment_status":"open","ping_status":"closed","template":"","meta":{"_relevanssi_hide_post":"","_relevanssi_hide_content":"","_relevanssi_pin_for_all":"","_relevanssi_pin_keywords":"","_relevanssi_unpin_keywords":"","_relevanssi_related_keywords":"","_relevanssi_related_include_ids":"","_relevanssi_related_exclude_ids":"","_relevanssi_related_no_append":"","_relevanssi_related_not_related":"","_relevanssi_related_posts":"","_relevanssi_noindex_reason":""},"product_brand":[],"product_cat":[1387],"product_tag":[],"class_list":["post-771861","product","type-product","status-publish","has-post-thumbnail","product_cat-matrassen_fr_BE","first","onbackorder","taxable","shipping-taxable","purchasable","product-type-simple"],"_links":{"self":[{"href":"https:\/\/www.moensmeubelen.be\/fr\/wp-json\/wp\/v2\/product\/771861","targetHints":{"allow":["GET"]}}],"collection":[{"href":"https:\/\/www.moensmeubelen.be\/fr\/wp-json\/wp\/v2\/product"}],"about":[{"href":"https:\/\/www.moensmeubelen.be\/fr\/wp-json\/wp\/v2\/types\/product"}],"replies":[{"embeddable":true,"href":"https:\/\/www.moensmeubelen.be\/fr\/wp-json\/wp\/v2\/comments?post=771861"}],"wp:featuredmedia":[{"embeddable":true,"href":"https:\/\/www.moensmeubelen.be\/fr\/wp-json\/wp\/v2\/media\/771863"}],"wp:attachment":[{"href":"https:\/\/www.moensmeubelen.be\/fr\/wp-json\/wp\/v2\/media?parent=771861"}],"wp:term":[{"taxonomy":"product_brand","embeddable":true,"href":"https:\/\/www.moensmeubelen.be\/fr\/wp-json\/wp\/v2\/product_brand?post=771861"},{"taxonomy":"product_cat","embeddable":true,"href":"https:\/\/www.moensmeubelen.be\/fr\/wp-json\/wp\/v2\/product_cat?post=771861"},{"taxonomy":"product_tag","embeddable":true,"href":"https:\/\/www.moensmeubelen.be\/fr\/wp-json\/wp\/v2\/product_tag?post=771861"}],"curies":[{"name":"wp","href":"https:\/\/api.w.org\/{rel}","templated":true}]}}

<p><P>Circulaire signifie que tous les matériaux que nous utilisons pour nos matelas peuvent être <B>recyclés à l&#8217;infini</B> sans perdre de leur valeur. <br /></P> <P></P></p>

<p>Si votre matelas est recyclé après quelques années, nous pouvons utiliser toutes les pièces pour en faire un nouveau, aussi équivalent.</p>
<p>Duretés possibles: Moyen</p>
