{"id":778684,"date":"2025-01-21T00:00:00","date_gmt":"2025-01-21T00:00:00","guid":{"rendered":""},"modified":"2025-02-15T21:18:26","modified_gmt":"2025-02-15T20:18:26","slug":"LSDesignBoxspringNOXStrettoElektrisch-fr_BE","status":"publish","type":"product","link":"https:\/\/www.moensmeubelen.be\/fr\/produit\/LSDesignBoxspringNOXStrettoElektrisch-fr_BE\/","title":{"rendered":"Design boxspring NOX Stretto \u00e9lectrique"},"content":{"rendered":"<p><font style=\"vertical-align: inherit;\"><font style=\"vertical-align: inherit;\">Avec ce boxspring, vous optez pour le luxe absolu. En fait, il est \u00e9lectriquement r\u00e9glable. Vous pouvez lire un livre ou regarder la t\u00e9l\u00e9vision confortablement au lit. Appuyez sur un bouton et vous changez la forme du lit pour une position de d\u00e9tente agr\u00e9able. \u00c0 l&#8217;int\u00e9rieur du box, il y a des mini-ressorts ensach\u00e9s. C&#8217;est pourquoi ce lit peut \u00eatre appel\u00e9 un boxspring. Ce n&#8217;est pas juste un boxspring, les ressorts sont des mini-ressorts ensach\u00e9s zon\u00e9s pour prot\u00e9ger le confort de couchage maximal.<\/font><\/font><\/p>\n<\/p>\n<p><font style=\"vertical-align: inherit;\"><font style=\"vertical-align: inherit;\">Le boxspring Stretto se d\u00e9marque par son design. Le design \u00e9lanc\u00e9 est unique pour un boxspring. Gr\u00e2ce aux hauts pieds noirs sous le boxspring, vous obtenez un tout autre effet d&#8217;espace. La t\u00eate de lit \u00e9pur\u00e9e ne semble pas seulement \u00e9l\u00e9gante et moderne, elle est \u00e9galement horizontalement \u00e9conomique en espace. Vous pouvez personnaliser le boxspring Stretto en choisissant la forme des pieds et votre couleur parmi une large palette de couleurs.<\/font><\/font><\/p><\/p>\n","protected":false},"excerpt":{"rendered":"<p>Avec ce boxspring, vous optez pour le luxe absolu. En fait, il est \u00e9lectriquement r\u00e9glable. Vous pouvez lire un livre<\/p>\n","protected":false},"featured_media":778686,"comment_status":"open","ping_status":"open","template":"","meta":{"_relevanssi_hide_post":"","_relevanssi_hide_content":"","_relevanssi_pin_for_all":"","_relevanssi_pin_keywords":"","_relevanssi_unpin_keywords":"","_relevanssi_related_keywords":"","_relevanssi_related_include_ids":"","_relevanssi_related_exclude_ids":"","_relevanssi_related_no_append":"","_relevanssi_related_not_related":"","_relevanssi_related_posts":"","_relevanssi_noindex_reason":""},"product_brand":[],"product_cat":[1389],"product_tag":[],"class_list":["post-778684","product","type-product","status-publish","has-post-thumbnail","product_cat-boxsprings_fr_BE","first","onbackorder","taxable","shipping-taxable","purchasable","product-type-simple"],"_links":{"self":[{"href":"https:\/\/www.moensmeubelen.be\/fr\/wp-json\/wp\/v2\/product\/778684","targetHints":{"allow":["GET"]}}],"collection":[{"href":"https:\/\/www.moensmeubelen.be\/fr\/wp-json\/wp\/v2\/product"}],"about":[{"href":"https:\/\/www.moensmeubelen.be\/fr\/wp-json\/wp\/v2\/types\/product"}],"replies":[{"embeddable":true,"href":"https:\/\/www.moensmeubelen.be\/fr\/wp-json\/wp\/v2\/comments?post=778684"}],"wp:featuredmedia":[{"embeddable":true,"href":"https:\/\/www.moensmeubelen.be\/fr\/wp-json\/wp\/v2\/media\/778686"}],"wp:attachment":[{"href":"https:\/\/www.moensmeubelen.be\/fr\/wp-json\/wp\/v2\/media?parent=778684"}],"wp:term":[{"taxonomy":"product_brand","embeddable":true,"href":"https:\/\/www.moensmeubelen.be\/fr\/wp-json\/wp\/v2\/product_brand?post=778684"},{"taxonomy":"product_cat","embeddable":true,"href":"https:\/\/www.moensmeubelen.be\/fr\/wp-json\/wp\/v2\/product_cat?post=778684"},{"taxonomy":"product_tag","embeddable":true,"href":"https:\/\/www.moensmeubelen.be\/fr\/wp-json\/wp\/v2\/product_tag?post=778684"}],"curies":[{"name":"wp","href":"https:\/\/api.w.org\/{rel}","templated":true}]}}

Design boxspring NOX Stretto électrique

<p><font style="vertical-align: inherit;"><font style="vertical-align: inherit;">Avec ce boxspring, vous optez pour le luxe absolu. En fait, il est électriquement réglable. Vous pouvez lire un livre ou regarder la télévision confortablement au lit. Appuyez sur un bouton et vous changez la forme du lit pour une position de détente agréable. À l&#8217;intérieur du box, il y a des mini-ressorts ensachés. C&#8217;est pourquoi ce lit peut être appelé un boxspring. Ce n&#8217;est pas juste un boxspring, les ressorts sont des mini-ressorts ensachés zonés pour protéger le confort de couchage maximal.</font></font></p>
</p>
<p><font style="vertical-align: inherit;"><font style="vertical-align: inherit;">Le boxspring Stretto se démarque par son design. Le design élancé est unique pour un boxspring. Grâce aux hauts pieds noirs sous le boxspring, vous obtenez un tout autre effet d&#8217;espace. La tête de lit épurée ne semble pas seulement élégante et moderne, elle est également horizontalement économique en espace. Vous pouvez personnaliser le boxspring Stretto en choisissant la forme des pieds et votre couleur parmi une large palette de couleurs.</font></font></p></p>

<p>Avec ce boxspring, vous optez pour le luxe absolu. En fait, il est électriquement réglable. Vous pouvez lire un livre</p>
