{"id":778738,"date":"2025-01-21T00:00:00","date_gmt":"2025-01-21T00:00:00","guid":{"rendered":""},"modified":"2025-02-15T21:18:26","modified_gmt":"2025-02-15T20:18:26","slug":"LSNoxAparteBox-fr_BE","status":"publish","type":"product","link":"https:\/\/www.moensmeubelen.be\/fr\/produit\/LSNoxAparteBox-fr_BE\/","title":{"rendered":"Nox &#8211; Bo\u00eete \u00e0 part"},"content":{"rendered":"<p>Ce boxspring a un look \u00e9pur\u00e9 et remplace un cadre de lit avec un sommier \u00e0 lattes.<br \/>\nVous pouvez choisir de placer les pieds plus profond\u00e9ment, cela donne un effet de flottement \u00e0 votre boxspring. <br \/> My Nox est un int\u00e9rieur \u00e0 ressorts ensach\u00e9s zon\u00e9, thermiquement durci, avec une surface sup\u00e9rieure droite, un miroir antid\u00e9rapant et un bord \u00e9lastique. <br \/> Le matelas est une partie importante de votre lit. Bien dormir, c&#8217;est bien dormir. Nos sp\u00e9cialistes du sommeil sont des conseillers bien form\u00e9s et se feront un plaisir de vous conseiller. En r\u00e9pondant \u00e0 quelques-unes de nos questions, vous \u00eates assur\u00e9 de trouver la solution la plus adapt\u00e9e.<\/p>\n","protected":false},"excerpt":{"rendered":"<p>Prix pour un box de 80\/90 x 200\/210\/220 cm<\/p>\n<p><span style=\"font-weight: bold;\">Options :<br \/><\/span>\u2022\tPocketspring: ressorts ensach\u00e9s + comfortex \u2013 5 zones \u2013 medium ou ferme \u2013 hauteur totale environ 20 cm<br \/>\u2022\tLatexspring: ressorts ensach\u00e9s renforc\u00e9s + latex perfor\u00e9 \u2013 7 zones \u2013 medium ou ferme \u2013 hauteur totale environ 20 cm<br \/>\u2022\tAerospring: ressorts ensach\u00e9s renforc\u00e9s + mousse a\u00e9ro \u2013 7 zones \u2013 medium ou ferme \u2013 hauteur totale environ 23 cm<br \/>\u2022\tViscospring: ressorts ensach\u00e9s renforc\u00e9s + couche de visco \u2013 7 zones \u2013 medium ou ferme \u2013 hauteur totale environ 22 cm<br \/>\u2022\tMultispring: ressorts ensach\u00e9s renforc\u00e9s + latex naturel Talalay 100% \u2013 7 zones \u2013 medium ou ferme \u2013 hauteur totale environ 22 cm<\/p>\n<p><span style=\"caret-color: rgb(0, 0, 0); color: rgb(0, 0, 0); font-family: Helvetica; font-size: 12px; font-style: normal; font-variant-caps: normal; font-weight: 400; letter-spacing: normal; orphans: auto; text-align: start; text-indent: 0px; text-transform: none; white-space: normal; widows: auto; word-spacing: 0px; -webkit-text-stroke-width: 0px; text-decoration: none; display: inline !important; float: none;\">Surface de couchage :<\/span><br style=\"caret-color: rgb(0, 0, 0); color: rgb(0, 0, 0); font-family: Helvetica; font-size: 12px; font-style: normal; font-variant-caps: normal; font-weight: 400; letter-spacing: normal; orphans: auto; text-align: start; text-indent: 0px; text-transform: none; white-space: normal; widows: auto; word-spacing: 0px; -webkit-text-stroke-width: 0px; text-decoration: none;\"><span style=\"caret-color: rgb(0, 0, 0); color: rgb(0, 0, 0); font-family: Helvetica; font-size: 12px; font-style: normal; font-variant-caps: normal; font-weight: 400; letter-spacing: normal; orphans: auto; text-align: start; text-indent: 0px; text-transform: none; white-space: normal; widows: auto; word-spacing: 0px; -webkit-text-stroke-width: 0px; text-decoration: none; display: inline !important; float: none;\">90&#215;200<br \/>160&#215;200<br \/>80&#215;200<br \/>140&#215;200<br \/>160&#215;210<br \/>180&#215;200<br \/>180&#215;210<br \/>160&#215;220<br \/>180&#215;220<br \/>100&#215;200<br \/>120&#215;200<\/span><\/p>\n<p>Astuce : Ce boxspring peut \u00eatre combin\u00e9 avec une t\u00eate de lit en bois de Riviera Maison.<\/p>\n","protected":false},"featured_media":778740,"comment_status":"open","ping_status":"open","template":"","meta":{"_relevanssi_hide_post":"","_relevanssi_hide_content":"","_relevanssi_pin_for_all":"","_relevanssi_pin_keywords":"","_relevanssi_unpin_keywords":"","_relevanssi_related_keywords":"","_relevanssi_related_include_ids":"","_relevanssi_related_exclude_ids":"","_relevanssi_related_no_append":"","_relevanssi_related_not_related":"","_relevanssi_related_posts":"","_relevanssi_noindex_reason":""},"product_brand":[],"product_cat":[1389],"product_tag":[],"class_list":["post-778738","product","type-product","status-publish","has-post-thumbnail","product_cat-boxsprings_fr_BE","first","onbackorder","taxable","shipping-taxable","purchasable","product-type-simple"],"_links":{"self":[{"href":"https:\/\/www.moensmeubelen.be\/fr\/wp-json\/wp\/v2\/product\/778738","targetHints":{"allow":["GET"]}}],"collection":[{"href":"https:\/\/www.moensmeubelen.be\/fr\/wp-json\/wp\/v2\/product"}],"about":[{"href":"https:\/\/www.moensmeubelen.be\/fr\/wp-json\/wp\/v2\/types\/product"}],"replies":[{"embeddable":true,"href":"https:\/\/www.moensmeubelen.be\/fr\/wp-json\/wp\/v2\/comments?post=778738"}],"wp:featuredmedia":[{"embeddable":true,"href":"https:\/\/www.moensmeubelen.be\/fr\/wp-json\/wp\/v2\/media\/778740"}],"wp:attachment":[{"href":"https:\/\/www.moensmeubelen.be\/fr\/wp-json\/wp\/v2\/media?parent=778738"}],"wp:term":[{"taxonomy":"product_brand","embeddable":true,"href":"https:\/\/www.moensmeubelen.be\/fr\/wp-json\/wp\/v2\/product_brand?post=778738"},{"taxonomy":"product_cat","embeddable":true,"href":"https:\/\/www.moensmeubelen.be\/fr\/wp-json\/wp\/v2\/product_cat?post=778738"},{"taxonomy":"product_tag","embeddable":true,"href":"https:\/\/www.moensmeubelen.be\/fr\/wp-json\/wp\/v2\/product_tag?post=778738"}],"curies":[{"name":"wp","href":"https:\/\/api.w.org\/{rel}","templated":true}]}}

Nox &#8211; Boîte à part

<p>Ce boxspring a un look épuré et remplace un cadre de lit avec un sommier à lattes.<br />
Vous pouvez choisir de placer les pieds plus profondément, cela donne un effet de flottement à votre boxspring. <br /> My Nox est un intérieur à ressorts ensachés zoné, thermiquement durci, avec une surface supérieure droite, un miroir antidérapant et un bord élastique. <br /> Le matelas est une partie importante de votre lit. Bien dormir, c&#8217;est bien dormir. Nos spécialistes du sommeil sont des conseillers bien formés et se feront un plaisir de vous conseiller. En répondant à quelques-unes de nos questions, vous êtes assuré de trouver la solution la plus adaptée.</p>

<p>Prix pour un box de 80/90 x 200/210/220 cm</p>
<p><span style="font-weight: bold;">Options :<br /></span>•	Pocketspring: ressorts ensachés + comfortex – 5 zones – medium ou ferme – hauteur totale environ 20 cm<br />•	Latexspring: ressorts ensachés renforcés + latex perforé – 7 zones – medium ou ferme – hauteur totale environ 20 cm<br />•	Aerospring: ressorts ensachés renforcés + mousse aéro – 7 zones – medium ou ferme – hauteur totale environ 23 cm<br />•	Viscospring: ressorts ensachés renforcés + couche de visco – 7 zones – medium ou ferme – hauteur totale environ 22 cm<br />•	Multispring: ressorts ensachés renforcés + latex naturel Talalay 100% – 7 zones – medium ou ferme – hauteur totale environ 22 cm</p>
<p><span style="caret-color: rgb(0, 0, 0); color: rgb(0, 0, 0); font-family: Helvetica; font-size: 12px; font-style: normal; font-variant-caps: normal; font-weight: 400; letter-spacing: normal; orphans: auto; text-align: start; text-indent: 0px; text-transform: none; white-space: normal; widows: auto; word-spacing: 0px; -webkit-text-stroke-width: 0px; text-decoration: none; display: inline !important; float: none;">Surface de couchage :</span><br style="caret-color: rgb(0, 0, 0); color: rgb(0, 0, 0); font-family: Helvetica; font-size: 12px; font-style: normal; font-variant-caps: normal; font-weight: 400; letter-spacing: normal; orphans: auto; text-align: start; text-indent: 0px; text-transform: none; white-space: normal; widows: auto; word-spacing: 0px; -webkit-text-stroke-width: 0px; text-decoration: none;"><span style="caret-color: rgb(0, 0, 0); color: rgb(0, 0, 0); font-family: Helvetica; font-size: 12px; font-style: normal; font-variant-caps: normal; font-weight: 400; letter-spacing: normal; orphans: auto; text-align: start; text-indent: 0px; text-transform: none; white-space: normal; widows: auto; word-spacing: 0px; -webkit-text-stroke-width: 0px; text-decoration: none; display: inline !important; float: none;">90&#215;200<br />160&#215;200<br />80&#215;200<br />140&#215;200<br />160&#215;210<br />180&#215;200<br />180&#215;210<br />160&#215;220<br />180&#215;220<br />100&#215;200<br />120&#215;200</span></p>
<p>Astuce : Ce boxspring peut être combiné avec une tête de lit en bois de Riviera Maison.</p>
