{"id":796471,"date":"2026-06-28T00:00:00","date_gmt":"2026-06-28T00:00:00","guid":{"rendered":""},"modified":"2026-06-28T13:43:54","modified_gmt":"2026-06-28T11:43:54","slug":"54706DRI-fr_BE","status":"publish","type":"product","link":"https:\/\/www.moensmeubelen.be\/fr\/produit\/54706DRI-fr_BE\/","title":{"rendered":"Avalox, table de bar 230 x 98 cm &#8211; couleur driftwood &#8211; V pied"},"content":{"rendered":"<p>Vous aimez \u00eatre un peu plus haut ? Choisissez alors une table de bar. Cette table de bar de la collection Avalox mesure 230 x 98 cm. Ce qui est bien avec cette collection est que vous avez un large choix en tant que client. Le plateau de table est disponible en 2 couleurs de bois diff\u00e9rents, et plusieurs options pour les pieds de table. Elle est en plus disponible en diff\u00e9rentes versions, du plateau oval \u00e0 une variante extensible. Cette table de bar dispose d\u2019un plateau rectangulaire non extensible.<\/p>\n","protected":false},"excerpt":{"rendered":"<p>Avalox, table de bar 230 x 98 cm &#8211; couleur driftwood &#8211; V pied<\/p>\n","protected":false},"featured_media":992565,"comment_status":"open","ping_status":"open","template":"","meta":{"_relevanssi_hide_post":"","_relevanssi_hide_content":"","_relevanssi_pin_for_all":"","_relevanssi_pin_keywords":"","_relevanssi_unpin_keywords":"","_relevanssi_related_keywords":"","_relevanssi_related_include_ids":"","_relevanssi_related_exclude_ids":"","_relevanssi_related_no_append":"","_relevanssi_related_not_related":"","_relevanssi_related_posts":"","_relevanssi_noindex_reason":""},"product_brand":[],"product_cat":[1314],"product_tag":[],"class_list":["post-796471","product","type-product","status-publish","has-post-thumbnail","product_cat-bartafels_fr_BE","first","onbackorder","taxable","shipping-taxable","purchasable","product-type-simple"],"_links":{"self":[{"href":"https:\/\/www.moensmeubelen.be\/fr\/wp-json\/wp\/v2\/product\/796471","targetHints":{"allow":["GET"]}}],"collection":[{"href":"https:\/\/www.moensmeubelen.be\/fr\/wp-json\/wp\/v2\/product"}],"about":[{"href":"https:\/\/www.moensmeubelen.be\/fr\/wp-json\/wp\/v2\/types\/product"}],"replies":[{"embeddable":true,"href":"https:\/\/www.moensmeubelen.be\/fr\/wp-json\/wp\/v2\/comments?post=796471"}],"wp:featuredmedia":[{"embeddable":true,"href":"https:\/\/www.moensmeubelen.be\/fr\/wp-json\/wp\/v2\/media\/992565"}],"wp:attachment":[{"href":"https:\/\/www.moensmeubelen.be\/fr\/wp-json\/wp\/v2\/media?parent=796471"}],"wp:term":[{"taxonomy":"product_brand","embeddable":true,"href":"https:\/\/www.moensmeubelen.be\/fr\/wp-json\/wp\/v2\/product_brand?post=796471"},{"taxonomy":"product_cat","embeddable":true,"href":"https:\/\/www.moensmeubelen.be\/fr\/wp-json\/wp\/v2\/product_cat?post=796471"},{"taxonomy":"product_tag","embeddable":true,"href":"https:\/\/www.moensmeubelen.be\/fr\/wp-json\/wp\/v2\/product_tag?post=796471"}],"curies":[{"name":"wp","href":"https:\/\/api.w.org\/{rel}","templated":true}]}}

<p>Vous aimez être un peu plus haut ? Choisissez alors une table de bar. Cette table de bar de la collection Avalox mesure 230 x 98 cm. Ce qui est bien avec cette collection est que vous avez un large choix en tant que client. Le plateau de table est disponible en 2 couleurs de bois différents, et plusieurs options pour les pieds de table. Elle est en plus disponible en différentes versions, du plateau oval à une variante extensible. Cette table de bar dispose d’un plateau rectangulaire non extensible.</p>
