{"id":796491,"date":"2026-06-28T00:00:00","date_gmt":"2026-06-28T00:00:00","guid":{"rendered":""},"modified":"2026-06-28T13:44:33","modified_gmt":"2026-06-28T11:44:33","slug":"54708NAT-fr_BE","status":"publish","type":"product","link":"https:\/\/www.moensmeubelen.be\/fr\/produit\/54708NAT-fr_BE\/","title":{"rendered":"Avalox, table de bar 200 x 98 cm &#8211; couleur oak natural vintage &#8211; V pied"},"content":{"rendered":"<p>Pour beaucoup de gens, une table de bar est synonyme de convivialit\u00e9. C\\&#8217;est pourquoi nous vous proposons plusieurs tables de bar dans la collection Avalox. Celle-ci mesure 200 x 98 cm. Le plateau est en Primo Laminato, un mat\u00e9riau facile \u00e0 entretenir qui a l\\&#8217;apparence et le toucher du bois massif. 2 options pour le pi\u00e9tement, en m\u00e9tal noir, en V ou 4 pieds. Le plateau est disponible dans la couleur bois flott\u00e9 ou ch\u00eane naturel vintage. Une version extensible ou avec un plateau ovale sont \u00e9galement disponibles.<\/p>\n","protected":false},"excerpt":{"rendered":"<p>Avalox, table de bar 200 x 98 cm &#8211; couleur oak natural vintage &#8211; V pied<\/p>\n","protected":false},"featured_media":992595,"comment_status":"open","ping_status":"open","template":"","meta":{"_relevanssi_hide_post":"","_relevanssi_hide_content":"","_relevanssi_pin_for_all":"","_relevanssi_pin_keywords":"","_relevanssi_unpin_keywords":"","_relevanssi_related_keywords":"","_relevanssi_related_include_ids":"","_relevanssi_related_exclude_ids":"","_relevanssi_related_no_append":"","_relevanssi_related_not_related":"","_relevanssi_related_posts":"","_relevanssi_noindex_reason":""},"product_brand":[],"product_cat":[1314],"product_tag":[],"class_list":["post-796491","product","type-product","status-publish","has-post-thumbnail","product_cat-bartafels_fr_BE","first","onbackorder","taxable","shipping-taxable","purchasable","product-type-simple"],"_links":{"self":[{"href":"https:\/\/www.moensmeubelen.be\/fr\/wp-json\/wp\/v2\/product\/796491","targetHints":{"allow":["GET"]}}],"collection":[{"href":"https:\/\/www.moensmeubelen.be\/fr\/wp-json\/wp\/v2\/product"}],"about":[{"href":"https:\/\/www.moensmeubelen.be\/fr\/wp-json\/wp\/v2\/types\/product"}],"replies":[{"embeddable":true,"href":"https:\/\/www.moensmeubelen.be\/fr\/wp-json\/wp\/v2\/comments?post=796491"}],"wp:featuredmedia":[{"embeddable":true,"href":"https:\/\/www.moensmeubelen.be\/fr\/wp-json\/wp\/v2\/media\/992595"}],"wp:attachment":[{"href":"https:\/\/www.moensmeubelen.be\/fr\/wp-json\/wp\/v2\/media?parent=796491"}],"wp:term":[{"taxonomy":"product_brand","embeddable":true,"href":"https:\/\/www.moensmeubelen.be\/fr\/wp-json\/wp\/v2\/product_brand?post=796491"},{"taxonomy":"product_cat","embeddable":true,"href":"https:\/\/www.moensmeubelen.be\/fr\/wp-json\/wp\/v2\/product_cat?post=796491"},{"taxonomy":"product_tag","embeddable":true,"href":"https:\/\/www.moensmeubelen.be\/fr\/wp-json\/wp\/v2\/product_tag?post=796491"}],"curies":[{"name":"wp","href":"https:\/\/api.w.org\/{rel}","templated":true}]}}

<p>Pour beaucoup de gens, une table de bar est synonyme de convivialité. C\&#8217;est pourquoi nous vous proposons plusieurs tables de bar dans la collection Avalox. Celle-ci mesure 200 x 98 cm. Le plateau est en Primo Laminato, un matériau facile à entretenir qui a l\&#8217;apparence et le toucher du bois massif. 2 options pour le piétement, en métal noir, en V ou 4 pieds. Le plateau est disponible dans la couleur bois flotté ou chêne naturel vintage. Une version extensible ou avec un plateau ovale sont également disponibles.</p>
