{"id":796603,"date":"2026-07-23T00:00:00","date_gmt":"2026-07-23T00:00:00","guid":{"rendered":""},"modified":"2026-07-23T09:19:57","modified_gmt":"2026-07-23T07:19:57","slug":"54725NAT-fr_BE","status":"publish","type":"product","link":"https:\/\/www.moensmeubelen.be\/fr\/produit\/54725NAT-fr_BE\/","title":{"rendered":"Avalox, table de bar ovale 180 x 110 cm &#8211; couleur natural &#8211; 4 pied"},"content":{"rendered":"<p>Ni droit, ni rond, mais ovale est la forme du plateau de cette table de bar de la collection Avalox. La table mesure 180x110cm, d\\&#8217;autres tailles et variantes sont disponibles. Le plateau est fabriqu\u00e9 dans le mat\u00e9riau Primo L-Laminato, solide et facile \u00e0 entretenir qui a l\\&#8217;apparence du bois. L\\&#8217;aspect bois est mis en valeur par la finition en bois flott\u00e9 ou en ch\u00eane naturel vintage. Pour les pieds de la table en m\u00e9tal noir, vous avez le choix entre : un pied en V ou quatre pieds.<\/p>\n","protected":false},"excerpt":{"rendered":"<p>Avalox, table de bar ovale 180 x 110 cm &#8211; couleur natural &#8211; 4 pied<\/p>\n","protected":false},"featured_media":1035406,"comment_status":"open","ping_status":"open","template":"","meta":{"_relevanssi_hide_post":"","_relevanssi_hide_content":"","_relevanssi_pin_for_all":"","_relevanssi_pin_keywords":"","_relevanssi_unpin_keywords":"","_relevanssi_related_keywords":"","_relevanssi_related_include_ids":"","_relevanssi_related_exclude_ids":"","_relevanssi_related_no_append":"","_relevanssi_related_not_related":"","_relevanssi_related_posts":"","_relevanssi_noindex_reason":""},"product_brand":[],"product_cat":[1314],"product_tag":[],"class_list":["post-796603","product","type-product","status-publish","has-post-thumbnail","product_cat-bartafels_fr_BE","first","onbackorder","taxable","shipping-taxable","purchasable","product-type-simple"],"_links":{"self":[{"href":"https:\/\/www.moensmeubelen.be\/fr\/wp-json\/wp\/v2\/product\/796603","targetHints":{"allow":["GET"]}}],"collection":[{"href":"https:\/\/www.moensmeubelen.be\/fr\/wp-json\/wp\/v2\/product"}],"about":[{"href":"https:\/\/www.moensmeubelen.be\/fr\/wp-json\/wp\/v2\/types\/product"}],"replies":[{"embeddable":true,"href":"https:\/\/www.moensmeubelen.be\/fr\/wp-json\/wp\/v2\/comments?post=796603"}],"wp:featuredmedia":[{"embeddable":true,"href":"https:\/\/www.moensmeubelen.be\/fr\/wp-json\/wp\/v2\/media\/1035406"}],"wp:attachment":[{"href":"https:\/\/www.moensmeubelen.be\/fr\/wp-json\/wp\/v2\/media?parent=796603"}],"wp:term":[{"taxonomy":"product_brand","embeddable":true,"href":"https:\/\/www.moensmeubelen.be\/fr\/wp-json\/wp\/v2\/product_brand?post=796603"},{"taxonomy":"product_cat","embeddable":true,"href":"https:\/\/www.moensmeubelen.be\/fr\/wp-json\/wp\/v2\/product_cat?post=796603"},{"taxonomy":"product_tag","embeddable":true,"href":"https:\/\/www.moensmeubelen.be\/fr\/wp-json\/wp\/v2\/product_tag?post=796603"}],"curies":[{"name":"wp","href":"https:\/\/api.w.org\/{rel}","templated":true}]}}

<p>Ni droit, ni rond, mais ovale est la forme du plateau de cette table de bar de la collection Avalox. La table mesure 180x110cm, d\&#8217;autres tailles et variantes sont disponibles. Le plateau est fabriqué dans le matériau Primo L-Laminato, solide et facile à entretenir qui a l\&#8217;apparence du bois. L\&#8217;aspect bois est mis en valeur par la finition en bois flotté ou en chêne naturel vintage. Pour les pieds de la table en métal noir, vous avez le choix entre : un pied en V ou quatre pieds.</p>
