{"id":796615,"date":"2026-07-23T00:00:00","date_gmt":"2026-07-23T00:00:00","guid":{"rendered":""},"modified":"2026-07-23T09:20:28","modified_gmt":"2026-07-23T07:20:28","slug":"54727DRI-fr_BE","status":"publish","type":"product","link":"https:\/\/www.moensmeubelen.be\/fr\/produit\/54727DRI-fr_BE\/","title":{"rendered":"Avalox, table de bar ronde 150 x 120 cm &#8211; couleur driftwood &#8211; 4 pied"},"content":{"rendered":"<p>Cette table de bar presque ronde a un plateau \\&#8221;rond\\&#8221; d\\&#8217;une taille de 150x120cm, il est fabriqu\u00e9 en Primo Laminato, un mat\u00e9riau solide qui pr\u00e9sente un bel aspect bois, disponible en 2 couleurs : bois flott\u00e9 et ch\u00eane naturel vintage. Le pied central en m\u00e9tal noir est tr\u00e8s beau, mais si vous pr\u00e9f\u00e9rez 4 pieds s\u00e9par\u00e9s, c\\&#8217;est \u00e9galement possible. Vous pr\u00e9f\u00e9rez une autre taille ou un autre mod\u00e8le ? C\\&#8217;est possible, il y a un large choix dans la collection Avalox.<\/p>\n","protected":false},"excerpt":{"rendered":"<p>Avalox, table de bar ronde 150 x 120 cm &#8211; couleur driftwood &#8211; 4 pied<\/p>\n","protected":false},"featured_media":1035424,"comment_status":"open","ping_status":"open","template":"","meta":{"_relevanssi_hide_post":"","_relevanssi_hide_content":"","_relevanssi_pin_for_all":"","_relevanssi_pin_keywords":"","_relevanssi_unpin_keywords":"","_relevanssi_related_keywords":"","_relevanssi_related_include_ids":"","_relevanssi_related_exclude_ids":"","_relevanssi_related_no_append":"","_relevanssi_related_not_related":"","_relevanssi_related_posts":"","_relevanssi_noindex_reason":""},"product_brand":[],"product_cat":[1314],"product_tag":[],"class_list":["post-796615","product","type-product","status-publish","has-post-thumbnail","product_cat-bartafels_fr_BE","first","onbackorder","taxable","shipping-taxable","purchasable","product-type-simple"],"_links":{"self":[{"href":"https:\/\/www.moensmeubelen.be\/fr\/wp-json\/wp\/v2\/product\/796615","targetHints":{"allow":["GET"]}}],"collection":[{"href":"https:\/\/www.moensmeubelen.be\/fr\/wp-json\/wp\/v2\/product"}],"about":[{"href":"https:\/\/www.moensmeubelen.be\/fr\/wp-json\/wp\/v2\/types\/product"}],"replies":[{"embeddable":true,"href":"https:\/\/www.moensmeubelen.be\/fr\/wp-json\/wp\/v2\/comments?post=796615"}],"wp:featuredmedia":[{"embeddable":true,"href":"https:\/\/www.moensmeubelen.be\/fr\/wp-json\/wp\/v2\/media\/1035424"}],"wp:attachment":[{"href":"https:\/\/www.moensmeubelen.be\/fr\/wp-json\/wp\/v2\/media?parent=796615"}],"wp:term":[{"taxonomy":"product_brand","embeddable":true,"href":"https:\/\/www.moensmeubelen.be\/fr\/wp-json\/wp\/v2\/product_brand?post=796615"},{"taxonomy":"product_cat","embeddable":true,"href":"https:\/\/www.moensmeubelen.be\/fr\/wp-json\/wp\/v2\/product_cat?post=796615"},{"taxonomy":"product_tag","embeddable":true,"href":"https:\/\/www.moensmeubelen.be\/fr\/wp-json\/wp\/v2\/product_tag?post=796615"}],"curies":[{"name":"wp","href":"https:\/\/api.w.org\/{rel}","templated":true}]}}

<p>Cette table de bar presque ronde a un plateau \&#8221;rond\&#8221; d\&#8217;une taille de 150x120cm, il est fabriqué en Primo Laminato, un matériau solide qui présente un bel aspect bois, disponible en 2 couleurs : bois flotté et chêne naturel vintage. Le pied central en métal noir est très beau, mais si vous préférez 4 pieds séparés, c\&#8217;est également possible. Vous préférez une autre taille ou un autre modèle ? C\&#8217;est possible, il y a un large choix dans la collection Avalox.</p>
