{"id":796639,"date":"2026-06-28T00:00:00","date_gmt":"2026-06-28T00:00:00","guid":{"rendered":""},"modified":"2026-06-28T13:50:08","modified_gmt":"2026-06-28T11:50:08","slug":"54730DRI-fr_BE","status":"publish","type":"product","link":"https:\/\/www.moensmeubelen.be\/fr\/produit\/54730DRI-fr_BE\/","title":{"rendered":"Avalox, table de bar ronde 130 x 110 cm &#8211; couleur driftwood &#8211; centrale pied"},"content":{"rendered":"<p>Votre table pr\u00e9f\u00e9r\u00e9e dans votre maison. Cette table de bar \\&#8221;ronde\\&#8221; de la collection Avalox promet de nombreuses heures de confort. Le plateau de table Primo Laminato a une taille de 130x110cm et est disponible en 2 couleurs de bois diff\u00e9rents. Vous pouvez laisser la table de bar reposer sur un pied central en m\u00e9tal noir au design moderne et saisissant, ou vous pouvez choisir 4 pieds en m\u00e9tal noir au look plus traditionnel. Quel que soit votre choix, cette table de bar est parfaite pour manger.<\/p>\n","protected":false},"excerpt":{"rendered":"<p>Avalox, table de bar ronde 130 x 110 cm &#8211; couleur driftwood &#8211; centrale pied<\/p>\n","protected":false},"featured_media":992853,"comment_status":"open","ping_status":"open","template":"","meta":{"_relevanssi_hide_post":"","_relevanssi_hide_content":"","_relevanssi_pin_for_all":"","_relevanssi_pin_keywords":"","_relevanssi_unpin_keywords":"","_relevanssi_related_keywords":"","_relevanssi_related_include_ids":"","_relevanssi_related_exclude_ids":"","_relevanssi_related_no_append":"","_relevanssi_related_not_related":"","_relevanssi_related_posts":"","_relevanssi_noindex_reason":""},"product_brand":[],"product_cat":[1314],"product_tag":[],"class_list":["post-796639","product","type-product","status-publish","has-post-thumbnail","product_cat-bartafels_fr_BE","first","onbackorder","taxable","shipping-taxable","purchasable","product-type-simple"],"_links":{"self":[{"href":"https:\/\/www.moensmeubelen.be\/fr\/wp-json\/wp\/v2\/product\/796639","targetHints":{"allow":["GET"]}}],"collection":[{"href":"https:\/\/www.moensmeubelen.be\/fr\/wp-json\/wp\/v2\/product"}],"about":[{"href":"https:\/\/www.moensmeubelen.be\/fr\/wp-json\/wp\/v2\/types\/product"}],"replies":[{"embeddable":true,"href":"https:\/\/www.moensmeubelen.be\/fr\/wp-json\/wp\/v2\/comments?post=796639"}],"wp:featuredmedia":[{"embeddable":true,"href":"https:\/\/www.moensmeubelen.be\/fr\/wp-json\/wp\/v2\/media\/992853"}],"wp:attachment":[{"href":"https:\/\/www.moensmeubelen.be\/fr\/wp-json\/wp\/v2\/media?parent=796639"}],"wp:term":[{"taxonomy":"product_brand","embeddable":true,"href":"https:\/\/www.moensmeubelen.be\/fr\/wp-json\/wp\/v2\/product_brand?post=796639"},{"taxonomy":"product_cat","embeddable":true,"href":"https:\/\/www.moensmeubelen.be\/fr\/wp-json\/wp\/v2\/product_cat?post=796639"},{"taxonomy":"product_tag","embeddable":true,"href":"https:\/\/www.moensmeubelen.be\/fr\/wp-json\/wp\/v2\/product_tag?post=796639"}],"curies":[{"name":"wp","href":"https:\/\/api.w.org\/{rel}","templated":true}]}}

<p>Votre table préférée dans votre maison. Cette table de bar \&#8221;ronde\&#8221; de la collection Avalox promet de nombreuses heures de confort. Le plateau de table Primo Laminato a une taille de 130x110cm et est disponible en 2 couleurs de bois différents. Vous pouvez laisser la table de bar reposer sur un pied central en métal noir au design moderne et saisissant, ou vous pouvez choisir 4 pieds en métal noir au look plus traditionnel. Quel que soit votre choix, cette table de bar est parfaite pour manger.</p>
