{"id":796763,"date":"2026-06-28T00:00:00","date_gmt":"2026-06-28T00:00:00","guid":{"rendered":""},"modified":"2026-06-28T13:50:41","modified_gmt":"2026-06-28T11:50:41","slug":"54826BRN-fr_BE","status":"publish","type":"product","link":"https:\/\/www.moensmeubelen.be\/fr\/produit\/54826BRN-fr_BE\/","title":{"rendered":"Pavarotti, table 180 x 108 cm &#8211; pied central metal"},"content":{"rendered":"<p>La collection Pavarotti vous laisse le choix entre des tables de divers formats. Cette table mesure 180&#215;108 cm. Les tables ont toutes une forme ovale douce, arrondie qui leur conf\u00e8re un look authentique avec une touche de modernit\u00e9. Le mat\u00e9riau du plateau est un Primo Laminato (HPL) de grande qualit\u00e9. Ce mat\u00e9riau ressemble \u00e0 s\\&#8217;y m\u00e9prendre \u00e0 du vrai bois, mais demande beaucoup moins d\\&#8217;entretien. Il est donc facile \u00e0 nettoyer ! Les tables sont r\u00e9alis\u00e9es dans la couleur Barnwood. Les tables de salle \u00e0 manger font 77 cm de haut. Vous avez le choix entre 3 pi\u00e8tements diff\u00e9rents : 4 pieds en m\u00e9tal noir, 4 pieds en m\u00e9tal avec une incrustation de la couleur du plateau ou un pied central en m\u00e9tal noir. Quel sera votre choix ?<\/p>\n","protected":false},"excerpt":{"rendered":"<p>Pavarotti, table 180 x 108 cm &#8211; pied central metal<\/p>\n","protected":false},"featured_media":992877,"comment_status":"open","ping_status":"open","template":"","meta":{"_relevanssi_hide_post":"","_relevanssi_hide_content":"","_relevanssi_pin_for_all":"","_relevanssi_pin_keywords":"","_relevanssi_unpin_keywords":"","_relevanssi_related_keywords":"","_relevanssi_related_include_ids":"","_relevanssi_related_exclude_ids":"","_relevanssi_related_no_append":"","_relevanssi_related_not_related":"","_relevanssi_related_posts":"","_relevanssi_noindex_reason":""},"product_brand":[],"product_cat":[1315],"product_tag":[],"class_list":["post-796763","product","type-product","status-publish","has-post-thumbnail","product_cat-eettafels_fr_BE","first","onbackorder","sale","taxable","shipping-taxable","purchasable","product-type-simple"],"_links":{"self":[{"href":"https:\/\/www.moensmeubelen.be\/fr\/wp-json\/wp\/v2\/product\/796763","targetHints":{"allow":["GET"]}}],"collection":[{"href":"https:\/\/www.moensmeubelen.be\/fr\/wp-json\/wp\/v2\/product"}],"about":[{"href":"https:\/\/www.moensmeubelen.be\/fr\/wp-json\/wp\/v2\/types\/product"}],"replies":[{"embeddable":true,"href":"https:\/\/www.moensmeubelen.be\/fr\/wp-json\/wp\/v2\/comments?post=796763"}],"wp:featuredmedia":[{"embeddable":true,"href":"https:\/\/www.moensmeubelen.be\/fr\/wp-json\/wp\/v2\/media\/992877"}],"wp:attachment":[{"href":"https:\/\/www.moensmeubelen.be\/fr\/wp-json\/wp\/v2\/media?parent=796763"}],"wp:term":[{"taxonomy":"product_brand","embeddable":true,"href":"https:\/\/www.moensmeubelen.be\/fr\/wp-json\/wp\/v2\/product_brand?post=796763"},{"taxonomy":"product_cat","embeddable":true,"href":"https:\/\/www.moensmeubelen.be\/fr\/wp-json\/wp\/v2\/product_cat?post=796763"},{"taxonomy":"product_tag","embeddable":true,"href":"https:\/\/www.moensmeubelen.be\/fr\/wp-json\/wp\/v2\/product_tag?post=796763"}],"curies":[{"name":"wp","href":"https:\/\/api.w.org\/{rel}","templated":true}]}}

<p>La collection Pavarotti vous laisse le choix entre des tables de divers formats. Cette table mesure 180&#215;108 cm. Les tables ont toutes une forme ovale douce, arrondie qui leur confère un look authentique avec une touche de modernité. Le matériau du plateau est un Primo Laminato (HPL) de grande qualité. Ce matériau ressemble à s\&#8217;y méprendre à du vrai bois, mais demande beaucoup moins d\&#8217;entretien. Il est donc facile à nettoyer ! Les tables sont réalisées dans la couleur Barnwood. Les tables de salle à manger font 77 cm de haut. Vous avez le choix entre 3 piètements différents : 4 pieds en métal noir, 4 pieds en métal avec une incrustation de la couleur du plateau ou un pied central en métal noir. Quel sera votre choix ?</p>
