{"id":796827,"date":"2026-07-23T00:00:00","date_gmt":"2026-07-23T00:00:00","guid":{"rendered":""},"modified":"2026-07-23T09:21:39","modified_gmt":"2026-07-23T07:21:39","slug":"54848BRN-fr_BE","status":"publish","type":"product","link":"https:\/\/www.moensmeubelen.be\/fr\/produit\/54848BRN-fr_BE\/","title":{"rendered":"Pavarotti, table \u00e0 rallonge 160 (+ 50) x 110 cm &#8211; pieds de table (4) metal"},"content":{"rendered":"<p>Les tables \u00e0 rallonge de la collection Pavarotti sont hyper pratiques si vous avez de la visite ! Cette table dont le plateau est en Primo Laminato (HPL) de grande qualit\u00e9 arbore un look authentique et moderne \u00e0 la fois. En outre, elle est facile d\\&#8217;entretien. Le plateau ovale mesure 160&#215;108 cm, il peut \u00eatre allong\u00e9 de 50 cm pour atteindre 210 cm. Vous avez le choix entre 2 pi\u00e8tements diff\u00e9rents : 4 pieds en m\u00e9tal noir ou 4 pieds en m\u00e9tal avec incrustation. Quel sera votre choix ?<\/p>\n","protected":false},"excerpt":{"rendered":"<p>Pavarotti, table \u00e0 rallonge 160 (+ 50) x 110 cm &#8211; pieds de table (4) metal<\/p>\n","protected":false},"featured_media":1035472,"comment_status":"open","ping_status":"open","template":"","meta":{"_relevanssi_hide_post":"","_relevanssi_hide_content":"","_relevanssi_pin_for_all":"","_relevanssi_pin_keywords":"","_relevanssi_unpin_keywords":"","_relevanssi_related_keywords":"","_relevanssi_related_include_ids":"","_relevanssi_related_exclude_ids":"","_relevanssi_related_no_append":"","_relevanssi_related_not_related":"","_relevanssi_related_posts":"","_relevanssi_noindex_reason":""},"product_brand":[],"product_cat":[1315],"product_tag":[],"class_list":["post-796827","product","type-product","status-publish","has-post-thumbnail","product_cat-eettafels_fr_BE","first","onbackorder","sale","taxable","shipping-taxable","purchasable","product-type-simple"],"_links":{"self":[{"href":"https:\/\/www.moensmeubelen.be\/fr\/wp-json\/wp\/v2\/product\/796827","targetHints":{"allow":["GET"]}}],"collection":[{"href":"https:\/\/www.moensmeubelen.be\/fr\/wp-json\/wp\/v2\/product"}],"about":[{"href":"https:\/\/www.moensmeubelen.be\/fr\/wp-json\/wp\/v2\/types\/product"}],"replies":[{"embeddable":true,"href":"https:\/\/www.moensmeubelen.be\/fr\/wp-json\/wp\/v2\/comments?post=796827"}],"wp:featuredmedia":[{"embeddable":true,"href":"https:\/\/www.moensmeubelen.be\/fr\/wp-json\/wp\/v2\/media\/1035472"}],"wp:attachment":[{"href":"https:\/\/www.moensmeubelen.be\/fr\/wp-json\/wp\/v2\/media?parent=796827"}],"wp:term":[{"taxonomy":"product_brand","embeddable":true,"href":"https:\/\/www.moensmeubelen.be\/fr\/wp-json\/wp\/v2\/product_brand?post=796827"},{"taxonomy":"product_cat","embeddable":true,"href":"https:\/\/www.moensmeubelen.be\/fr\/wp-json\/wp\/v2\/product_cat?post=796827"},{"taxonomy":"product_tag","embeddable":true,"href":"https:\/\/www.moensmeubelen.be\/fr\/wp-json\/wp\/v2\/product_tag?post=796827"}],"curies":[{"name":"wp","href":"https:\/\/api.w.org\/{rel}","templated":true}]}}

Pavarotti, table à rallonge 160 (+ 50) x 110 cm &#8211; pieds de table (4) metal

<p>Les tables à rallonge de la collection Pavarotti sont hyper pratiques si vous avez de la visite ! Cette table dont le plateau est en Primo Laminato (HPL) de grande qualité arbore un look authentique et moderne à la fois. En outre, elle est facile d\&#8217;entretien. Le plateau ovale mesure 160&#215;108 cm, il peut être allongé de 50 cm pour atteindre 210 cm. Vous avez le choix entre 2 piètements différents : 4 pieds en métal noir ou 4 pieds en métal avec incrustation. Quel sera votre choix ?</p>

<p>Pavarotti, table à rallonge 160 (+ 50) x 110 cm &#8211; pieds de table (4) metal</p>
