{"id":799238,"date":"2026-04-16T00:00:00","date_gmt":"2026-04-16T00:00:00","guid":{"rendered":""},"modified":"2026-04-16T18:18:48","modified_gmt":"2026-04-16T16:18:48","slug":"48867CHA-fr_BE","status":"publish","type":"product","link":"https:\/\/www.moensmeubelen.be\/fr\/produit\/48867CHA-fr_BE\/","title":{"rendered":"Melle, chaise \u00e0 accoudoirs &#8211; pi\u00e9tement graphite avec function relax &#8211; pivotante &#8211; tissu Calabria &#8211; charcoal"},"content":{"rendered":"<p>MELLE est un fauteuil incroyablement confortable gr\u00e2ce \u00e0 son syst\u00e8me relax, ses ressorts ensach\u00e9s dans l\\&#8217;assise et son dossier haut pour un soutien suppl\u00e9mentaire. Il est pivotant \u00e0 360 degr\u00e9s et \u00e9quip\u00e9 d\\&#8217;une fonction de retour automatique. Le fauteuil est rev\u00eatu du luxe tissu microfibre Calabria. Allez-vous choisir cette couleur charcoal, opter pour l\\&#8217;une des autres teintes, ou cr\u00e9er un m\u00e9lange original autour de votre table \u00e0 manger ? MELLE dispose d\\&#8217;un cadre couleur graphite, \u00e9galement disponible en ch\u00eane naturel. Quelle version choisirez-vous ?<\/p>\n","protected":false},"excerpt":{"rendered":"<p>Melle, chaise \u00e0 accoudoirs &#8211; pi\u00e9tement graphite avec function relax &#8211; pivotante &#8211; tissu Calabria &#8211; charcoal<\/p>\n","protected":false},"featured_media":950341,"comment_status":"open","ping_status":"open","template":"","meta":{"_relevanssi_hide_post":"","_relevanssi_hide_content":"","_relevanssi_pin_for_all":"","_relevanssi_pin_keywords":"","_relevanssi_unpin_keywords":"","_relevanssi_related_keywords":"","_relevanssi_related_include_ids":"","_relevanssi_related_exclude_ids":"","_relevanssi_related_no_append":"","_relevanssi_related_not_related":"","_relevanssi_related_posts":"","_relevanssi_noindex_reason":""},"product_brand":[],"product_cat":[24145],"product_tag":[],"class_list":["post-799238","product","type-product","status-publish","has-post-thumbnail","product_cat-Armstoelen_fr_BE","first","onbackorder","taxable","shipping-taxable","purchasable","product-type-simple"],"_links":{"self":[{"href":"https:\/\/www.moensmeubelen.be\/fr\/wp-json\/wp\/v2\/product\/799238","targetHints":{"allow":["GET"]}}],"collection":[{"href":"https:\/\/www.moensmeubelen.be\/fr\/wp-json\/wp\/v2\/product"}],"about":[{"href":"https:\/\/www.moensmeubelen.be\/fr\/wp-json\/wp\/v2\/types\/product"}],"replies":[{"embeddable":true,"href":"https:\/\/www.moensmeubelen.be\/fr\/wp-json\/wp\/v2\/comments?post=799238"}],"wp:featuredmedia":[{"embeddable":true,"href":"https:\/\/www.moensmeubelen.be\/fr\/wp-json\/wp\/v2\/media\/950341"}],"wp:attachment":[{"href":"https:\/\/www.moensmeubelen.be\/fr\/wp-json\/wp\/v2\/media?parent=799238"}],"wp:term":[{"taxonomy":"product_brand","embeddable":true,"href":"https:\/\/www.moensmeubelen.be\/fr\/wp-json\/wp\/v2\/product_brand?post=799238"},{"taxonomy":"product_cat","embeddable":true,"href":"https:\/\/www.moensmeubelen.be\/fr\/wp-json\/wp\/v2\/product_cat?post=799238"},{"taxonomy":"product_tag","embeddable":true,"href":"https:\/\/www.moensmeubelen.be\/fr\/wp-json\/wp\/v2\/product_tag?post=799238"}],"curies":[{"name":"wp","href":"https:\/\/api.w.org\/{rel}","templated":true}]}}

Melle, chaise à accoudoirs &#8211; piétement graphite avec function relax &#8211; pivotante &#8211; tissu Calabria &#8211; charcoal

<p>MELLE est un fauteuil incroyablement confortable grâce à son système relax, ses ressorts ensachés dans l\&#8217;assise et son dossier haut pour un soutien supplémentaire. Il est pivotant à 360 degrés et équipé d\&#8217;une fonction de retour automatique. Le fauteuil est revêtu du luxe tissu microfibre Calabria. Allez-vous choisir cette couleur charcoal, opter pour l\&#8217;une des autres teintes, ou créer un mélange original autour de votre table à manger ? MELLE dispose d\&#8217;un cadre couleur graphite, également disponible en chêne naturel. Quelle version choisirez-vous ?</p>

<p>Melle, chaise à accoudoirs &#8211; piétement graphite avec function relax &#8211; pivotante &#8211; tissu Calabria &#8211; charcoal</p>
