{"id":799246,"date":"2026-04-16T00:00:00","date_gmt":"2026-04-16T00:00:00","guid":{"rendered":""},"modified":"2026-04-16T18:18:55","modified_gmt":"2026-04-16T16:18:55","slug":"48867KIE-fr_BE","status":"publish","type":"product","link":"https:\/\/www.moensmeubelen.be\/fr\/produit\/48867KIE-fr_BE\/","title":{"rendered":"Melle, chaise \u00e0 accoudoirs &#8211; pi\u00e9tement graphite avec function relax &#8211; pivotante &#8211; tissu Calabria &#8211; Caillou"},"content":{"rendered":"<p>Vous r\u00eavez d\\&#8217;un fauteuil qui soit non seulement incroyablement confortable, mais aussi un v\u00e9ritable atout visuel ? Laissez-vous surprendre par MELLE, un fauteuil avec un dossier haut, rev\u00eatu du luxe tissu microfibre Calabria en couleur galet. Il repose sur un pied \u00e0 4 branches couleur graphite, \u00e9galement disponible en ch\u00eane naturel. MELLE est \u00e9quip\u00e9 d\u2019un syst\u00e8me relax agr\u00e9able et de ressorts ensach\u00e9s dans l\\&#8217;assise. Ce fauteuil pivote \u00e0 360 degr\u00e9s et revient automatiquement \u00e0 sa position initiale. D\u00e9couvrez \u00e9galement MELLE dans les couleurs charcoal et anthracite.<\/p>\n","protected":false},"excerpt":{"rendered":"<p>Melle, chaise \u00e0 accoudoirs &#8211; pi\u00e9tement graphite avec function relax &#8211; pivotante &#8211; tissu Calabria &#8211; Caillou<\/p>\n","protected":false},"featured_media":950347,"comment_status":"open","ping_status":"open","template":"","meta":{"_relevanssi_hide_post":"","_relevanssi_hide_content":"","_relevanssi_pin_for_all":"","_relevanssi_pin_keywords":"","_relevanssi_unpin_keywords":"","_relevanssi_related_keywords":"","_relevanssi_related_include_ids":"","_relevanssi_related_exclude_ids":"","_relevanssi_related_no_append":"","_relevanssi_related_not_related":"","_relevanssi_related_posts":"","_relevanssi_noindex_reason":""},"product_brand":[],"product_cat":[24145],"product_tag":[],"class_list":["post-799246","product","type-product","status-publish","has-post-thumbnail","product_cat-Armstoelen_fr_BE","first","onbackorder","taxable","shipping-taxable","purchasable","product-type-simple"],"_links":{"self":[{"href":"https:\/\/www.moensmeubelen.be\/fr\/wp-json\/wp\/v2\/product\/799246","targetHints":{"allow":["GET"]}}],"collection":[{"href":"https:\/\/www.moensmeubelen.be\/fr\/wp-json\/wp\/v2\/product"}],"about":[{"href":"https:\/\/www.moensmeubelen.be\/fr\/wp-json\/wp\/v2\/types\/product"}],"replies":[{"embeddable":true,"href":"https:\/\/www.moensmeubelen.be\/fr\/wp-json\/wp\/v2\/comments?post=799246"}],"wp:featuredmedia":[{"embeddable":true,"href":"https:\/\/www.moensmeubelen.be\/fr\/wp-json\/wp\/v2\/media\/950347"}],"wp:attachment":[{"href":"https:\/\/www.moensmeubelen.be\/fr\/wp-json\/wp\/v2\/media?parent=799246"}],"wp:term":[{"taxonomy":"product_brand","embeddable":true,"href":"https:\/\/www.moensmeubelen.be\/fr\/wp-json\/wp\/v2\/product_brand?post=799246"},{"taxonomy":"product_cat","embeddable":true,"href":"https:\/\/www.moensmeubelen.be\/fr\/wp-json\/wp\/v2\/product_cat?post=799246"},{"taxonomy":"product_tag","embeddable":true,"href":"https:\/\/www.moensmeubelen.be\/fr\/wp-json\/wp\/v2\/product_tag?post=799246"}],"curies":[{"name":"wp","href":"https:\/\/api.w.org\/{rel}","templated":true}]}}

Melle, chaise à accoudoirs &#8211; piétement graphite avec function relax &#8211; pivotante &#8211; tissu Calabria &#8211; Caillou

<p>Vous rêvez d\&#8217;un fauteuil qui soit non seulement incroyablement confortable, mais aussi un véritable atout visuel ? Laissez-vous surprendre par MELLE, un fauteuil avec un dossier haut, revêtu du luxe tissu microfibre Calabria en couleur galet. Il repose sur un pied à 4 branches couleur graphite, également disponible en chêne naturel. MELLE est équipé d’un système relax agréable et de ressorts ensachés dans l\&#8217;assise. Ce fauteuil pivote à 360 degrés et revient automatiquement à sa position initiale. Découvrez également MELLE dans les couleurs charcoal et anthracite.</p>

<p>Melle, chaise à accoudoirs &#8211; piétement graphite avec function relax &#8211; pivotante &#8211; tissu Calabria &#8211; Caillou</p>
