{"id":799254,"date":"2026-04-16T00:00:00","date_gmt":"2026-04-16T00:00:00","guid":{"rendered":""},"modified":"2026-04-16T18:19:02","modified_gmt":"2026-04-16T16:19:02","slug":"48868ANT-fr_BE","status":"publish","type":"product","link":"https:\/\/www.moensmeubelen.be\/fr\/produit\/48868ANT-fr_BE\/","title":{"rendered":"Melle, chaise \u00e0 accoudoirs &#8211; pi\u00e9tement ch\u00eane &#8211; pivotante &#8211; tissu Calabria &#8211; Anthracite"},"content":{"rendered":"<p>Voici le fauteuil MELLE, un fauteuil \u00e9l\u00e9gant, rev\u00eatu du luxe tissu microfibre Calabria en couleur anthracite. Gr\u00e2ce \u00e0 son cadre pivotant \u00e0 360 degr\u00e9s avec fonction de retour automatique, il offre une grande flexibilit\u00e9 ! La fonction de retour automatique le rend encore plus pratique. MELLE est \u00e9quip\u00e9 de ressorts ensach\u00e9s et son dossier haut assure un excellent soutien. Ce fauteuil repose sur un pied \u00e0 4 branches en ch\u00eane naturel. Laissez-vous surprendre par toutes les autres versions disponibles de MELLE !<\/p>\n","protected":false},"excerpt":{"rendered":"<p>Melle, chaise \u00e0 accoudoirs &#8211; pi\u00e9tement ch\u00eane &#8211; pivotante &#8211; tissu Calabria &#8211; Anthracite<\/p>\n","protected":false},"featured_media":950353,"comment_status":"open","ping_status":"open","template":"","meta":{"_relevanssi_hide_post":"","_relevanssi_hide_content":"","_relevanssi_pin_for_all":"","_relevanssi_pin_keywords":"","_relevanssi_unpin_keywords":"","_relevanssi_related_keywords":"","_relevanssi_related_include_ids":"","_relevanssi_related_exclude_ids":"","_relevanssi_related_no_append":"","_relevanssi_related_not_related":"","_relevanssi_related_posts":"","_relevanssi_noindex_reason":""},"product_brand":[],"product_cat":[24145],"product_tag":[],"class_list":["post-799254","product","type-product","status-publish","has-post-thumbnail","product_cat-Armstoelen_fr_BE","first","onbackorder","taxable","shipping-taxable","purchasable","product-type-simple"],"_links":{"self":[{"href":"https:\/\/www.moensmeubelen.be\/fr\/wp-json\/wp\/v2\/product\/799254","targetHints":{"allow":["GET"]}}],"collection":[{"href":"https:\/\/www.moensmeubelen.be\/fr\/wp-json\/wp\/v2\/product"}],"about":[{"href":"https:\/\/www.moensmeubelen.be\/fr\/wp-json\/wp\/v2\/types\/product"}],"replies":[{"embeddable":true,"href":"https:\/\/www.moensmeubelen.be\/fr\/wp-json\/wp\/v2\/comments?post=799254"}],"wp:featuredmedia":[{"embeddable":true,"href":"https:\/\/www.moensmeubelen.be\/fr\/wp-json\/wp\/v2\/media\/950353"}],"wp:attachment":[{"href":"https:\/\/www.moensmeubelen.be\/fr\/wp-json\/wp\/v2\/media?parent=799254"}],"wp:term":[{"taxonomy":"product_brand","embeddable":true,"href":"https:\/\/www.moensmeubelen.be\/fr\/wp-json\/wp\/v2\/product_brand?post=799254"},{"taxonomy":"product_cat","embeddable":true,"href":"https:\/\/www.moensmeubelen.be\/fr\/wp-json\/wp\/v2\/product_cat?post=799254"},{"taxonomy":"product_tag","embeddable":true,"href":"https:\/\/www.moensmeubelen.be\/fr\/wp-json\/wp\/v2\/product_tag?post=799254"}],"curies":[{"name":"wp","href":"https:\/\/api.w.org\/{rel}","templated":true}]}}

Melle, chaise à accoudoirs &#8211; piétement chêne &#8211; pivotante &#8211; tissu Calabria &#8211; Anthracite

<p>Voici le fauteuil MELLE, un fauteuil élégant, revêtu du luxe tissu microfibre Calabria en couleur anthracite. Grâce à son cadre pivotant à 360 degrés avec fonction de retour automatique, il offre une grande flexibilité ! La fonction de retour automatique le rend encore plus pratique. MELLE est équipé de ressorts ensachés et son dossier haut assure un excellent soutien. Ce fauteuil repose sur un pied à 4 branches en chêne naturel. Laissez-vous surprendre par toutes les autres versions disponibles de MELLE !</p>

<p>Melle, chaise à accoudoirs &#8211; piétement chêne &#8211; pivotante &#8211; tissu Calabria &#8211; Anthracite</p>
