{"id":800107,"date":"2026-06-28T00:00:00","date_gmt":"2026-06-28T00:00:00","guid":{"rendered":""},"modified":"2026-06-28T13:39:03","modified_gmt":"2026-06-28T11:39:03","slug":"54686NAT-fr_BE","status":"publish","type":"product","link":"https:\/\/www.moensmeubelen.be\/fr\/produit\/54686NAT-fr_BE\/","title":{"rendered":"Avalox, table \u00e0 rallonge 190 (+ 60) x 98 cm &#8211; couleur oak natural vintage &#8211; centrale pied"},"content":{"rendered":"<p>Cette table \u00e0 manger extensible de la collection Bahia mesure 190&#215;98 cm. Avez-vous besoin de plus d\\&#8217;espace ? Il suffit ensuite d\\&#8217;allonger la table de 60 cm. Le plateau de table est fabriqu\u00e9 en Primo Laminato et est disponible en ch\u00eane naturel vintage ou en bois flott\u00e9. Cette table est disponible avec diff\u00e9rents pi\u00e8tements.<\/p>\n","protected":false},"excerpt":{"rendered":"<p>Avalox, table \u00e0 rallonge 190 (+ 60) x 98 cm &#8211; couleur oak natural vintage &#8211; centrale pied<\/p>\n","protected":false},"featured_media":992343,"comment_status":"open","ping_status":"open","template":"","meta":{"_relevanssi_hide_post":"","_relevanssi_hide_content":"","_relevanssi_pin_for_all":"","_relevanssi_pin_keywords":"","_relevanssi_unpin_keywords":"","_relevanssi_related_keywords":"","_relevanssi_related_include_ids":"","_relevanssi_related_exclude_ids":"","_relevanssi_related_no_append":"","_relevanssi_related_not_related":"","_relevanssi_related_posts":"","_relevanssi_noindex_reason":""},"product_brand":[],"product_cat":[1315],"product_tag":[],"class_list":["post-800107","product","type-product","status-publish","has-post-thumbnail","product_cat-eettafels_fr_BE","first","onbackorder","taxable","shipping-taxable","purchasable","product-type-simple"],"_links":{"self":[{"href":"https:\/\/www.moensmeubelen.be\/fr\/wp-json\/wp\/v2\/product\/800107","targetHints":{"allow":["GET"]}}],"collection":[{"href":"https:\/\/www.moensmeubelen.be\/fr\/wp-json\/wp\/v2\/product"}],"about":[{"href":"https:\/\/www.moensmeubelen.be\/fr\/wp-json\/wp\/v2\/types\/product"}],"replies":[{"embeddable":true,"href":"https:\/\/www.moensmeubelen.be\/fr\/wp-json\/wp\/v2\/comments?post=800107"}],"wp:featuredmedia":[{"embeddable":true,"href":"https:\/\/www.moensmeubelen.be\/fr\/wp-json\/wp\/v2\/media\/992343"}],"wp:attachment":[{"href":"https:\/\/www.moensmeubelen.be\/fr\/wp-json\/wp\/v2\/media?parent=800107"}],"wp:term":[{"taxonomy":"product_brand","embeddable":true,"href":"https:\/\/www.moensmeubelen.be\/fr\/wp-json\/wp\/v2\/product_brand?post=800107"},{"taxonomy":"product_cat","embeddable":true,"href":"https:\/\/www.moensmeubelen.be\/fr\/wp-json\/wp\/v2\/product_cat?post=800107"},{"taxonomy":"product_tag","embeddable":true,"href":"https:\/\/www.moensmeubelen.be\/fr\/wp-json\/wp\/v2\/product_tag?post=800107"}],"curies":[{"name":"wp","href":"https:\/\/api.w.org\/{rel}","templated":true}]}}

Avalox, table à rallonge 190 (+ 60) x 98 cm &#8211; couleur oak natural vintage &#8211; centrale pied

<p>Cette table à manger extensible de la collection Bahia mesure 190&#215;98 cm. Avez-vous besoin de plus d\&#8217;espace ? Il suffit ensuite d\&#8217;allonger la table de 60 cm. Le plateau de table est fabriqué en Primo Laminato et est disponible en chêne naturel vintage ou en bois flotté. Cette table est disponible avec différents piètements.</p>

<p>Avalox, table à rallonge 190 (+ 60) x 98 cm &#8211; couleur oak natural vintage &#8211; centrale pied</p>
