{"id":800131,"date":"2026-06-28T00:00:00","date_gmt":"2026-06-28T00:00:00","guid":{"rendered":""},"modified":"2026-06-28T13:44:57","modified_gmt":"2026-06-28T11:44:57","slug":"54710DRI-fr_BE","status":"publish","type":"product","link":"https:\/\/www.moensmeubelen.be\/fr\/produit\/54710DRI-fr_BE\/","title":{"rendered":"Avalox, table de bar 170 x 98 cm &#8211; couleur driftwood &#8211; V pied"},"content":{"rendered":"<p>Il est agr\u00e9able de d\u00eener \u00e0 cette table de bar moderne de la collection Avalox. Le plateau de table est en primo laminato, un mat\u00e9riau r\u00e9sistant et facile \u00e0 entretenir ayant l\\&#8217;apparence du bois et est disponible en 2 teintes. Pour les pieds de la table, vous avez \u00e9galement 2 options. Les pieds en V en m\u00e9tal noir donnent \u00e0 la table un caract\u00e8re robuste. Les 4 pieds s\u00e9par\u00e9s en m\u00e9tal noir renforcent le design contemporain. La table de bar est disponible en 4 tailles diff\u00e9rentes. Cette version mesure 170 x 98 cm.<\/p>\n","protected":false},"excerpt":{"rendered":"<p>Avalox, table de bar 170 x 98 cm &#8211; couleur driftwood &#8211; V pied<\/p>\n","protected":false},"featured_media":992613,"comment_status":"open","ping_status":"open","template":"","meta":{"_relevanssi_hide_post":"","_relevanssi_hide_content":"","_relevanssi_pin_for_all":"","_relevanssi_pin_keywords":"","_relevanssi_unpin_keywords":"","_relevanssi_related_keywords":"","_relevanssi_related_include_ids":"","_relevanssi_related_exclude_ids":"","_relevanssi_related_no_append":"","_relevanssi_related_not_related":"","_relevanssi_related_posts":"","_relevanssi_noindex_reason":""},"product_brand":[],"product_cat":[1314],"product_tag":[],"class_list":["post-800131","product","type-product","status-publish","has-post-thumbnail","product_cat-bartafels_fr_BE","first","onbackorder","taxable","shipping-taxable","purchasable","product-type-simple"],"_links":{"self":[{"href":"https:\/\/www.moensmeubelen.be\/fr\/wp-json\/wp\/v2\/product\/800131","targetHints":{"allow":["GET"]}}],"collection":[{"href":"https:\/\/www.moensmeubelen.be\/fr\/wp-json\/wp\/v2\/product"}],"about":[{"href":"https:\/\/www.moensmeubelen.be\/fr\/wp-json\/wp\/v2\/types\/product"}],"replies":[{"embeddable":true,"href":"https:\/\/www.moensmeubelen.be\/fr\/wp-json\/wp\/v2\/comments?post=800131"}],"wp:featuredmedia":[{"embeddable":true,"href":"https:\/\/www.moensmeubelen.be\/fr\/wp-json\/wp\/v2\/media\/992613"}],"wp:attachment":[{"href":"https:\/\/www.moensmeubelen.be\/fr\/wp-json\/wp\/v2\/media?parent=800131"}],"wp:term":[{"taxonomy":"product_brand","embeddable":true,"href":"https:\/\/www.moensmeubelen.be\/fr\/wp-json\/wp\/v2\/product_brand?post=800131"},{"taxonomy":"product_cat","embeddable":true,"href":"https:\/\/www.moensmeubelen.be\/fr\/wp-json\/wp\/v2\/product_cat?post=800131"},{"taxonomy":"product_tag","embeddable":true,"href":"https:\/\/www.moensmeubelen.be\/fr\/wp-json\/wp\/v2\/product_tag?post=800131"}],"curies":[{"name":"wp","href":"https:\/\/api.w.org\/{rel}","templated":true}]}}

<p>Il est agréable de dîner à cette table de bar moderne de la collection Avalox. Le plateau de table est en primo laminato, un matériau résistant et facile à entretenir ayant l\&#8217;apparence du bois et est disponible en 2 teintes. Pour les pieds de la table, vous avez également 2 options. Les pieds en V en métal noir donnent à la table un caractère robuste. Les 4 pieds séparés en métal noir renforcent le design contemporain. La table de bar est disponible en 4 tailles différentes. Cette version mesure 170 x 98 cm.</p>
