{"id":803556,"date":"2026-07-08T00:00:00","date_gmt":"2026-07-08T00:00:00","guid":{"rendered":"https:\/\/www.moensmeubelen.be\/product\/51473ora-fr_be\/"},"modified":"2026-07-08T14:41:03","modified_gmt":"2026-07-08T12:41:03","slug":"51473ORA-fr_BE","status":"publish","type":"product","link":"https:\/\/www.moensmeubelen.be\/fr\/produit\/51473ORA-fr_BE\/","title":{"rendered":"Rosehip mini vine fleur artificiel 105cm &#8211; Orange"},"content":{"rendered":"<p>La fleur artificielle Rosehip Mini Vine de <strong>COCO<\/strong>maison est une magnifique et ludique addition \u00e0 votre int\u00e9rieur. Avec une hauteur de 105 cm et une couleur orange vive, cette branche avec des baies rouges\/oranges apporte imm\u00e9diatement chaleur et caract\u00e8re \u00e0 votre espace. La fleur artificielle est fabriqu\u00e9e en polyester et ne n\u00e9cessite aucun entretien. La Rosehip Mini Vine est parfaite pour \u00eatre combin\u00e9e avec d\\&#8217;autres fleurs artificielles dans un bouquet ou pour \u00eatre utilis\u00e9e comme pi\u00e8ce ma\u00eetresse dans un vase. Faites briller votre int\u00e9rieur avec cette fleur artificielle, qui cr\u00e9e une ambiance joyeuse et naturelle dans chaque coin de votre maison.<\/p>\n","protected":false},"excerpt":{"rendered":"<p>Rosehip mini vine fleur artificiel 105cm &#8211; Orange<\/p>\n","protected":false},"featured_media":1029827,"comment_status":"open","ping_status":"open","template":"","meta":{"_relevanssi_hide_post":"","_relevanssi_hide_content":"","_relevanssi_pin_for_all":"","_relevanssi_pin_keywords":"","_relevanssi_unpin_keywords":"","_relevanssi_related_keywords":"","_relevanssi_related_include_ids":"","_relevanssi_related_exclude_ids":"","_relevanssi_related_no_append":"","_relevanssi_related_not_related":"","_relevanssi_related_posts":"","_relevanssi_noindex_reason":""},"product_brand":[],"product_cat":[8456],"product_tag":[],"class_list":["post-803556","product","type-product","status-publish","has-post-thumbnail","product_cat-bloemen_fr_BE","first","onbackorder","taxable","shipping-taxable","purchasable","product-type-simple"],"_links":{"self":[{"href":"https:\/\/www.moensmeubelen.be\/fr\/wp-json\/wp\/v2\/product\/803556","targetHints":{"allow":["GET"]}}],"collection":[{"href":"https:\/\/www.moensmeubelen.be\/fr\/wp-json\/wp\/v2\/product"}],"about":[{"href":"https:\/\/www.moensmeubelen.be\/fr\/wp-json\/wp\/v2\/types\/product"}],"replies":[{"embeddable":true,"href":"https:\/\/www.moensmeubelen.be\/fr\/wp-json\/wp\/v2\/comments?post=803556"}],"wp:featuredmedia":[{"embeddable":true,"href":"https:\/\/www.moensmeubelen.be\/fr\/wp-json\/wp\/v2\/media\/1029827"}],"wp:attachment":[{"href":"https:\/\/www.moensmeubelen.be\/fr\/wp-json\/wp\/v2\/media?parent=803556"}],"wp:term":[{"taxonomy":"product_brand","embeddable":true,"href":"https:\/\/www.moensmeubelen.be\/fr\/wp-json\/wp\/v2\/product_brand?post=803556"},{"taxonomy":"product_cat","embeddable":true,"href":"https:\/\/www.moensmeubelen.be\/fr\/wp-json\/wp\/v2\/product_cat?post=803556"},{"taxonomy":"product_tag","embeddable":true,"href":"https:\/\/www.moensmeubelen.be\/fr\/wp-json\/wp\/v2\/product_tag?post=803556"}],"curies":[{"name":"wp","href":"https:\/\/api.w.org\/{rel}","templated":true}]}}

<p>La fleur artificielle Rosehip Mini Vine de <strong>COCO</strong>maison est une magnifique et ludique addition à votre intérieur. Avec une hauteur de 105 cm et une couleur orange vive, cette branche avec des baies rouges/oranges apporte immédiatement chaleur et caractère à votre espace. La fleur artificielle est fabriquée en polyester et ne nécessite aucun entretien. La Rosehip Mini Vine est parfaite pour être combinée avec d\&#8217;autres fleurs artificielles dans un bouquet ou pour être utilisée comme pièce maîtresse dans un vase. Faites briller votre intérieur avec cette fleur artificielle, qui crée une ambiance joyeuse et naturelle dans chaque coin de votre maison.</p>
