{"id":803714,"date":"2026-06-28T00:00:00","date_gmt":"2026-06-28T00:00:00","guid":{"rendered":"https:\/\/www.moensmeubelen.be\/product\/53158grn-fr_be\/"},"modified":"2026-06-28T22:53:19","modified_gmt":"2026-06-28T20:53:19","slug":"53158GRN-fr_BE","status":"publish","type":"product","link":"https:\/\/www.moensmeubelen.be\/fr\/produit\/53158GRN-fr_BE\/","title":{"rendered":"Skye table d\\&#8217;appoint H45cm &#8211; Vert"},"content":{"rendered":"<p>D\u00e9couvrez la table d\\&#8217;appoint Skye de <strong>COCO<\/strong>maison, un m\u00e9lange parfait de style et de fonctionnalit\u00e9 ! Cette table massive, avec un magnifique motif de rayures et une finition brillante, est un v\u00e9ritable accroche-regard en vert et blanc. Avec une hauteur de 45 cm, Skye est totalement tendance et id\u00e9ale pour \u00eatre plac\u00e9e pr\u00e8s de la table basse ou utilis\u00e9e comme table \u00e0 plantes. Ajoutez une touche de couleur et de design \u00e0 votre int\u00e9rieur avec cette table d\\&#8217;appoint polyvalente. Skye est \u00e9galement disponible dans une variante bordeaux avec un motif de carreaux tr\u00e8s branch\u00e9e.<\/p>\n","protected":false},"excerpt":{"rendered":"<p>Skye table d\\&#8217;appoint H45cm &#8211; Vert<\/p>\n","protected":false},"featured_media":1007702,"comment_status":"open","ping_status":"open","template":"","meta":{"_relevanssi_hide_post":"","_relevanssi_hide_content":"","_relevanssi_pin_for_all":"","_relevanssi_pin_keywords":"","_relevanssi_unpin_keywords":"","_relevanssi_related_keywords":"","_relevanssi_related_include_ids":"","_relevanssi_related_exclude_ids":"","_relevanssi_related_no_append":"","_relevanssi_related_not_related":"","_relevanssi_related_posts":"","_relevanssi_noindex_reason":""},"product_brand":[],"product_cat":[5643],"product_tag":[],"class_list":["post-803714","product","type-product","status-publish","has-post-thumbnail","product_cat-bijzettafels_fr_BE","first","onbackorder","taxable","shipping-taxable","purchasable","product-type-simple"],"_links":{"self":[{"href":"https:\/\/www.moensmeubelen.be\/fr\/wp-json\/wp\/v2\/product\/803714","targetHints":{"allow":["GET"]}}],"collection":[{"href":"https:\/\/www.moensmeubelen.be\/fr\/wp-json\/wp\/v2\/product"}],"about":[{"href":"https:\/\/www.moensmeubelen.be\/fr\/wp-json\/wp\/v2\/types\/product"}],"replies":[{"embeddable":true,"href":"https:\/\/www.moensmeubelen.be\/fr\/wp-json\/wp\/v2\/comments?post=803714"}],"wp:featuredmedia":[{"embeddable":true,"href":"https:\/\/www.moensmeubelen.be\/fr\/wp-json\/wp\/v2\/media\/1007702"}],"wp:attachment":[{"href":"https:\/\/www.moensmeubelen.be\/fr\/wp-json\/wp\/v2\/media?parent=803714"}],"wp:term":[{"taxonomy":"product_brand","embeddable":true,"href":"https:\/\/www.moensmeubelen.be\/fr\/wp-json\/wp\/v2\/product_brand?post=803714"},{"taxonomy":"product_cat","embeddable":true,"href":"https:\/\/www.moensmeubelen.be\/fr\/wp-json\/wp\/v2\/product_cat?post=803714"},{"taxonomy":"product_tag","embeddable":true,"href":"https:\/\/www.moensmeubelen.be\/fr\/wp-json\/wp\/v2\/product_tag?post=803714"}],"curies":[{"name":"wp","href":"https:\/\/api.w.org\/{rel}","templated":true}]}}

<p>Découvrez la table d\&#8217;appoint Skye de <strong>COCO</strong>maison, un mélange parfait de style et de fonctionnalité ! Cette table massive, avec un magnifique motif de rayures et une finition brillante, est un véritable accroche-regard en vert et blanc. Avec une hauteur de 45 cm, Skye est totalement tendance et idéale pour être placée près de la table basse ou utilisée comme table à plantes. Ajoutez une touche de couleur et de design à votre intérieur avec cette table d\&#8217;appoint polyvalente. Skye est également disponible dans une variante bordeaux avec un motif de carreaux très branchée.</p>
