{"id":804436,"date":"2026-04-16T00:00:00","date_gmt":"2026-04-16T00:00:00","guid":{"rendered":"https:\/\/www.moensmeubelen.be\/product\/dnlf-9566874-fr_be\/"},"modified":"2026-04-16T12:59:40","modified_gmt":"2026-04-16T10:59:40","slug":"DNLF-9566874-fr_BE","status":"publish","type":"product","link":"https:\/\/www.moensmeubelen.be\/fr\/produit\/DNLF-9566874-fr_BE\/","title":{"rendered":"Wandkast Solid 248 x 51 x 240 cm Exclusief Verlichting"},"content":{"rendered":"<p>Meuble TV Solid 160 x 51 x 60 cm<br \/>\nUn meuble TV est un \u00e9l\u00e9ment essentiel du salon, non seulement pour placer votre t\u00e9l\u00e9viseur, mais aussi pour garder l\\&#8217;espace ordonn\u00e9 et organis\u00e9. Le meuble TV Solid avec des dimensions de 160 cm de large, 51 cm de profondeur et 60 cm de haut offre un \u00e9quilibre parfait entre style et fonctionnalit\u00e9.<\/p>\n","protected":false},"excerpt":{"rendered":"<p>Meuble TV Solid 160 x 51 x 60 cm<br \/>\nUn meuble TV est un \u00e9l\u00e9ment essentiel du salon, non seulement pour placer votre t\u00e9l\u00e9viseur, mais aussi pour garder l\\&#8217;espace ordonn\u00e9 et organis\u00e9. Le meuble TV Solid avec des dimensions de 160 cm de large, 51 cm de profondeur et 60 cm de haut offre un \u00e9quilibre parfait entre style et fonctionnalit\u00e9.<\/p>\n","protected":false},"featured_media":186330,"comment_status":"open","ping_status":"open","template":"","meta":{"_relevanssi_hide_post":"","_relevanssi_hide_content":"","_relevanssi_pin_for_all":"","_relevanssi_pin_keywords":"","_relevanssi_unpin_keywords":"","_relevanssi_related_keywords":"","_relevanssi_related_include_ids":"","_relevanssi_related_exclude_ids":"","_relevanssi_related_no_append":"","_relevanssi_related_not_related":"","_relevanssi_related_posts":"","_relevanssi_noindex_reason":""},"product_brand":[],"product_cat":[1321],"product_tag":[],"class_list":["post-804436","product","type-product","status-publish","has-post-thumbnail","product_cat-tv_meubels_fr_BE","first","onbackorder","taxable","shipping-taxable","purchasable","product-type-simple"],"_links":{"self":[{"href":"https:\/\/www.moensmeubelen.be\/fr\/wp-json\/wp\/v2\/product\/804436","targetHints":{"allow":["GET"]}}],"collection":[{"href":"https:\/\/www.moensmeubelen.be\/fr\/wp-json\/wp\/v2\/product"}],"about":[{"href":"https:\/\/www.moensmeubelen.be\/fr\/wp-json\/wp\/v2\/types\/product"}],"replies":[{"embeddable":true,"href":"https:\/\/www.moensmeubelen.be\/fr\/wp-json\/wp\/v2\/comments?post=804436"}],"wp:featuredmedia":[{"embeddable":true,"href":"https:\/\/www.moensmeubelen.be\/fr\/wp-json\/wp\/v2\/media\/186330"}],"wp:attachment":[{"href":"https:\/\/www.moensmeubelen.be\/fr\/wp-json\/wp\/v2\/media?parent=804436"}],"wp:term":[{"taxonomy":"product_brand","embeddable":true,"href":"https:\/\/www.moensmeubelen.be\/fr\/wp-json\/wp\/v2\/product_brand?post=804436"},{"taxonomy":"product_cat","embeddable":true,"href":"https:\/\/www.moensmeubelen.be\/fr\/wp-json\/wp\/v2\/product_cat?post=804436"},{"taxonomy":"product_tag","embeddable":true,"href":"https:\/\/www.moensmeubelen.be\/fr\/wp-json\/wp\/v2\/product_tag?post=804436"}],"curies":[{"name":"wp","href":"https:\/\/api.w.org\/{rel}","templated":true}]}}

<p>Meuble TV Solid 160 x 51 x 60 cm<br />
Un meuble TV est un élément essentiel du salon, non seulement pour placer votre téléviseur, mais aussi pour garder l\&#8217;espace ordonné et organisé. Le meuble TV Solid avec des dimensions de 160 cm de large, 51 cm de profondeur et 60 cm de haut offre un équilibre parfait entre style et fonctionnalité.</p>
