{"id":804442,"date":"2026-04-16T00:00:00","date_gmt":"2026-04-16T00:00:00","guid":{"rendered":"https:\/\/www.moensmeubelen.be\/product\/mobitec-blossomt0100afm135-180-fr_be\/"},"modified":"2026-04-16T13:09:41","modified_gmt":"2026-04-16T11:09:41","slug":"Mobitec-BLOSSOMT0100AFM135-180-fr_BE","status":"publish","type":"product","link":"https:\/\/www.moensmeubelen.be\/fr\/produit\/Mobitec-BLOSSOMT0100AFM135-180-fr_BE\/","title":{"rendered":"Mobitec &#8211; BLOSSOM T0100 AFM135-180"},"content":{"rendered":"<p>La table Mobitec incarne \u00e0 la perfection le style, la fonctionnalit\u00e9 et la qualit\u00e9, devenant le c\u0153ur de votre salle \u00e0 manger. Con\u00e7ue avec une attention particuli\u00e8re aux d\u00e9tails, cette table offre une esth\u00e9tique moderne qui \u00e9l\u00e8ve chaque espace de repas.<\/p>\n<p>Disponible dans diff\u00e9rentes tailles, vous pouvez choisir l\\&#8217;option id\u00e9ale qui s\\&#8217;adapte \u00e0 votre espace et \u00e0 votre style.<\/p>\n","protected":false},"excerpt":{"rendered":"<p>La table Mobitec incarne \u00e0 la perfection le style, la fonctionnalit\u00e9 et la qualit\u00e9, devenant le c\u0153ur de votre salle \u00e0 manger. Con\u00e7ue avec une attention particuli\u00e8re aux d\u00e9tails, cette table offre une esth\u00e9tique moderne qui \u00e9l\u00e8ve chaque espace de repas.<\/p>\n<p>Disponible dans diff\u00e9rentes tailles, vous pouvez choisir l\\&#8217;option id\u00e9ale qui s\\&#8217;adapte \u00e0 votre espace et \u00e0 votre style.<\/p>\n","protected":false},"featured_media":942263,"comment_status":"open","ping_status":"open","template":"","meta":{"_relevanssi_hide_post":"","_relevanssi_hide_content":"","_relevanssi_pin_for_all":"","_relevanssi_pin_keywords":"","_relevanssi_unpin_keywords":"","_relevanssi_related_keywords":"","_relevanssi_related_include_ids":"","_relevanssi_related_exclude_ids":"","_relevanssi_related_no_append":"","_relevanssi_related_not_related":"","_relevanssi_related_posts":"","_relevanssi_noindex_reason":""},"product_brand":[],"product_cat":[1313],"product_tag":[],"class_list":["post-804442","product","type-product","status-publish","has-post-thumbnail","product_cat-tafels_fr_BE","first","onbackorder","taxable","shipping-taxable","purchasable","product-type-simple"],"_links":{"self":[{"href":"https:\/\/www.moensmeubelen.be\/fr\/wp-json\/wp\/v2\/product\/804442","targetHints":{"allow":["GET"]}}],"collection":[{"href":"https:\/\/www.moensmeubelen.be\/fr\/wp-json\/wp\/v2\/product"}],"about":[{"href":"https:\/\/www.moensmeubelen.be\/fr\/wp-json\/wp\/v2\/types\/product"}],"replies":[{"embeddable":true,"href":"https:\/\/www.moensmeubelen.be\/fr\/wp-json\/wp\/v2\/comments?post=804442"}],"wp:featuredmedia":[{"embeddable":true,"href":"https:\/\/www.moensmeubelen.be\/fr\/wp-json\/wp\/v2\/media\/942263"}],"wp:attachment":[{"href":"https:\/\/www.moensmeubelen.be\/fr\/wp-json\/wp\/v2\/media?parent=804442"}],"wp:term":[{"taxonomy":"product_brand","embeddable":true,"href":"https:\/\/www.moensmeubelen.be\/fr\/wp-json\/wp\/v2\/product_brand?post=804442"},{"taxonomy":"product_cat","embeddable":true,"href":"https:\/\/www.moensmeubelen.be\/fr\/wp-json\/wp\/v2\/product_cat?post=804442"},{"taxonomy":"product_tag","embeddable":true,"href":"https:\/\/www.moensmeubelen.be\/fr\/wp-json\/wp\/v2\/product_tag?post=804442"}],"curies":[{"name":"wp","href":"https:\/\/api.w.org\/{rel}","templated":true}]}}

<p>La table Mobitec incarne à la perfection le style, la fonctionnalité et la qualité, devenant le cœur de votre salle à manger. Conçue avec une attention particulière aux détails, cette table offre une esthétique moderne qui élève chaque espace de repas.</p>
<p>Disponible dans différentes tailles, vous pouvez choisir l\&#8217;option idéale qui s\&#8217;adapte à votre espace et à votre style.</p>
