{"id":804532,"date":"2026-04-16T00:00:00","date_gmt":"2026-04-16T00:00:00","guid":{"rendered":"https:\/\/www.moensmeubelen.be\/product\/mobitec-slimc0310-fr_be\/"},"modified":"2026-04-16T13:11:23","modified_gmt":"2026-04-16T11:11:23","slug":"Mobitec-SLIMC0310-fr_BE","status":"publish","type":"product","link":"https:\/\/www.moensmeubelen.be\/fr\/produit\/Mobitec-SLIMC0310-fr_BE\/","title":{"rendered":"Mobitec &#8211; SLIM C0310"},"content":{"rendered":"<p>D\u00e9couvrez la combinaison parfaite de confort et d\\&#8217;\u00e9l\u00e9gance avec la chaise \u00e9l\u00e9gante de Mobitec. Cette chaise moderne est con\u00e7ue en tenant compte \u00e0 la fois de l\\&#8217;esth\u00e9tique et de la fonctionnalit\u00e9, ce qui en fait un compl\u00e9ment id\u00e9al pour tout int\u00e9rieur.<\/p>\n<p>Disponible dans diff\u00e9rentes tailles et couleurs, vous pouvez choisir l\\&#8217;option id\u00e9ale qui s\\&#8217;adapte \u00e0 votre espace et \u00e0 votre style.<\/p>\n","protected":false},"excerpt":{"rendered":"<p>D\u00e9couvrez la combinaison parfaite de confort et d\\&#8217;\u00e9l\u00e9gance avec la chaise \u00e9l\u00e9gante de Mobitec. Cette chaise moderne est con\u00e7ue en tenant compte \u00e0 la fois de l\\&#8217;esth\u00e9tique et de la fonctionnalit\u00e9, ce qui en fait un compl\u00e9ment id\u00e9al pour tout int\u00e9rieur.<\/p>\n<p>Disponible dans diff\u00e9rentes tailles et couleurs, vous pouvez choisir l\\&#8217;option id\u00e9ale qui s\\&#8217;adapte \u00e0 votre espace et \u00e0 votre style.<\/p>\n","protected":false},"featured_media":942293,"comment_status":"open","ping_status":"open","template":"","meta":{"_relevanssi_hide_post":"","_relevanssi_hide_content":"","_relevanssi_pin_for_all":"","_relevanssi_pin_keywords":"","_relevanssi_unpin_keywords":"","_relevanssi_related_keywords":"","_relevanssi_related_include_ids":"","_relevanssi_related_exclude_ids":"","_relevanssi_related_no_append":"","_relevanssi_related_not_related":"","_relevanssi_related_posts":"","_relevanssi_noindex_reason":""},"product_brand":[],"product_cat":[1312],"product_tag":[],"class_list":["post-804532","product","type-product","status-publish","has-post-thumbnail","product_cat-stoelen_fr_BE","first","onbackorder","taxable","shipping-taxable","purchasable","product-type-simple"],"_links":{"self":[{"href":"https:\/\/www.moensmeubelen.be\/fr\/wp-json\/wp\/v2\/product\/804532","targetHints":{"allow":["GET"]}}],"collection":[{"href":"https:\/\/www.moensmeubelen.be\/fr\/wp-json\/wp\/v2\/product"}],"about":[{"href":"https:\/\/www.moensmeubelen.be\/fr\/wp-json\/wp\/v2\/types\/product"}],"replies":[{"embeddable":true,"href":"https:\/\/www.moensmeubelen.be\/fr\/wp-json\/wp\/v2\/comments?post=804532"}],"wp:featuredmedia":[{"embeddable":true,"href":"https:\/\/www.moensmeubelen.be\/fr\/wp-json\/wp\/v2\/media\/942293"}],"wp:attachment":[{"href":"https:\/\/www.moensmeubelen.be\/fr\/wp-json\/wp\/v2\/media?parent=804532"}],"wp:term":[{"taxonomy":"product_brand","embeddable":true,"href":"https:\/\/www.moensmeubelen.be\/fr\/wp-json\/wp\/v2\/product_brand?post=804532"},{"taxonomy":"product_cat","embeddable":true,"href":"https:\/\/www.moensmeubelen.be\/fr\/wp-json\/wp\/v2\/product_cat?post=804532"},{"taxonomy":"product_tag","embeddable":true,"href":"https:\/\/www.moensmeubelen.be\/fr\/wp-json\/wp\/v2\/product_tag?post=804532"}],"curies":[{"name":"wp","href":"https:\/\/api.w.org\/{rel}","templated":true}]}}

<p>Découvrez la combinaison parfaite de confort et d\&#8217;élégance avec la chaise élégante de Mobitec. Cette chaise moderne est conçue en tenant compte à la fois de l\&#8217;esthétique et de la fonctionnalité, ce qui en fait un complément idéal pour tout intérieur.</p>
<p>Disponible dans différentes tailles et couleurs, vous pouvez choisir l\&#8217;option idéale qui s\&#8217;adapte à votre espace et à votre style.</p>
