{"id":804664,"date":"2025-04-20T13:56:44","date_gmt":"2025-04-20T11:56:44","guid":{"rendered":"https:\/\/www.moensmeubelen.be\/product\/perfecta-kingafm140-220-fr_be\/"},"modified":"2025-05-21T13:47:52","modified_gmt":"2025-05-21T11:47:52","slug":"perfecta-kingafm140-220-fr_be","status":"publish","type":"product","link":"https:\/\/www.moensmeubelen.be\/fr\/produit\/perfecta-kingafm140-220-fr_be\/","title":{"rendered":"Perfecta &#8211; King AFM140-220"},"content":{"rendered":"<p>Le lit Perfecta est le choix ultime pour quiconque souhaite allier confort et style dans sa chambre \u00e0 coucher. Avec son design \u00e9l\u00e9gant et moderne, ce lit constitue un magnifique point focal dans n&#8217;importe quelle chambre, que vous ayez un int\u00e9rieur minimaliste ou plus traditionnel.<\/p>\n<p>Traverses inclus, \u00e9galement disponible avec longerons.<br \/>\nLe cadre est \u00e9galement disponible dans diff\u00e9rentes couleurs.<\/p>\n","protected":false},"excerpt":{"rendered":"<p>Le lit Perfecta est le choix ultime pour quiconque souhaite allier confort et style dans sa chambre \u00e0 coucher. Avec son design \u00e9l\u00e9gant et moderne, ce lit constitue un magnifique point focal dans n&#8217;importe quelle chambre, que vous ayez un int\u00e9rieur minimaliste ou plus traditionnel.<\/p>\n<p>Traverses inclus, \u00e9galement disponible avec longerons.<br \/>\nLe cadre est \u00e9galement disponible dans diff\u00e9rentes couleurs.<\/p>\n","protected":false},"featured_media":804666,"comment_status":"open","ping_status":"closed","template":"","meta":{"_relevanssi_hide_post":"","_relevanssi_hide_content":"","_relevanssi_pin_for_all":"","_relevanssi_pin_keywords":"","_relevanssi_unpin_keywords":"","_relevanssi_related_keywords":"","_relevanssi_related_include_ids":"","_relevanssi_related_exclude_ids":"","_relevanssi_related_no_append":"","_relevanssi_related_not_related":"","_relevanssi_related_posts":"","_relevanssi_noindex_reason":""},"product_brand":[],"product_cat":[1286],"product_tag":[],"class_list":["post-804664","product","type-product","status-publish","has-post-thumbnail","product_cat-bedden_fr_BE","first","onbackorder","taxable","shipping-taxable","purchasable","product-type-simple"],"_links":{"self":[{"href":"https:\/\/www.moensmeubelen.be\/fr\/wp-json\/wp\/v2\/product\/804664","targetHints":{"allow":["GET"]}}],"collection":[{"href":"https:\/\/www.moensmeubelen.be\/fr\/wp-json\/wp\/v2\/product"}],"about":[{"href":"https:\/\/www.moensmeubelen.be\/fr\/wp-json\/wp\/v2\/types\/product"}],"replies":[{"embeddable":true,"href":"https:\/\/www.moensmeubelen.be\/fr\/wp-json\/wp\/v2\/comments?post=804664"}],"wp:featuredmedia":[{"embeddable":true,"href":"https:\/\/www.moensmeubelen.be\/fr\/wp-json\/wp\/v2\/media\/804666"}],"wp:attachment":[{"href":"https:\/\/www.moensmeubelen.be\/fr\/wp-json\/wp\/v2\/media?parent=804664"}],"wp:term":[{"taxonomy":"product_brand","embeddable":true,"href":"https:\/\/www.moensmeubelen.be\/fr\/wp-json\/wp\/v2\/product_brand?post=804664"},{"taxonomy":"product_cat","embeddable":true,"href":"https:\/\/www.moensmeubelen.be\/fr\/wp-json\/wp\/v2\/product_cat?post=804664"},{"taxonomy":"product_tag","embeddable":true,"href":"https:\/\/www.moensmeubelen.be\/fr\/wp-json\/wp\/v2\/product_tag?post=804664"}],"curies":[{"name":"wp","href":"https:\/\/api.w.org\/{rel}","templated":true}]}}

<p>Le lit Perfecta est le choix ultime pour quiconque souhaite allier confort et style dans sa chambre à coucher. Avec son design élégant et moderne, ce lit constitue un magnifique point focal dans n&#8217;importe quelle chambre, que vous ayez un intérieur minimaliste ou plus traditionnel.</p>
<p>Traverses inclus, également disponible avec longerons.<br />
Le cadre est également disponible dans différentes couleurs.</p>
