{"id":804716,"date":"2026-04-23T00:00:00","date_gmt":"2026-04-23T00:00:00","guid":{"rendered":"https:\/\/www.moensmeubelen.be\/product\/perfecta-qubehaafm189-110-fr_be\/"},"modified":"2026-04-23T22:33:39","modified_gmt":"2026-04-23T20:33:39","slug":"Perfecta-QubeHAAFM189-110-fr_BE","status":"publish","type":"product","link":"https:\/\/www.moensmeubelen.be\/fr\/produit\/Perfecta-QubeHAAFM189-110-fr_BE\/","title":{"rendered":"Perfecta &#8211; Qube HA AFM189-110"},"content":{"rendered":"<p>La table haute Perfecta est un compl\u00e9ment parfait pour tout espace de repas moderne ou cuisine. Avec son design \u00e9pur\u00e9 et contemporain, cette table haute apporte une touche d\\&#8217;\u00e9l\u00e9gance et de style \u00e0 votre int\u00e9rieur.<\/p>\n<p>Disponible en diff\u00e9rentes couleurs.<\/p>\n","protected":false},"excerpt":{"rendered":"<p>La table haute Perfecta est un compl\u00e9ment parfait pour tout espace de repas moderne ou cuisine. Avec son design \u00e9pur\u00e9 et contemporain, cette table haute apporte une touche d\\&#8217;\u00e9l\u00e9gance et de style \u00e0 votre int\u00e9rieur.<\/p>\n<p>Disponible en diff\u00e9rentes couleurs.<\/p>\n","protected":false},"featured_media":804718,"comment_status":"open","ping_status":"open","template":"","meta":{"_relevanssi_hide_post":"","_relevanssi_hide_content":"","_relevanssi_pin_for_all":"","_relevanssi_pin_keywords":"","_relevanssi_unpin_keywords":"","_relevanssi_related_keywords":"","_relevanssi_related_include_ids":"","_relevanssi_related_exclude_ids":"","_relevanssi_related_no_append":"","_relevanssi_related_not_related":"","_relevanssi_related_posts":"","_relevanssi_noindex_reason":""},"product_brand":[],"product_cat":[18974],"product_tag":[],"class_list":["post-804716","product","type-product","status-publish","has-post-thumbnail","product_cat-hoge_tafels_fr_BE","first","onbackorder","taxable","shipping-taxable","purchasable","product-type-simple"],"_links":{"self":[{"href":"https:\/\/www.moensmeubelen.be\/fr\/wp-json\/wp\/v2\/product\/804716","targetHints":{"allow":["GET"]}}],"collection":[{"href":"https:\/\/www.moensmeubelen.be\/fr\/wp-json\/wp\/v2\/product"}],"about":[{"href":"https:\/\/www.moensmeubelen.be\/fr\/wp-json\/wp\/v2\/types\/product"}],"replies":[{"embeddable":true,"href":"https:\/\/www.moensmeubelen.be\/fr\/wp-json\/wp\/v2\/comments?post=804716"}],"wp:featuredmedia":[{"embeddable":true,"href":"https:\/\/www.moensmeubelen.be\/fr\/wp-json\/wp\/v2\/media\/804718"}],"wp:attachment":[{"href":"https:\/\/www.moensmeubelen.be\/fr\/wp-json\/wp\/v2\/media?parent=804716"}],"wp:term":[{"taxonomy":"product_brand","embeddable":true,"href":"https:\/\/www.moensmeubelen.be\/fr\/wp-json\/wp\/v2\/product_brand?post=804716"},{"taxonomy":"product_cat","embeddable":true,"href":"https:\/\/www.moensmeubelen.be\/fr\/wp-json\/wp\/v2\/product_cat?post=804716"},{"taxonomy":"product_tag","embeddable":true,"href":"https:\/\/www.moensmeubelen.be\/fr\/wp-json\/wp\/v2\/product_tag?post=804716"}],"curies":[{"name":"wp","href":"https:\/\/api.w.org\/{rel}","templated":true}]}}

<p>La table haute Perfecta est un complément parfait pour tout espace de repas moderne ou cuisine. Avec son design épuré et contemporain, cette table haute apporte une touche d\&#8217;élégance et de style à votre intérieur.</p>
<p>Disponible en différentes couleurs.</p>
