{"id":804796,"date":"2025-04-20T13:58:49","date_gmt":"2025-04-20T11:58:49","guid":{"rendered":"https:\/\/www.moensmeubelen.be\/product\/perfecta-team-fr_be\/"},"modified":"2025-05-21T13:47:50","modified_gmt":"2025-05-21T11:47:50","slug":"perfecta-team-fr_be","status":"publish","type":"product","link":"https:\/\/www.moensmeubelen.be\/fr\/produit\/perfecta-team-fr_be\/","title":{"rendered":"Perfecta &#8211; Team"},"content":{"rendered":"<p>Le lit superpos\u00e9 est la solution id\u00e9ale pour tout espace o\u00f9 l&#8217;efficacit\u00e9 et le style se rencontrent. Fabriqu\u00e9 \u00e0 partir de mat\u00e9riaux durables, le lit superpos\u00e9 est \u00e0 la fois solide et attrayant, adapt\u00e9 aux chambres d&#8217;enfants, aux studios d&#8217;\u00e9tudiants ou aux chambres d&#8217;amis.<\/p>\n<p>Disponible dans diff\u00e9rentes couleurs.<\/p>\n","protected":false},"excerpt":{"rendered":"<p>Le lit superpos\u00e9 est la solution id\u00e9ale pour tout espace o\u00f9 l&#8217;efficacit\u00e9 et le style se rencontrent. Fabriqu\u00e9 \u00e0 partir de mat\u00e9riaux durables, le lit superpos\u00e9 est \u00e0 la fois solide et attrayant, adapt\u00e9 aux chambres d&#8217;enfants, aux studios d&#8217;\u00e9tudiants ou aux chambres d&#8217;amis.<\/p>\n<p>Disponible dans diff\u00e9rentes couleurs.<\/p>\n","protected":false},"featured_media":804798,"comment_status":"open","ping_status":"closed","template":"","meta":{"_relevanssi_hide_post":"","_relevanssi_hide_content":"","_relevanssi_pin_for_all":"","_relevanssi_pin_keywords":"","_relevanssi_unpin_keywords":"","_relevanssi_related_keywords":"","_relevanssi_related_include_ids":"","_relevanssi_related_exclude_ids":"","_relevanssi_related_no_append":"","_relevanssi_related_not_related":"","_relevanssi_related_posts":"","_relevanssi_noindex_reason":""},"product_brand":[],"product_cat":[1286],"product_tag":[],"class_list":["post-804796","product","type-product","status-publish","has-post-thumbnail","product_cat-bedden_fr_BE","first","onbackorder","taxable","shipping-taxable","purchasable","product-type-simple"],"_links":{"self":[{"href":"https:\/\/www.moensmeubelen.be\/fr\/wp-json\/wp\/v2\/product\/804796","targetHints":{"allow":["GET"]}}],"collection":[{"href":"https:\/\/www.moensmeubelen.be\/fr\/wp-json\/wp\/v2\/product"}],"about":[{"href":"https:\/\/www.moensmeubelen.be\/fr\/wp-json\/wp\/v2\/types\/product"}],"replies":[{"embeddable":true,"href":"https:\/\/www.moensmeubelen.be\/fr\/wp-json\/wp\/v2\/comments?post=804796"}],"wp:featuredmedia":[{"embeddable":true,"href":"https:\/\/www.moensmeubelen.be\/fr\/wp-json\/wp\/v2\/media\/804798"}],"wp:attachment":[{"href":"https:\/\/www.moensmeubelen.be\/fr\/wp-json\/wp\/v2\/media?parent=804796"}],"wp:term":[{"taxonomy":"product_brand","embeddable":true,"href":"https:\/\/www.moensmeubelen.be\/fr\/wp-json\/wp\/v2\/product_brand?post=804796"},{"taxonomy":"product_cat","embeddable":true,"href":"https:\/\/www.moensmeubelen.be\/fr\/wp-json\/wp\/v2\/product_cat?post=804796"},{"taxonomy":"product_tag","embeddable":true,"href":"https:\/\/www.moensmeubelen.be\/fr\/wp-json\/wp\/v2\/product_tag?post=804796"}],"curies":[{"name":"wp","href":"https:\/\/api.w.org\/{rel}","templated":true}]}}

<p>Le lit superposé est la solution idéale pour tout espace où l&#8217;efficacité et le style se rencontrent. Fabriqué à partir de matériaux durables, le lit superposé est à la fois solide et attrayant, adapté aux chambres d&#8217;enfants, aux studios d&#8217;étudiants ou aux chambres d&#8217;amis.</p>
<p>Disponible dans différentes couleurs.</p>
