{"id":804876,"date":"2025-04-20T14:00:11","date_gmt":"2025-04-20T12:00:11","guid":{"rendered":"https:\/\/www.moensmeubelen.be\/product\/perfecta-trevi3metafm50-45-fr_be\/"},"modified":"2025-05-21T13:47:49","modified_gmt":"2025-05-21T11:47:49","slug":"perfecta-trevi3metafm50-45-fr_be","status":"publish","type":"product","link":"https:\/\/www.moensmeubelen.be\/fr\/produit\/perfecta-trevi3metafm50-45-fr_be\/","title":{"rendered":"Perfecta &#8211; Trevi 3 MET AFM50-45"},"content":{"rendered":"<p>La table de nuit Perfecta est l&#8217;ajout id\u00e9al pour toute chambre \u00e0 coucher, o\u00f9 le style et la fonctionnalit\u00e9 se rencontrent. Avec son design \u00e9pur\u00e9 et moderne, cette table de nuit s\u2019int\u00e8gre parfaitement dans tous les int\u00e9rieurs, du minimaliste au contemporain.<\/p>\n<p>Diff\u00e9rentes couleurs disponibles.<\/p>\n","protected":false},"excerpt":{"rendered":"<p>La table de nuit Perfecta est l&#8217;ajout id\u00e9al pour toute chambre \u00e0 coucher, o\u00f9 le style et la fonctionnalit\u00e9 se rencontrent. Avec son design \u00e9pur\u00e9 et moderne, cette table de nuit s\u2019int\u00e8gre parfaitement dans tous les int\u00e9rieurs, du minimaliste au contemporain.<\/p>\n<p>Diff\u00e9rentes couleurs disponibles.<\/p>\n","protected":false},"featured_media":804878,"comment_status":"open","ping_status":"closed","template":"","meta":{"_relevanssi_hide_post":"","_relevanssi_hide_content":"","_relevanssi_pin_for_all":"","_relevanssi_pin_keywords":"","_relevanssi_unpin_keywords":"","_relevanssi_related_keywords":"","_relevanssi_related_include_ids":"","_relevanssi_related_exclude_ids":"","_relevanssi_related_no_append":"","_relevanssi_related_not_related":"","_relevanssi_related_posts":"","_relevanssi_noindex_reason":""},"product_brand":[],"product_cat":[24211],"product_tag":[],"class_list":["post-804876","product","type-product","status-publish","has-post-thumbnail","product_cat-nachttafels_fr_BE","first","onbackorder","taxable","shipping-taxable","purchasable","product-type-simple"],"_links":{"self":[{"href":"https:\/\/www.moensmeubelen.be\/fr\/wp-json\/wp\/v2\/product\/804876","targetHints":{"allow":["GET"]}}],"collection":[{"href":"https:\/\/www.moensmeubelen.be\/fr\/wp-json\/wp\/v2\/product"}],"about":[{"href":"https:\/\/www.moensmeubelen.be\/fr\/wp-json\/wp\/v2\/types\/product"}],"replies":[{"embeddable":true,"href":"https:\/\/www.moensmeubelen.be\/fr\/wp-json\/wp\/v2\/comments?post=804876"}],"wp:featuredmedia":[{"embeddable":true,"href":"https:\/\/www.moensmeubelen.be\/fr\/wp-json\/wp\/v2\/media\/804878"}],"wp:attachment":[{"href":"https:\/\/www.moensmeubelen.be\/fr\/wp-json\/wp\/v2\/media?parent=804876"}],"wp:term":[{"taxonomy":"product_brand","embeddable":true,"href":"https:\/\/www.moensmeubelen.be\/fr\/wp-json\/wp\/v2\/product_brand?post=804876"},{"taxonomy":"product_cat","embeddable":true,"href":"https:\/\/www.moensmeubelen.be\/fr\/wp-json\/wp\/v2\/product_cat?post=804876"},{"taxonomy":"product_tag","embeddable":true,"href":"https:\/\/www.moensmeubelen.be\/fr\/wp-json\/wp\/v2\/product_tag?post=804876"}],"curies":[{"name":"wp","href":"https:\/\/api.w.org\/{rel}","templated":true}]}}

<p>La table de nuit Perfecta est l&#8217;ajout idéal pour toute chambre à coucher, où le style et la fonctionnalité se rencontrent. Avec son design épuré et moderne, cette table de nuit s’intègre parfaitement dans tous les intérieurs, du minimaliste au contemporain.</p>
<p>Différentes couleurs disponibles.</p>
