{"id":805092,"date":"2026-04-16T00:00:00","date_gmt":"2026-04-16T00:00:00","guid":{"rendered":"https:\/\/www.moensmeubelen.be\/product\/tabrond-ep91-hp90-fr_be\/"},"modified":"2026-04-16T14:04:27","modified_gmt":"2026-04-16T12:04:27","slug":"tabrond-ep91-hp90-fr_be","status":"publish","type":"product","link":"https:\/\/www.moensmeubelen.be\/fr\/produit\/tabrond-ep91-hp90-fr_be\/","title":{"rendered":"Perfecta &#8211; TabCollege ep91 HP90"},"content":{"rendered":"<p>Le tabouret Perfecta est le compl\u00e9ment parfait pour tout espace, que ce soit votre salle \u00e0 manger, votre cuisine ou votre bar. Avec son design \u00e9l\u00e9gant et sa polyvalence fonctionnelle, ce tabouret est id\u00e9al pour un usage quotidien comme pour des occasions sp\u00e9ciales.<\/p>\n<p>Diff\u00e9rentes couleurs sont disponibles, veuillez nous contacter pour plus d\\&#8217;informations.<\/p>\n","protected":false},"excerpt":{"rendered":"<p>Le tabouret Perfecta est le compl\u00e9ment parfait pour tout espace, que ce soit votre salle \u00e0 manger, votre cuisine ou votre bar. Avec son design \u00e9l\u00e9gant et sa polyvalence fonctionnelle, ce tabouret est id\u00e9al pour un usage quotidien comme pour des occasions sp\u00e9ciales.<\/p>\n<p>Diff\u00e9rentes couleurs sont disponibles, veuillez nous contacter pour plus d\\&#8217;informations.<\/p>\n","protected":false},"featured_media":474337,"comment_status":"open","ping_status":"open","template":"","meta":{"_relevanssi_hide_post":"","_relevanssi_hide_content":"","_relevanssi_pin_for_all":"","_relevanssi_pin_keywords":"","_relevanssi_unpin_keywords":"","_relevanssi_related_keywords":"","_relevanssi_related_include_ids":"","_relevanssi_related_exclude_ids":"","_relevanssi_related_no_append":"","_relevanssi_related_not_related":"","_relevanssi_related_posts":"","_relevanssi_noindex_reason":""},"product_brand":[],"product_cat":[1373],"product_tag":[],"class_list":["post-805092","product","type-product","status-publish","has-post-thumbnail","product_cat-barkrukken_fr_BE","first","onbackorder","taxable","shipping-taxable","purchasable","product-type-simple"],"_links":{"self":[{"href":"https:\/\/www.moensmeubelen.be\/fr\/wp-json\/wp\/v2\/product\/805092","targetHints":{"allow":["GET"]}}],"collection":[{"href":"https:\/\/www.moensmeubelen.be\/fr\/wp-json\/wp\/v2\/product"}],"about":[{"href":"https:\/\/www.moensmeubelen.be\/fr\/wp-json\/wp\/v2\/types\/product"}],"replies":[{"embeddable":true,"href":"https:\/\/www.moensmeubelen.be\/fr\/wp-json\/wp\/v2\/comments?post=805092"}],"wp:featuredmedia":[{"embeddable":true,"href":"https:\/\/www.moensmeubelen.be\/fr\/wp-json\/wp\/v2\/media\/474337"}],"wp:attachment":[{"href":"https:\/\/www.moensmeubelen.be\/fr\/wp-json\/wp\/v2\/media?parent=805092"}],"wp:term":[{"taxonomy":"product_brand","embeddable":true,"href":"https:\/\/www.moensmeubelen.be\/fr\/wp-json\/wp\/v2\/product_brand?post=805092"},{"taxonomy":"product_cat","embeddable":true,"href":"https:\/\/www.moensmeubelen.be\/fr\/wp-json\/wp\/v2\/product_cat?post=805092"},{"taxonomy":"product_tag","embeddable":true,"href":"https:\/\/www.moensmeubelen.be\/fr\/wp-json\/wp\/v2\/product_tag?post=805092"}],"curies":[{"name":"wp","href":"https:\/\/api.w.org\/{rel}","templated":true}]}}

<p>Le tabouret Perfecta est le complément parfait pour tout espace, que ce soit votre salle à manger, votre cuisine ou votre bar. Avec son design élégant et sa polyvalence fonctionnelle, ce tabouret est idéal pour un usage quotidien comme pour des occasions spéciales.</p>
<p>Différentes couleurs sont disponibles, veuillez nous contacter pour plus d\&#8217;informations.</p>
