{"id":805144,"date":"2026-04-16T00:00:00","date_gmt":"2026-04-16T00:00:00","guid":{"rendered":"https:\/\/www.moensmeubelen.be\/product\/thdrsjura-fr_be\/"},"modified":"2026-04-16T14:05:20","modified_gmt":"2026-04-16T12:05:20","slug":"THDRSJURA-fr_BE","status":"publish","type":"product","link":"https:\/\/www.moensmeubelen.be\/fr\/produit\/THDRSJURA-fr_BE\/","title":{"rendered":"Dressoir Jura"},"content":{"rendered":"<p>Buffet Jura<\/p>\n<p>D\u00e9couvrez notre collection de salle \u00e0 manger Jura, fabriqu\u00e9e en Belgique en ch\u00eane massif. Le bois est bross\u00e9 pour accentuer sa texture naturelle. Ce buffet est le plus grand mod\u00e8le et comprend deux grandes portes en bois, deux petites portes en bois et deux tiroirs.<\/p>\n<p>Les couleurs recommand\u00e9es pour le programme Jura sont :<\/p>\n<p>E14M<br \/>\nE02M<br \/>\nEL99<br \/>\nWWM<\/p>\n","protected":false},"excerpt":{"rendered":"<p>Buffet Jura<\/p>\n<p>D\u00e9couvrez notre collection de salle \u00e0 manger Jura, fabriqu\u00e9e en Belgique en ch\u00eane massif. Le bois est bross\u00e9 pour accentuer sa texture naturelle. Ce buffet est le plus grand mod\u00e8le et comprend deux grandes portes en bois, deux petites portes en bois et deux tiroirs.<\/p>\n","protected":false},"featured_media":186416,"comment_status":"open","ping_status":"open","template":"","meta":{"_relevanssi_hide_post":"","_relevanssi_hide_content":"","_relevanssi_pin_for_all":"","_relevanssi_pin_keywords":"","_relevanssi_unpin_keywords":"","_relevanssi_related_keywords":"","_relevanssi_related_include_ids":"","_relevanssi_related_exclude_ids":"","_relevanssi_related_no_append":"","_relevanssi_related_not_related":"","_relevanssi_related_posts":"","_relevanssi_noindex_reason":""},"product_brand":[],"product_cat":[1377],"product_tag":[],"class_list":["post-805144","product","type-product","status-publish","has-post-thumbnail","product_cat-dressoirs_fr_BE","first","onbackorder","taxable","shipping-taxable","purchasable","product-type-simple"],"_links":{"self":[{"href":"https:\/\/www.moensmeubelen.be\/fr\/wp-json\/wp\/v2\/product\/805144","targetHints":{"allow":["GET"]}}],"collection":[{"href":"https:\/\/www.moensmeubelen.be\/fr\/wp-json\/wp\/v2\/product"}],"about":[{"href":"https:\/\/www.moensmeubelen.be\/fr\/wp-json\/wp\/v2\/types\/product"}],"replies":[{"embeddable":true,"href":"https:\/\/www.moensmeubelen.be\/fr\/wp-json\/wp\/v2\/comments?post=805144"}],"wp:featuredmedia":[{"embeddable":true,"href":"https:\/\/www.moensmeubelen.be\/fr\/wp-json\/wp\/v2\/media\/186416"}],"wp:attachment":[{"href":"https:\/\/www.moensmeubelen.be\/fr\/wp-json\/wp\/v2\/media?parent=805144"}],"wp:term":[{"taxonomy":"product_brand","embeddable":true,"href":"https:\/\/www.moensmeubelen.be\/fr\/wp-json\/wp\/v2\/product_brand?post=805144"},{"taxonomy":"product_cat","embeddable":true,"href":"https:\/\/www.moensmeubelen.be\/fr\/wp-json\/wp\/v2\/product_cat?post=805144"},{"taxonomy":"product_tag","embeddable":true,"href":"https:\/\/www.moensmeubelen.be\/fr\/wp-json\/wp\/v2\/product_tag?post=805144"}],"curies":[{"name":"wp","href":"https:\/\/api.w.org\/{rel}","templated":true}]}}

<p>Buffet Jura</p>
<p>Découvrez notre collection de salle à manger Jura, fabriquée en Belgique en chêne massif. Le bois est brossé pour accentuer sa texture naturelle. Ce buffet est le plus grand modèle et comprend deux grandes portes en bois, deux petites portes en bois et deux tiroirs.</p>
<p>Les couleurs recommandées pour le programme Jura sont :</p>
<p>E14M<br />
E02M<br />
EL99<br />
WWM</p>

<p>Buffet Jura</p>
<p>Découvrez notre collection de salle à manger Jura, fabriquée en Belgique en chêne massif. Le bois est brossé pour accentuer sa texture naturelle. Ce buffet est le plus grand modèle et comprend deux grandes portes en bois, deux petites portes en bois et deux tiroirs.</p>
