{"id":805146,"date":"2026-04-16T00:00:00","date_gmt":"2026-04-16T00:00:00","guid":{"rendered":"https:\/\/www.moensmeubelen.be\/product\/theuns-jura-fr_be\/"},"modified":"2026-04-16T14:05:26","modified_gmt":"2026-04-16T12:05:26","slug":"theuns-jura-fr_BE","status":"publish","type":"product","link":"https:\/\/www.moensmeubelen.be\/fr\/produit\/theuns-jura-fr_BE\/","title":{"rendered":"Chaise Jura in Bull &#8211; ST"},"content":{"rendered":"<p>Chaise \u00e9l\u00e9gante mais robuste Jura, en rev\u00eatement Bull. Elle est dot\u00e9e d\\&#8217;un pied tra\u00eeneau en m\u00e9tal noir \u00e9l\u00e9gant. Le coussin de l\\&#8217;assise et du dossier sont extra \u00e9pais pour un confort accru. Cette chaise est non seulement belle mais aussi tr\u00e8s confortable.<\/p>\n<p>Les rev\u00eatements Bull possibles sont :<\/p>\n<p>&#8211; 701 bull antracite 67<br \/>\n&#8211; 702 bull graphite 66<br \/>\n&#8211; 703 bull grey 65<br \/>\n&#8211; 704 bull liver 10<br \/>\n&#8211; 705 bull moss 59<\/p>\n<p>De plus, cette chaise est disponible en tissu Granada :<\/p>\n<p>&#8211; L801 granada ash<br \/>\n&#8211; L802 granada graphite<br \/>\n&#8211; L803 granada moss<br \/>\n&#8211; L804 granada ebony<br \/>\n&#8211; L805 granada cognac<br \/>\n&#8211; L806 granada savannah<\/p>\n","protected":false},"excerpt":{"rendered":"<p>Chaise \u00e9l\u00e9gante mais robuste Jura, en rev\u00eatement Bull. Elle est dot\u00e9e d\\&#8217;un pied tra\u00eeneau en m\u00e9tal noir \u00e9l\u00e9gant. Le coussin de l\\&#8217;assise et du dossier sont extra \u00e9pais pour un confort accru. Cette chaise est non seulement belle mais aussi tr\u00e8s confortable.<\/p>\n","protected":false},"featured_media":186426,"comment_status":"open","ping_status":"open","template":"","meta":{"_relevanssi_hide_post":"","_relevanssi_hide_content":"","_relevanssi_pin_for_all":"","_relevanssi_pin_keywords":"","_relevanssi_unpin_keywords":"","_relevanssi_related_keywords":"","_relevanssi_related_include_ids":"","_relevanssi_related_exclude_ids":"","_relevanssi_related_no_append":"","_relevanssi_related_not_related":"","_relevanssi_related_posts":"","_relevanssi_noindex_reason":""},"product_brand":[],"product_cat":[1312],"product_tag":[],"class_list":["post-805146","product","type-product","status-publish","has-post-thumbnail","product_cat-stoelen_fr_BE","first","onbackorder","taxable","shipping-taxable","purchasable","product-type-simple"],"_links":{"self":[{"href":"https:\/\/www.moensmeubelen.be\/fr\/wp-json\/wp\/v2\/product\/805146","targetHints":{"allow":["GET"]}}],"collection":[{"href":"https:\/\/www.moensmeubelen.be\/fr\/wp-json\/wp\/v2\/product"}],"about":[{"href":"https:\/\/www.moensmeubelen.be\/fr\/wp-json\/wp\/v2\/types\/product"}],"replies":[{"embeddable":true,"href":"https:\/\/www.moensmeubelen.be\/fr\/wp-json\/wp\/v2\/comments?post=805146"}],"wp:featuredmedia":[{"embeddable":true,"href":"https:\/\/www.moensmeubelen.be\/fr\/wp-json\/wp\/v2\/media\/186426"}],"wp:attachment":[{"href":"https:\/\/www.moensmeubelen.be\/fr\/wp-json\/wp\/v2\/media?parent=805146"}],"wp:term":[{"taxonomy":"product_brand","embeddable":true,"href":"https:\/\/www.moensmeubelen.be\/fr\/wp-json\/wp\/v2\/product_brand?post=805146"},{"taxonomy":"product_cat","embeddable":true,"href":"https:\/\/www.moensmeubelen.be\/fr\/wp-json\/wp\/v2\/product_cat?post=805146"},{"taxonomy":"product_tag","embeddable":true,"href":"https:\/\/www.moensmeubelen.be\/fr\/wp-json\/wp\/v2\/product_tag?post=805146"}],"curies":[{"name":"wp","href":"https:\/\/api.w.org\/{rel}","templated":true}]}}

<p>Chaise élégante mais robuste Jura, en revêtement Bull. Elle est dotée d\&#8217;un pied traîneau en métal noir élégant. Le coussin de l\&#8217;assise et du dossier sont extra épais pour un confort accru. Cette chaise est non seulement belle mais aussi très confortable.</p>
<p>Les revêtements Bull possibles sont :</p>
<p>&#8211; 701 bull antracite 67<br />
&#8211; 702 bull graphite 66<br />
&#8211; 703 bull grey 65<br />
&#8211; 704 bull liver 10<br />
&#8211; 705 bull moss 59</p>
<p>De plus, cette chaise est disponible en tissu Granada :</p>
<p>&#8211; L801 granada ash<br />
&#8211; L802 granada graphite<br />
&#8211; L803 granada moss<br />
&#8211; L804 granada ebony<br />
&#8211; L805 granada cognac<br />
&#8211; L806 granada savannah</p>

<p>Chaise élégante mais robuste Jura, en revêtement Bull. Elle est dotée d\&#8217;un pied traîneau en métal noir élégant. Le coussin de l\&#8217;assise et du dossier sont extra épais pour un confort accru. Cette chaise est non seulement belle mais aussi très confortable.</p>
