{"id":805166,"date":"2026-04-16T00:00:00","date_gmt":"2026-04-16T00:00:00","guid":{"rendered":"https:\/\/www.moensmeubelen.be\/product\/thn-jura-tv-fr_be\/"},"modified":"2026-04-16T14:05:41","modified_gmt":"2026-04-16T12:05:41","slug":"thn-jura-tv-fr_BE","status":"publish","type":"product","link":"https:\/\/www.moensmeubelen.be\/fr\/produit\/thn-jura-tv-fr_BE\/","title":{"rendered":"Meuble TV Jura 2 portes &#8211; TV2"},"content":{"rendered":"<p>D\u00e9couvrez notre programme de salle \u00e0 manger Jura, de fabrication belge en ch\u00eane massif. Le bois est bross\u00e9 pour mieux faire ressortir la structure du bois. Ce meuble TV est le plus petit et dispose de 2 portes en bois.<\/p>\n","protected":false},"excerpt":{"rendered":"<p>D\u00e9couvrez notre programme de salle \u00e0 manger Jura, de fabrication belge en ch\u00eane massif. Le bois est bross\u00e9 pour mieux faire ressortir la structure du bois. Ce meuble TV est le plus petit et dispose de 2 portes en bois.<\/p>\n","protected":false},"featured_media":943044,"comment_status":"open","ping_status":"open","template":"","meta":{"_relevanssi_hide_post":"","_relevanssi_hide_content":"","_relevanssi_pin_for_all":"","_relevanssi_pin_keywords":"","_relevanssi_unpin_keywords":"","_relevanssi_related_keywords":"","_relevanssi_related_include_ids":"","_relevanssi_related_exclude_ids":"","_relevanssi_related_no_append":"","_relevanssi_related_not_related":"","_relevanssi_related_posts":"","_relevanssi_noindex_reason":""},"product_brand":[],"product_cat":[1321],"product_tag":[],"class_list":["post-805166","product","type-product","status-publish","has-post-thumbnail","product_cat-tv_meubels_fr_BE","first","onbackorder","taxable","shipping-taxable","purchasable","product-type-simple"],"_links":{"self":[{"href":"https:\/\/www.moensmeubelen.be\/fr\/wp-json\/wp\/v2\/product\/805166","targetHints":{"allow":["GET"]}}],"collection":[{"href":"https:\/\/www.moensmeubelen.be\/fr\/wp-json\/wp\/v2\/product"}],"about":[{"href":"https:\/\/www.moensmeubelen.be\/fr\/wp-json\/wp\/v2\/types\/product"}],"replies":[{"embeddable":true,"href":"https:\/\/www.moensmeubelen.be\/fr\/wp-json\/wp\/v2\/comments?post=805166"}],"wp:featuredmedia":[{"embeddable":true,"href":"https:\/\/www.moensmeubelen.be\/fr\/wp-json\/wp\/v2\/media\/943044"}],"wp:attachment":[{"href":"https:\/\/www.moensmeubelen.be\/fr\/wp-json\/wp\/v2\/media?parent=805166"}],"wp:term":[{"taxonomy":"product_brand","embeddable":true,"href":"https:\/\/www.moensmeubelen.be\/fr\/wp-json\/wp\/v2\/product_brand?post=805166"},{"taxonomy":"product_cat","embeddable":true,"href":"https:\/\/www.moensmeubelen.be\/fr\/wp-json\/wp\/v2\/product_cat?post=805166"},{"taxonomy":"product_tag","embeddable":true,"href":"https:\/\/www.moensmeubelen.be\/fr\/wp-json\/wp\/v2\/product_tag?post=805166"}],"curies":[{"name":"wp","href":"https:\/\/api.w.org\/{rel}","templated":true}]}}

<p>Découvrez notre programme de salle à manger Jura, de fabrication belge en chêne massif. Le bois est brossé pour mieux faire ressortir la structure du bois. Ce meuble TV est le plus petit et dispose de 2 portes en bois.</p>
