{"id":805178,"date":"2026-04-16T00:00:00","date_gmt":"2026-04-16T00:00:00","guid":{"rendered":"https:\/\/www.moensmeubelen.be\/product\/thns-1248463-fr_be\/"},"modified":"2026-04-16T14:05:52","modified_gmt":"2026-04-16T12:05:52","slug":"THNS-1248463-fr_BE","status":"publish","type":"product","link":"https:\/\/www.moensmeubelen.be\/fr\/produit\/THNS-1248463-fr_BE\/","title":{"rendered":"Vitrine MODENA IMPRESSIE WWM BRUSHED"},"content":{"rendered":"<p>Theuns Modena : Style Moderne en Ch\u00eane Bross\u00e9<\/p>\n<p>D\u00e9couvrez la Theuns Modena, le choix parfait pour ceux qui savent ce qu\\&#8217;ils veulent. Ce style moderne en ch\u00eane bross\u00e9 offre une combinaison unique d\\&#8217;\u00e9l\u00e9gance et de fonctionnalit\u00e9, en faisant un ajout polyvalent \u00e0 tout int\u00e9rieur. Que vous recherchiez un design \u00e9pur\u00e9 et minimaliste ou quelque chose avec un peu plus de caract\u00e8re, la collection Modena peut r\u00e9pondre \u00e0 tous vos souhaits.<\/p>\n<p>Ce qui distingue vraiment la Modena, ce sont ses pi\u00e8tements personnalisables. Vous avez le choix entre un pi\u00e8tement **noir** ou en **aluminium**, vous permettant d\\&#8217;ajuster compl\u00e8tement votre meuble selon vos go\u00fbts et votre style. Cela rend la Modena parfaite pour les int\u00e9rieurs modernes comme pour les plus traditionnels, garantissant que ce meuble s\u2019int\u00e8gre harmonieusement dans votre espace de vie.<\/p>\n<p>Avec la Theuns Modena, vous n\\&#8217;apportez pas seulement un meuble magnifique chez vous, mais \u00e9galement une pi\u00e8ce ma\u00eetresse qui transformera l\\&#8217;apparence de votre pi\u00e8ce. N\\&#8217;oubliez pas de visiter notre showroom ou notre site web pour en savoir plus sur cette impressionnante collection. Faites de votre maison un lieu \u00e0 la fois \u00e9l\u00e9gant et fonctionnel avec la Theuns Modena !<\/p>\n","protected":false},"excerpt":{"rendered":"<p>Theuns Modena : Style Moderne en Ch\u00eane Bross\u00e9<\/p>\n<p>D\u00e9couvrez la Theuns Modena, le choix parfait pour ceux qui savent ce qu\\&#8217;ils veulent. Ce style moderne en ch\u00eane bross\u00e9 offre une combinaison unique d\\&#8217;\u00e9l\u00e9gance et de fonctionnalit\u00e9, en faisant un ajout polyvalent \u00e0 tout int\u00e9rieur. Que vous recherchiez un design \u00e9pur\u00e9 et minimaliste ou quelque chose avec un peu plus de caract\u00e8re, la collection Modena peut r\u00e9pondre \u00e0 tous vos souhaits.<\/p>\n<p>Ce qui distingue vraiment la Modena, ce sont ses pi\u00e8tements personnalisables. Vous avez le choix entre un pi\u00e8tement **noir** ou en **aluminium**, vous permettant d\\&#8217;ajuster compl\u00e8tement votre meuble selon vos go\u00fbts et votre style. Cela rend la Modena parfaite pour les int\u00e9rieurs modernes comme pour les plus traditionnels, garantissant que ce meuble s\u2019int\u00e8gre harmonieusement dans votre espace de vie.<\/p>\n<p>Avec la Theuns Modena, vous n\\&#8217;apportez pas seulement un meuble magnifique chez vous, mais \u00e9galement une pi\u00e8ce ma\u00eetresse qui transformera l\\&#8217;apparence de votre pi\u00e8ce. N\\&#8217;oubliez pas de visiter notre showroom ou notre site web pour en savoir plus sur cette impressionnante collection. Faites de votre maison un lieu \u00e0 la fois \u00e9l\u00e9gant et fonctionnel avec la Theuns Modena !<\/p>\n","protected":false},"featured_media":186450,"comment_status":"open","ping_status":"open","template":"","meta":{"_relevanssi_hide_post":"","_relevanssi_hide_content":"","_relevanssi_pin_for_all":"","_relevanssi_pin_keywords":"","_relevanssi_unpin_keywords":"","_relevanssi_related_keywords":"","_relevanssi_related_include_ids":"","_relevanssi_related_exclude_ids":"","_relevanssi_related_no_append":"","_relevanssi_related_not_related":"","_relevanssi_related_posts":"","_relevanssi_noindex_reason":""},"product_brand":[],"product_cat":[1378],"product_tag":[],"class_list":["post-805178","product","type-product","status-publish","has-post-thumbnail","product_cat-vitrinekasten_fr_BE","first","onbackorder","taxable","shipping-taxable","purchasable","product-type-simple"],"_links":{"self":[{"href":"https:\/\/www.moensmeubelen.be\/fr\/wp-json\/wp\/v2\/product\/805178","targetHints":{"allow":["GET"]}}],"collection":[{"href":"https:\/\/www.moensmeubelen.be\/fr\/wp-json\/wp\/v2\/product"}],"about":[{"href":"https:\/\/www.moensmeubelen.be\/fr\/wp-json\/wp\/v2\/types\/product"}],"replies":[{"embeddable":true,"href":"https:\/\/www.moensmeubelen.be\/fr\/wp-json\/wp\/v2\/comments?post=805178"}],"wp:featuredmedia":[{"embeddable":true,"href":"https:\/\/www.moensmeubelen.be\/fr\/wp-json\/wp\/v2\/media\/186450"}],"wp:attachment":[{"href":"https:\/\/www.moensmeubelen.be\/fr\/wp-json\/wp\/v2\/media?parent=805178"}],"wp:term":[{"taxonomy":"product_brand","embeddable":true,"href":"https:\/\/www.moensmeubelen.be\/fr\/wp-json\/wp\/v2\/product_brand?post=805178"},{"taxonomy":"product_cat","embeddable":true,"href":"https:\/\/www.moensmeubelen.be\/fr\/wp-json\/wp\/v2\/product_cat?post=805178"},{"taxonomy":"product_tag","embeddable":true,"href":"https:\/\/www.moensmeubelen.be\/fr\/wp-json\/wp\/v2\/product_tag?post=805178"}],"curies":[{"name":"wp","href":"https:\/\/api.w.org\/{rel}","templated":true}]}}

<p>Theuns Modena : Style Moderne en Chêne Brossé</p>
<p>Découvrez la Theuns Modena, le choix parfait pour ceux qui savent ce qu\&#8217;ils veulent. Ce style moderne en chêne brossé offre une combinaison unique d\&#8217;élégance et de fonctionnalité, en faisant un ajout polyvalent à tout intérieur. Que vous recherchiez un design épuré et minimaliste ou quelque chose avec un peu plus de caractère, la collection Modena peut répondre à tous vos souhaits.</p>
<p>Ce qui distingue vraiment la Modena, ce sont ses piètements personnalisables. Vous avez le choix entre un piètement **noir** ou en **aluminium**, vous permettant d\&#8217;ajuster complètement votre meuble selon vos goûts et votre style. Cela rend la Modena parfaite pour les intérieurs modernes comme pour les plus traditionnels, garantissant que ce meuble s’intègre harmonieusement dans votre espace de vie.</p>
<p>Avec la Theuns Modena, vous n\&#8217;apportez pas seulement un meuble magnifique chez vous, mais également une pièce maîtresse qui transformera l\&#8217;apparence de votre pièce. N\&#8217;oubliez pas de visiter notre showroom ou notre site web pour en savoir plus sur cette impressionnante collection. Faites de votre maison un lieu à la fois élégant et fonctionnel avec la Theuns Modena !</p>
