{"id":805212,"date":"2026-04-16T00:00:00","date_gmt":"2026-04-16T00:00:00","guid":{"rendered":"https:\/\/www.moensmeubelen.be\/product\/thseberg2-fr_be\/"},"modified":"2026-04-16T14:07:21","modified_gmt":"2026-04-16T12:07:21","slug":"THSEBERG2-fr_BE","status":"publish","type":"product","link":"https:\/\/www.moensmeubelen.be\/fr\/produit\/THSEBERG2-fr_BE\/","title":{"rendered":"Armoire Sento 2 portes &#8211; BERG2"},"content":{"rendered":"<p>Armoire Sento 2 portes &#8211; BERG2<br \/>\nD\u00e9couvrez le raffinement intemporel de l\\&#8217;armoire Sento avec 2 portes, fabriqu\u00e9e en ch\u00eane massif. Agr\u00e9ment\u00e9e de poign\u00e9es uniques pour une touche \u00e9l\u00e9gante et de pieds ronds pour un look contemporain. Cr\u00e9ez un am\u00e9nagement complet en combinant l\\&#8217;armoire avec la table et\/ou le buffet assortis de la gamme Sento. Ou placez 2 armoires c\u00f4te \u00e0 c\u00f4te pour un ensemble; non seulement c\\&#8217;est beau \u00e0 voir, mais cela offre aussi beaucoup d\\&#8217;espace de rangement.<\/p>\n","protected":false},"excerpt":{"rendered":"<p>D\u00e9couvrez le raffinement intemporel de l\\&#8217;armoire Sento avec 2 portes, fabriqu\u00e9e en ch\u00eane massif. Agr\u00e9ment\u00e9e de poign\u00e9es uniques pour une touche \u00e9l\u00e9gante et de pieds ronds pour un look contemporain. Cr\u00e9ez un am\u00e9nagement complet en combinant l\\&#8217;armoire avec la table et\/ou le buffet assortis de la gamme Sento. Ou placez 2 armoires c\u00f4te \u00e0 c\u00f4te pour un ensemble; non seulement c\\&#8217;est beau \u00e0 voir, mais cela offre aussi beaucoup d\\&#8217;espace de rangement.<\/p>\n","protected":false},"featured_media":943050,"comment_status":"open","ping_status":"open","template":"","meta":{"_relevanssi_hide_post":"","_relevanssi_hide_content":"","_relevanssi_pin_for_all":"","_relevanssi_pin_keywords":"","_relevanssi_unpin_keywords":"","_relevanssi_related_keywords":"","_relevanssi_related_include_ids":"","_relevanssi_related_exclude_ids":"","_relevanssi_related_no_append":"","_relevanssi_related_not_related":"","_relevanssi_related_posts":"","_relevanssi_noindex_reason":""},"product_brand":[],"product_cat":[1379],"product_tag":[],"class_list":["post-805212","product","type-product","status-publish","has-post-thumbnail","product_cat-barkasten_fr_BE","first","onbackorder","taxable","shipping-taxable","purchasable","product-type-simple"],"_links":{"self":[{"href":"https:\/\/www.moensmeubelen.be\/fr\/wp-json\/wp\/v2\/product\/805212","targetHints":{"allow":["GET"]}}],"collection":[{"href":"https:\/\/www.moensmeubelen.be\/fr\/wp-json\/wp\/v2\/product"}],"about":[{"href":"https:\/\/www.moensmeubelen.be\/fr\/wp-json\/wp\/v2\/types\/product"}],"replies":[{"embeddable":true,"href":"https:\/\/www.moensmeubelen.be\/fr\/wp-json\/wp\/v2\/comments?post=805212"}],"wp:featuredmedia":[{"embeddable":true,"href":"https:\/\/www.moensmeubelen.be\/fr\/wp-json\/wp\/v2\/media\/943050"}],"wp:attachment":[{"href":"https:\/\/www.moensmeubelen.be\/fr\/wp-json\/wp\/v2\/media?parent=805212"}],"wp:term":[{"taxonomy":"product_brand","embeddable":true,"href":"https:\/\/www.moensmeubelen.be\/fr\/wp-json\/wp\/v2\/product_brand?post=805212"},{"taxonomy":"product_cat","embeddable":true,"href":"https:\/\/www.moensmeubelen.be\/fr\/wp-json\/wp\/v2\/product_cat?post=805212"},{"taxonomy":"product_tag","embeddable":true,"href":"https:\/\/www.moensmeubelen.be\/fr\/wp-json\/wp\/v2\/product_tag?post=805212"}],"curies":[{"name":"wp","href":"https:\/\/api.w.org\/{rel}","templated":true}]}}

<p>Armoire Sento 2 portes &#8211; BERG2<br />
Découvrez le raffinement intemporel de l\&#8217;armoire Sento avec 2 portes, fabriquée en chêne massif. Agrémentée de poignées uniques pour une touche élégante et de pieds ronds pour un look contemporain. Créez un aménagement complet en combinant l\&#8217;armoire avec la table et/ou le buffet assortis de la gamme Sento. Ou placez 2 armoires côte à côte pour un ensemble; non seulement c\&#8217;est beau à voir, mais cela offre aussi beaucoup d\&#8217;espace de rangement.</p>

<p>Découvrez le raffinement intemporel de l\&#8217;armoire Sento avec 2 portes, fabriquée en chêne massif. Agrémentée de poignées uniques pour une touche élégante et de pieds ronds pour un look contemporain. Créez un aménagement complet en combinant l\&#8217;armoire avec la table et/ou le buffet assortis de la gamme Sento. Ou placez 2 armoires côte à côte pour un ensemble; non seulement c\&#8217;est beau à voir, mais cela offre aussi beaucoup d\&#8217;espace de rangement.</p>
