{"id":815510,"date":"2026-06-28T00:00:00","date_gmt":"2026-06-28T00:00:00","guid":{"rendered":"https:\/\/www.moensmeubelen.be\/product\/31185001-fr_be\/"},"modified":"2026-06-28T20:18:20","modified_gmt":"2026-06-28T18:18:20","slug":"31185001-fr_BE","status":"publish","type":"product","link":"https:\/\/www.moensmeubelen.be\/fr\/produit\/31185001-fr_BE\/","title":{"rendered":"Jane, Coussin bras uneversel 60x60cm"},"content":{"rendered":"<p>Gr\u00e2ce \u00e0 son grand format de 60&#215;60\u00a0cm, le coussin JANE ne passe pas inaper\u00e7u, sans \u00eatre trop voyant pour autant. Sa couleur et son look naturels apportent \u00e0 JANE un c\u00f4t\u00e9 intemporel et polyvalent ; il convient aussi bien aux int\u00e9rieurs modernes que classiques. En outre, vous pouvez enti\u00e8rement personnaliser ce coussin\u00a0: faites votre choix parmi toutes les sortes de tissu et tous les coloris pour qu\\&#8217;il s\\&#8217;adapte parfaitement \u00e0 votre int\u00e9rieur. JANE est la version plus grande de l\\&#8217;accoudoir universel de 45&#215;45 cm. Il apporte volume et confort suppl\u00e9mentaire. Combinez-le avec d\\&#8217;autres coussins dans des teintes douces ou des couleurs contrast\u00e9es pour cr\u00e9er un ensemble personnalis\u00e9 et plein de style.<\/p>\n","protected":false},"excerpt":{"rendered":"<p>Jane, Coussin bras uneversel 60x60cm<\/p>\n","protected":false},"featured_media":1000432,"comment_status":"open","ping_status":"open","template":"","meta":{"_relevanssi_hide_post":"","_relevanssi_hide_content":"","_relevanssi_pin_for_all":"","_relevanssi_pin_keywords":"","_relevanssi_unpin_keywords":"","_relevanssi_related_keywords":"","_relevanssi_related_include_ids":"","_relevanssi_related_exclude_ids":"","_relevanssi_related_no_append":"","_relevanssi_related_not_related":"","_relevanssi_related_posts":"","_relevanssi_noindex_reason":""},"product_brand":[],"product_cat":[24113],"product_tag":[],"class_list":["post-815510","product","type-product","status-publish","has-post-thumbnail","product_cat-Kussens_fr_BE","first","onbackorder","taxable","shipping-taxable","purchasable","product-type-simple"],"_links":{"self":[{"href":"https:\/\/www.moensmeubelen.be\/fr\/wp-json\/wp\/v2\/product\/815510","targetHints":{"allow":["GET"]}}],"collection":[{"href":"https:\/\/www.moensmeubelen.be\/fr\/wp-json\/wp\/v2\/product"}],"about":[{"href":"https:\/\/www.moensmeubelen.be\/fr\/wp-json\/wp\/v2\/types\/product"}],"replies":[{"embeddable":true,"href":"https:\/\/www.moensmeubelen.be\/fr\/wp-json\/wp\/v2\/comments?post=815510"}],"wp:featuredmedia":[{"embeddable":true,"href":"https:\/\/www.moensmeubelen.be\/fr\/wp-json\/wp\/v2\/media\/1000432"}],"wp:attachment":[{"href":"https:\/\/www.moensmeubelen.be\/fr\/wp-json\/wp\/v2\/media?parent=815510"}],"wp:term":[{"taxonomy":"product_brand","embeddable":true,"href":"https:\/\/www.moensmeubelen.be\/fr\/wp-json\/wp\/v2\/product_brand?post=815510"},{"taxonomy":"product_cat","embeddable":true,"href":"https:\/\/www.moensmeubelen.be\/fr\/wp-json\/wp\/v2\/product_cat?post=815510"},{"taxonomy":"product_tag","embeddable":true,"href":"https:\/\/www.moensmeubelen.be\/fr\/wp-json\/wp\/v2\/product_tag?post=815510"}],"curies":[{"name":"wp","href":"https:\/\/api.w.org\/{rel}","templated":true}]}}

<p>Grâce à son grand format de 60&#215;60 cm, le coussin JANE ne passe pas inaperçu, sans être trop voyant pour autant. Sa couleur et son look naturels apportent à JANE un côté intemporel et polyvalent ; il convient aussi bien aux intérieurs modernes que classiques. En outre, vous pouvez entièrement personnaliser ce coussin : faites votre choix parmi toutes les sortes de tissu et tous les coloris pour qu\&#8217;il s\&#8217;adapte parfaitement à votre intérieur. JANE est la version plus grande de l\&#8217;accoudoir universel de 45&#215;45 cm. Il apporte volume et confort supplémentaire. Combinez-le avec d\&#8217;autres coussins dans des teintes douces ou des couleurs contrastées pour créer un ensemble personnalisé et plein de style.</p>
