{"id":815781,"date":"2026-06-28T00:00:00","date_gmt":"2026-06-28T00:00:00","guid":{"rendered":"https:\/\/www.moensmeubelen.be\/product\/53111cre-fr_be\/"},"modified":"2026-06-28T22:50:18","modified_gmt":"2026-06-28T20:50:18","slug":"53111CRE-fr_BE","status":"publish","type":"product","link":"https:\/\/www.moensmeubelen.be\/fr\/produit\/53111CRE-fr_BE\/","title":{"rendered":"Snow plaid 130x170cm &#8211; Blanc"},"content":{"rendered":"<p>D\u00e9couvrez le plaid Snow de <strong>COCO<\/strong>maison, un compl\u00e9ment parfait pour votre int\u00e9rieur pendant les mois les plus froids. Ce plaid de couleur cr\u00e8me, de dimensions 130 x 170 cm, est fabriqu\u00e9 en tissu boucl\u00e9 de haute qualit\u00e9 qui est non seulement doux au toucher, mais qui a \u00e9galement une apparence luxueuse. Le plaid Snow est bien \u00e9pais et chaud, id\u00e9al pour vous envelopper lors d\\&#8217;une soir\u00e9e froide ou pour \u00eatre \u00e9l\u00e9gamment drap\u00e9 sur votre canap\u00e9 ou fauteuil. Pour un look harmonieux, un coussin assorti est \u00e9galement disponible. Ajoutez une touche de chaleur et de style \u00e0 votre int\u00e9rieur avec le plaid Snow de <strong>COCO<\/strong>maison et profitez de l\\&#8217;ambiance conviviale qu\\&#8217;il cr\u00e9e.<\/p>\n","protected":false},"excerpt":{"rendered":"<p>Snow plaid 130x170cm &#8211; Blanc<\/p>\n","protected":false},"featured_media":1007538,"comment_status":"open","ping_status":"open","template":"","meta":{"_relevanssi_hide_post":"","_relevanssi_hide_content":"","_relevanssi_pin_for_all":"","_relevanssi_pin_keywords":"","_relevanssi_unpin_keywords":"","_relevanssi_related_keywords":"","_relevanssi_related_include_ids":"","_relevanssi_related_exclude_ids":"","_relevanssi_related_no_append":"","_relevanssi_related_not_related":"","_relevanssi_related_posts":"","_relevanssi_noindex_reason":""},"product_brand":[],"product_cat":[24115],"product_tag":[],"class_list":["post-815781","product","type-product","status-publish","has-post-thumbnail","product_cat-Plaid_fr_BE","first","onbackorder","taxable","shipping-taxable","purchasable","product-type-simple"],"_links":{"self":[{"href":"https:\/\/www.moensmeubelen.be\/fr\/wp-json\/wp\/v2\/product\/815781","targetHints":{"allow":["GET"]}}],"collection":[{"href":"https:\/\/www.moensmeubelen.be\/fr\/wp-json\/wp\/v2\/product"}],"about":[{"href":"https:\/\/www.moensmeubelen.be\/fr\/wp-json\/wp\/v2\/types\/product"}],"replies":[{"embeddable":true,"href":"https:\/\/www.moensmeubelen.be\/fr\/wp-json\/wp\/v2\/comments?post=815781"}],"wp:featuredmedia":[{"embeddable":true,"href":"https:\/\/www.moensmeubelen.be\/fr\/wp-json\/wp\/v2\/media\/1007538"}],"wp:attachment":[{"href":"https:\/\/www.moensmeubelen.be\/fr\/wp-json\/wp\/v2\/media?parent=815781"}],"wp:term":[{"taxonomy":"product_brand","embeddable":true,"href":"https:\/\/www.moensmeubelen.be\/fr\/wp-json\/wp\/v2\/product_brand?post=815781"},{"taxonomy":"product_cat","embeddable":true,"href":"https:\/\/www.moensmeubelen.be\/fr\/wp-json\/wp\/v2\/product_cat?post=815781"},{"taxonomy":"product_tag","embeddable":true,"href":"https:\/\/www.moensmeubelen.be\/fr\/wp-json\/wp\/v2\/product_tag?post=815781"}],"curies":[{"name":"wp","href":"https:\/\/api.w.org\/{rel}","templated":true}]}}

<p>Découvrez le plaid Snow de <strong>COCO</strong>maison, un complément parfait pour votre intérieur pendant les mois les plus froids. Ce plaid de couleur crème, de dimensions 130 x 170 cm, est fabriqué en tissu bouclé de haute qualité qui est non seulement doux au toucher, mais qui a également une apparence luxueuse. Le plaid Snow est bien épais et chaud, idéal pour vous envelopper lors d\&#8217;une soirée froide ou pour être élégamment drapé sur votre canapé ou fauteuil. Pour un look harmonieux, un coussin assorti est également disponible. Ajoutez une touche de chaleur et de style à votre intérieur avec le plaid Snow de <strong>COCO</strong>maison et profitez de l\&#8217;ambiance conviviale qu\&#8217;il crée.</p>
