{"id":815863,"date":"2026-06-28T00:00:00","date_gmt":"2026-06-28T00:00:00","guid":{"rendered":""},"modified":"2026-06-28T22:55:54","modified_gmt":"2026-06-28T20:55:54","slug":"53189MCL-fr_BE","status":"publish","type":"product","link":"https:\/\/www.moensmeubelen.be\/fr\/produit\/53189MCL-fr_BE\/","title":{"rendered":"Jacob vase H25cm &#8211; Multicouleur"},"content":{"rendered":"<p>Ajoutez une touche d\\&#8217;\u00e9l\u00e9gance classique \u00e0 votre int\u00e9rieur avec le vase Jacob de <strong>COCO<\/strong>maison. Ce magnifique vase mesure 25 cm de haut et est fabriqu\u00e9 en c\u00e9ramique. Le vase Jacob a une finition mate beige raffin\u00e9e avec des lignes grav\u00e9es qui ajoutent une texture subtile. Le vase est blanc avec des accents bordeaux, ce qui lui donne une apparence \u00e9l\u00e9gante et intemporelle. Gr\u00e2ce \u00e0 sa forme classique, le vase Jacob est un v\u00e9ritable accroche-regard, avec ou sans bouquet de fleurs. Combinez le vase Jacob avec le chandelier assorti de <strong>COCO<\/strong>maison pour un ensemble harmonieux et \u00e9l\u00e9gant.<\/p>\n","protected":false},"excerpt":{"rendered":"<p>Jacob vase H25cm &#8211; Multicouleur<\/p>\n","protected":false},"featured_media":1007802,"comment_status":"open","ping_status":"open","template":"","meta":{"_relevanssi_hide_post":"","_relevanssi_hide_content":"","_relevanssi_pin_for_all":"","_relevanssi_pin_keywords":"","_relevanssi_unpin_keywords":"","_relevanssi_related_keywords":"","_relevanssi_related_include_ids":"","_relevanssi_related_exclude_ids":"","_relevanssi_related_no_append":"","_relevanssi_related_not_related":"","_relevanssi_related_posts":"","_relevanssi_noindex_reason":""},"product_brand":[],"product_cat":[1990],"product_tag":[],"class_list":["post-815863","product","type-product","status-publish","has-post-thumbnail","product_cat-vazen_fr_BE","first","onbackorder","taxable","shipping-taxable","purchasable","product-type-simple"],"_links":{"self":[{"href":"https:\/\/www.moensmeubelen.be\/fr\/wp-json\/wp\/v2\/product\/815863","targetHints":{"allow":["GET"]}}],"collection":[{"href":"https:\/\/www.moensmeubelen.be\/fr\/wp-json\/wp\/v2\/product"}],"about":[{"href":"https:\/\/www.moensmeubelen.be\/fr\/wp-json\/wp\/v2\/types\/product"}],"replies":[{"embeddable":true,"href":"https:\/\/www.moensmeubelen.be\/fr\/wp-json\/wp\/v2\/comments?post=815863"}],"wp:featuredmedia":[{"embeddable":true,"href":"https:\/\/www.moensmeubelen.be\/fr\/wp-json\/wp\/v2\/media\/1007802"}],"wp:attachment":[{"href":"https:\/\/www.moensmeubelen.be\/fr\/wp-json\/wp\/v2\/media?parent=815863"}],"wp:term":[{"taxonomy":"product_brand","embeddable":true,"href":"https:\/\/www.moensmeubelen.be\/fr\/wp-json\/wp\/v2\/product_brand?post=815863"},{"taxonomy":"product_cat","embeddable":true,"href":"https:\/\/www.moensmeubelen.be\/fr\/wp-json\/wp\/v2\/product_cat?post=815863"},{"taxonomy":"product_tag","embeddable":true,"href":"https:\/\/www.moensmeubelen.be\/fr\/wp-json\/wp\/v2\/product_tag?post=815863"}],"curies":[{"name":"wp","href":"https:\/\/api.w.org\/{rel}","templated":true}]}}

<p>Ajoutez une touche d\&#8217;élégance classique à votre intérieur avec le vase Jacob de <strong>COCO</strong>maison. Ce magnifique vase mesure 25 cm de haut et est fabriqué en céramique. Le vase Jacob a une finition mate beige raffinée avec des lignes gravées qui ajoutent une texture subtile. Le vase est blanc avec des accents bordeaux, ce qui lui donne une apparence élégante et intemporelle. Grâce à sa forme classique, le vase Jacob est un véritable accroche-regard, avec ou sans bouquet de fleurs. Combinez le vase Jacob avec le chandelier assorti de <strong>COCO</strong>maison pour un ensemble harmonieux et élégant.</p>
